129.222.205.166 - - [13/May/2025:05:35:00 -0400] "GET /css/main.css HTTP/1.1" 200 241 "-" "Mozilla/5.0 (Linux; Android 10; K) AppleWebKit/537.36 (KHTML, like Gecko) Chrome/135.0.0.0 Safari/537.36"
129.222.205.166 - - [13/May/2025:05:35:00 -0400] "GET /images/logo.png HTTP/1.1" 200 133934 "https://bofirm.com/" "Mozilla/5.0 (Linux; Android 10; K) AppleWebKit/537.36 (KHTML, like Gecko) Chrome/135.0.0.0 Safari/537.36"
129.222.205.166 - - [13/May/2025:05:35:00 -0400] "GET /images/service_img.png HTTP/1.1" 200 14299 "https://bofirm.com/" "Mozilla/5.0 (Linux; Android 10; K) AppleWebKit/537.36 (KHTML, like Gecko) Chrome/135.0.0.0 Safari/537.36"
129.222.205.166 - - [13/May/2025:05:35:00 -0400] "GET /images/counter_img.png HTTP/1.1" 200 146226 "https://bofirm.com/" "Mozilla/5.0 (Linux; Android 10; K) AppleWebKit/537.36 (KHTML, like Gecko) Chrome/135.0.0.0 Safari/537.36"
129.222.205.166 - - [13/May/2025:05:35:00 -0400] "GET /images/work_img-1.jpg HTTP/1.1" 200 182968 "https://bofirm.com/" "Mozilla/5.0 (Linux; Android 10; K) AppleWebKit/537.36 (KHTML, like Gecko) Chrome/135.0.0.0 Safari/537.36"
129.222.205.166 - - [13/May/2025:05:35:00 -0400] "GET /images/banner_img.jpg HTTP/1.1" 200 830899 "https://bofirm.com/" "Mozilla/5.0 (Linux; Android 10; K) AppleWebKit/537.36 (KHTML, like Gecko) Chrome/135.0.0.0 Safari/537.36"
129.222.205.166 - - [13/May/2025:05:35:01 -0400] "GET /css/slick.css HTTP/1.1" 200 493 "https://bofirm.com/css/main.css" "Mozilla/5.0 (Linux; Android 10; K) AppleWebKit/537.36 (KHTML, like Gecko) Chrome/135.0.0.0 Safari/537.36"
129.222.205.166 - - [13/May/2025:05:35:01 -0400] "GET /css/font-awesome.css HTTP/1.1" 200 75121 "https://bofirm.com/css/main.css" "Mozilla/5.0 (Linux; Android 10; K) AppleWebKit/537.36 (KHTML, like Gecko) Chrome/135.0.0.0 Safari/537.36"
129.222.205.166 - - [13/May/2025:05:35:01 -0400] "GET /css/contis-icon.css HTTP/1.1" 200 602 "https://bofirm.com/css/main.css" "Mozilla/5.0 (Linux; Android 10; K) AppleWebKit/537.36 (KHTML, like Gecko) Chrome/135.0.0.0 Safari/537.36"
129.222.205.166 - - [13/May/2025:05:35:01 -0400] "GET /css/spacing.css HTTP/1.1" 200 5346 "https://bofirm.com/css/main.css" "Mozilla/5.0 (Linux; Android 10; K) AppleWebKit/537.36 (KHTML, like Gecko) Chrome/135.0.0.0 Safari/537.36"
129.222.205.166 - - [13/May/2025:05:35:01 -0400] "GET /css/nice-select.css HTTP/1.1" 200 879 "https://bofirm.com/css/main.css" "Mozilla/5.0 (Linux; Android 10; K) AppleWebKit/537.36 (KHTML, like Gecko) Chrome/135.0.0.0 Safari/537.36"
129.222.205.166 - - [13/May/2025:05:35:01 -0400] "GET /css/bootstrap.min.css HTTP/1.1" 200 19947 "https://bofirm.com/css/main.css" "Mozilla/5.0 (Linux; Android 10; K) AppleWebKit/537.36 (KHTML, like Gecko) Chrome/135.0.0.0 Safari/537.36"
129.222.205.166 - - [13/May/2025:05:35:01 -0400] "GET /css/style.css HTTP/1.1" 200 6445 "https://bofirm.com/css/main.css" "Mozilla/5.0 (Linux; Android 10; K) AppleWebKit/537.36 (KHTML, like Gecko) Chrome/135.0.0.0 Safari/537.36"
129.222.205.166 - - [13/May/2025:05:35:01 -0400] "GET /css/magnific-popup.css HTTP/1.1" 200 1657 "https://bofirm.com/css/main.css" "Mozilla/5.0 (Linux; Android 10; K) AppleWebKit/537.36 (KHTML, like Gecko) Chrome/135.0.0.0 Safari/537.36"
129.222.205.166 - - [13/May/2025:05:35:01 -0400] "GET /css/responsive.css HTTP/1.1" 200 2300 "https://bofirm.com/css/main.css" "Mozilla/5.0 (Linux; Android 10; K) AppleWebKit/537.36 (KHTML, like Gecko) Chrome/135.0.0.0 Safari/537.36"
129.222.205.166 - - [13/May/2025:05:35:03 -0400] "GET /images/subscraib_img.png HTTP/1.1" 200 62976 "https://bofirm.com/" "Mozilla/5.0 (Linux; Android 10; K) AppleWebKit/537.36 (KHTML, like Gecko) Chrome/135.0.0.0 Safari/537.36"
129.222.205.166 - - [13/May/2025:05:35:03 -0400] "GET /js/main.js HTTP/1.1" 200 615 "https://bofirm.com/" "Mozilla/5.0 (Linux; Android 10; K) AppleWebKit/537.36 (KHTML, like Gecko) Chrome/135.0.0.0 Safari/537.36"
129.222.205.166 - - [13/May/2025:05:35:03 -0400] "GET /images/creator_img-1.jpg HTTP/1.1" 200 217217 "https://bofirm.com/" "Mozilla/5.0 (Linux; Android 10; K) AppleWebKit/537.36 (KHTML, like Gecko) Chrome/135.0.0.0 Safari/537.36"
129.222.205.166 - - [13/May/2025:05:35:03 -0400] "GET /images/creator_img-30.jpg HTTP/1.1" 200 193243 "https://bofirm.com/" "Mozilla/5.0 (Linux; Android 10; K) AppleWebKit/537.36 (KHTML, like Gecko) Chrome/135.0.0.0 Safari/537.36"
129.222.205.166 - - [13/May/2025:05:35:04 -0400] "GET /images/testimonial_img.jpg HTTP/1.1" 200 244548 "https://bofirm.com/" "Mozilla/5.0 (Linux; Android 10; K) AppleWebKit/537.36 (KHTML, like Gecko) Chrome/135.0.0.0 Safari/537.36"
129.222.205.166 - - [13/May/2025:05:35:04 -0400] "GET /fonts/contis-Icon16c9.ttf?n2py4q HTTP/1.1" 200 6972 "https://bofirm.com/css/contis-icon.css" "Mozilla/5.0 (Linux; Android 10; K) AppleWebKit/537.36 (KHTML, like Gecko) Chrome/135.0.0.0 Safari/537.36"
129.222.205.166 - - [13/May/2025:05:35:04 -0400] "GET /fonts/fa-brands-400.woff2 HTTP/1.1" 200 104740 "https://bofirm.com/css/font-awesome.css" "Mozilla/5.0 (Linux; Android 10; K) AppleWebKit/537.36 (KHTML, like Gecko) Chrome/135.0.0.0 Safari/537.36"
129.222.205.166 - - [13/May/2025:05:35:04 -0400] "GET /images/creator_img-2.jpg HTTP/1.1" 200 308592 "https://bofirm.com/" "Mozilla/5.0 (Linux; Android 10; K) AppleWebKit/537.36 (KHTML, like Gecko) Chrome/135.0.0.0 Safari/537.36"
129.222.205.166 - - [13/May/2025:05:35:04 -0400] "GET /images/cyber-security-left-img.png HTTP/1.1" 200 303088 "https://bofirm.com/" "Mozilla/5.0 (Linux; Android 10; K) AppleWebKit/537.36 (KHTML, like Gecko) Chrome/135.0.0.0 Safari/537.36"
129.222.205.166 - - [13/May/2025:05:35:04 -0400] "GET /images/banner_shape_3.png HTTP/1.1" 200 380501 "https://bofirm.com/css/style.css" "Mozilla/5.0 (Linux; Android 10; K) AppleWebKit/537.36 (KHTML, like Gecko) Chrome/135.0.0.0 Safari/537.36"
129.222.205.166 - - [13/May/2025:05:35:04 -0400] "GET /fonts/fa-regular-400.woff2 HTTP/1.1" 200 357732 "https://bofirm.com/css/font-awesome.css" "Mozilla/5.0 (Linux; Android 10; K) AppleWebKit/537.36 (KHTML, like Gecko) Chrome/135.0.0.0 Safari/537.36"
129.222.205.166 - - [13/May/2025:05:35:04 -0400] "GET /fonts/fa-solid-900.woff2 HTTP/1.1" 200 303544 "https://bofirm.com/css/font-awesome.css" "Mozilla/5.0 (Linux; Android 10; K) AppleWebKit/537.36 (KHTML, like Gecko) Chrome/135.0.0.0 Safari/537.36"
129.222.205.166 - - [13/May/2025:05:35:08 -0400] "GET /images/Logo.png HTTP/1.1" 404 1251 "https://bofirm.com/" "Mozilla/5.0 (Linux; Android 10; K) AppleWebKit/537.36 (KHTML, like Gecko) Chrome/135.0.0.0 Safari/537.36"
129.222.205.166 - - [13/May/2025:05:35:09 -0400] "GET /images/service_shape.png HTTP/1.1" 200 3701 "https://bofirm.com/css/style.css" "Mozilla/5.0 (Linux; Android 10; K) AppleWebKit/537.36 (KHTML, like Gecko) Chrome/135.0.0.0 Safari/537.36"
66.249.72.7 - - [13/May/2025:05:23:07 -0400] "GET /acetonuria/134802128.htm HTTP/1.1" 404 1251 "-" "Mozilla/5.0 (Linux; Android 6.0.1; Nexus 5X Build/MMB29P) AppleWebKit/537.36 (KHTML, like Gecko) Chrome/136.0.7103.59 Mobile Safari/537.36 (compatible; Googlebot/2.1; +http://www.google.com/bot.html)"
66.249.72.6 - - [13/May/2025:05:24:07 -0400] "GET /tetragonia/187997709.htm HTTP/1.1" 404 1251 "-" "Mozilla/5.0 (Linux; Android 6.0.1; Nexus 5X Build/MMB29P) AppleWebKit/537.36 (KHTML, like Gecko) Chrome/136.0.7103.59 Mobile Safari/537.36 (compatible; Googlebot/2.1; +http://www.google.com/bot.html)"
66.249.72.6 - - [13/May/2025:05:26:08 -0400] "GET /sailmaking/ky/160214650.htm HTTP/1.1" 404 1251 "-" "Mozilla/5.0 (Linux; Android 6.0.1; Nexus 5X Build/MMB29P) AppleWebKit/537.36 (KHTML, like Gecko) Chrome/136.0.7103.59 Mobile Safari/537.36 (compatible; Googlebot/2.1; +http://www.google.com/bot.html)"
66.249.72.7 - - [13/May/2025:05:28:09 -0400] "GET /concoction/zhz236738137.htm HTTP/1.1" 404 1251 "-" "Mozilla/5.0 (Linux; Android 6.0.1; Nexus 5X Build/MMB29P) AppleWebKit/537.36 (KHTML, like Gecko) Chrome/136.0.7103.59 Mobile Safari/537.36 (compatible; Googlebot/2.1; +http://www.google.com/bot.html)"
113.219.218.197 - - [13/May/2025:05:28:32 -0400] "GET / HTTP/1.1" 200 6715 "http://www.bofirm.com" "Mozilla/5.0 (iPhone; CPU iPhone OS 13_2_3 like Mac OS X) AppleWebKit/605.1.15 (KHTML, like Gecko) Version/13.0.3 Mobile/15E148 Safari/604.1"
66.249.72.6 - - [13/May/2025:05:30:09 -0400] "GET /accented/ws/179302206.htm HTTP/1.1" 404 1251 "-" "Mozilla/5.0 (Linux; Android 6.0.1; Nexus 5X Build/MMB29P) AppleWebKit/537.36 (KHTML, like Gecko) Chrome/136.0.7103.59 Mobile Safari/537.36 (compatible; Googlebot/2.1; +http://www.google.com/bot.html)"
66.249.72.7 - - [13/May/2025:05:32:09 -0400] "GET /mawks8515870.htm HTTP/1.1" 404 1251 "-" "Mozilla/5.0 (Linux; Android 6.0.1; Nexus 5X Build/MMB29P) AppleWebKit/537.36 (KHTML, like Gecko) Chrome/136.0.7103.59 Mobile Safari/537.36 (compatible; Googlebot/2.1; +http://www.google.com/bot.html)"
129.222.205.166 - - [13/May/2025:05:35:09 -0400] "GET /images/team_shape.jpg HTTP/1.1" 200 69890 "https://bofirm.com/css/style.css" "Mozilla/5.0 (Linux; Android 10; K) AppleWebKit/537.36 (KHTML, like Gecko) Chrome/135.0.0.0 Safari/537.36"
129.222.205.166 - - [13/May/2025:05:35:09 -0400] "GET /images/testimonial_shape.png HTTP/1.1" 200 6002 "https://bofirm.com/css/style.css" "Mozilla/5.0 (Linux; Android 10; K) AppleWebKit/537.36 (KHTML, like Gecko) Chrome/135.0.0.0 Safari/537.36"
129.222.205.166 - - [13/May/2025:05:35:09 -0400] "GET /images/work_img-2.jpg HTTP/1.1" 200 437849 "https://bofirm.com/css/style.css" "Mozilla/5.0 (Linux; Android 10; K) AppleWebKit/537.36 (KHTML, like Gecko) Chrome/135.0.0.0 Safari/537.36"
129.222.205.166 - - [13/May/2025:05:35:13 -0400] "GET /images/favicon.jpg HTTP/1.1" 200 9685170 "https://bofirm.com/" "Mozilla/5.0 (Linux; Android 10; K) AppleWebKit/537.36 (KHTML, like Gecko) Chrome/135.0.0.0 Safari/537.36"
66.249.72.6 - - [13/May/2025:05:36:10 -0400] "GET /healer/236687170.htm HTTP/1.1" 404 1251 "-" "Mozilla/5.0 (Linux; Android 6.0.1; Nexus 5X Build/MMB29P) AppleWebKit/537.36 (KHTML, like Gecko) Chrome/136.0.7103.59 Mobile Safari/537.36 (compatible; Googlebot/2.1; +http://www.google.com/bot.html)"
66.249.72.6 - - [13/May/2025:05:38:10 -0400] "GET /vanessian105984453.htm HTTP/1.1" 404 1251 "-" "Mozilla/5.0 (Linux; Android 6.0.1; Nexus 5X Build/MMB29P) AppleWebKit/537.36 (KHTML, like Gecko) Chrome/136.0.7103.59 Mobile Safari/537.36 (compatible; Googlebot/2.1; +http://www.google.com/bot.html)"
66.249.72.8 - - [13/May/2025:05:40:11 -0400] "GET /diminutive236639739.htm HTTP/1.1" 404 1251 "-" "Mozilla/5.0 (Linux; Android 6.0.1; Nexus 5X Build/MMB29P) AppleWebKit/537.36 (KHTML, like Gecko) Chrome/136.0.7103.59 Mobile Safari/537.36 (compatible; Googlebot/2.1; +http://www.google.com/bot.html)"
66.249.72.7 - - [13/May/2025:05:42:11 -0400] "GET /ballyhooing236752404.htm HTTP/1.1" 404 1251 "-" "Mozilla/5.0 (Linux; Android 6.0.1; Nexus 5X Build/MMB29P) AppleWebKit/537.36 (KHTML, like Gecko) Chrome/136.0.7103.59 Mobile Safari/537.36 (compatible; Googlebot/2.1; +http://www.google.com/bot.html)"
66.249.72.8 - - [13/May/2025:05:44:12 -0400] "GET /quandaries105833088.htm HTTP/1.1" 404 1251 "-" "Mozilla/5.0 (Linux; Android 6.0.1; Nexus 5X Build/MMB29P) AppleWebKit/537.36 (KHTML, like Gecko) Chrome/136.0.7103.59 Mobile Safari/537.36 (compatible; Googlebot/2.1; +http://www.google.com/bot.html)"
66.249.72.6 - - [13/May/2025:05:46:12 -0400] "GET /threedecker236711546.htm HTTP/1.1" 404 1251 "-" "Mozilla/5.0 (Linux; Android 6.0.1; Nexus 5X Build/MMB29P) AppleWebKit/537.36 (KHTML, like Gecko) Chrome/136.0.7103.59 Mobile Safari/537.36 (compatible; Googlebot/2.1; +http://www.google.com/bot.html)"
66.249.72.8 - - [13/May/2025:05:48:12 -0400] "GET /luxuriance/ay236659408.htm HTTP/1.1" 404 1251 "-" "Mozilla/5.0 (Linux; Android 6.0.1; Nexus 5X Build/MMB29P) AppleWebKit/537.36 (KHTML, like Gecko) Chrome/136.0.7103.59 Mobile Safari/537.36 (compatible; Googlebot/2.1; +http://www.google.com/bot.html)"
66.249.72.7 - - [13/May/2025:05:49:12 -0400] "GET /strumarium572215588.htm HTTP/1.1" 404 1251 "-" "Mozilla/5.0 (Linux; Android 6.0.1; Nexus 5X Build/MMB29P) AppleWebKit/537.36 (KHTML, like Gecko) Chrome/136.0.7103.59 Mobile Safari/537.36 (compatible; Googlebot/2.1; +http://www.google.com/bot.html)"
89.110.109.74 - - [13/May/2025:05:50:54 -0400] "GET / HTTP/1.1" 200 6715 "-" "Mozilla/5.0 (Macintosh; Intel Mac OS X 10_15_7) AppleWebKit/537.36 (KHTML, like Gecko) Chrome/133.0.0.0 Safari/537.36"
89.110.109.74 - - [13/May/2025:05:50:55 -0400] "GET /contact.html HTTP/1.1" 200 2702 "-" "Mozilla/5.0 (Macintosh; Intel Mac OS X 10_15_7) AppleWebKit/537.36 (KHTML, like Gecko) Chrome/133.0.0.0 Safari/537.36"
89.110.109.74 - - [13/May/2025:05:50:57 -0400] "GET /signup.html HTTP/1.1" 404 1251 "-" "Mozilla/5.0 (Macintosh; Intel Mac OS X 10_15_7) AppleWebKit/537.36 (KHTML, like Gecko) Chrome/133.0.0.0 Safari/537.36"
66.249.72.6 - - [13/May/2025:05:51:13 -0400] "GET /misericorde/414841184.htm HTTP/1.1" 404 1251 "-" "Mozilla/5.0 (Linux; Android 6.0.1; Nexus 5X Build/MMB29P) AppleWebKit/537.36 (KHTML, like Gecko) Chrome/136.0.7103.59 Mobile Safari/537.36 (compatible; Googlebot/2.1; +http://www.google.com/bot.html)"
66.249.72.7 - - [13/May/2025:05:53:13 -0400] "GET /fregatidae/432653088.htm HTTP/1.1" 404 1251 "-" "Mozilla/5.0 (Linux; Android 6.0.1; Nexus 5X Build/MMB29P) AppleWebKit/537.36 (KHTML, like Gecko) Chrome/136.0.7103.59 Mobile Safari/537.36 (compatible; Googlebot/2.1; +http://www.google.com/bot.html)"
66.249.72.8 - - [13/May/2025:05:53:14 -0400] "GET /mustard/47263605.htm HTTP/1.1" 404 1251 "-" "Mozilla/5.0 (Linux; Android 6.0.1; Nexus 5X Build/MMB29P) AppleWebKit/537.36 (KHTML, like Gecko) Chrome/136.0.7103.59 Mobile Safari/537.36 (compatible; Googlebot/2.1; +http://www.google.com/bot.html)"
66.249.72.7 - - [13/May/2025:05:55:14 -0400] "GET /trounce/si375833258.htm HTTP/1.1" 404 1251 "-" "Mozilla/5.0 (Linux; Android 6.0.1; Nexus 5X Build/MMB29P) AppleWebKit/537.36 (KHTML, like Gecko) Chrome/136.0.7103.59 Mobile Safari/537.36 (compatible; Googlebot/2.1; +http://www.google.com/bot.html)"
66.249.72.6 - - [13/May/2025:05:57:15 -0400] "GET /cocculus/oc244684702.htm HTTP/1.1" 404 1251 "-" "Mozilla/5.0 (Linux; Android 6.0.1; Nexus 5X Build/MMB29P) AppleWebKit/537.36 (KHTML, like Gecko) Chrome/136.0.7103.59 Mobile Safari/537.36 (compatible; Googlebot/2.1; +http://www.google.com/bot.html)"
66.249.72.6 - - [13/May/2025:05:57:16 -0400] "GET /poupeton/special/vdt211028447.htm HTTP/1.1" 404 1251 "-" "Mozilla/5.0 (Linux; Android 6.0.1; Nexus 5X Build/MMB29P) AppleWebKit/537.36 (KHTML, like Gecko) Chrome/136.0.7103.59 Mobile Safari/537.36 (compatible; Googlebot/2.1; +http://www.google.com/bot.html)"
66.249.72.6 - - [13/May/2025:05:59:16 -0400] "GET /hymeneal/b432673993.htm HTTP/1.1" 404 1251 "-" "Mozilla/5.0 (Linux; Android 6.0.1; Nexus 5X Build/MMB29P) AppleWebKit/537.36 (KHTML, like Gecko) Chrome/136.0.7103.59 Mobile Safari/537.36 (compatible; Googlebot/2.1; +http://www.google.com/bot.html)"
66.249.72.7 - - [13/May/2025:05:59:52 -0400] "GET /girasole/v3887675.htm HTTP/1.1" 404 1251 "-" "Mozilla/5.0 (Linux; Android 6.0.1; Nexus 5X Build/MMB29P) AppleWebKit/537.36 (KHTML, like Gecko) Chrome/136.0.7103.59 Mobile Safari/537.36 (compatible; GoogleOther)"
66.249.72.8 - - [13/May/2025:06:00:50 -0400] "GET /lacryma/473864061.htm HTTP/1.1" 404 1251 "-" "Mozilla/5.0 (Linux; Android 6.0.1; Nexus 5X Build/MMB29P) AppleWebKit/537.36 (KHTML, like Gecko) Chrome/136.0.7103.59 Mobile Safari/537.36 (compatible; Googlebot/2.1; +http://www.google.com/bot.html)"
66.249.72.8 - - [13/May/2025:06:00:51 -0400] "GET /cotingidae/13625009.htm HTTP/1.1" 404 1251 "-" "Mozilla/5.0 (Linux; Android 6.0.1; Nexus 5X Build/MMB29P) AppleWebKit/537.36 (KHTML, like Gecko) Chrome/136.0.7103.59 Mobile Safari/537.36 (compatible; GoogleOther)"
66.249.72.6 - - [13/May/2025:06:02:51 -0400] "GET /anguished/605572146.htm HTTP/1.1" 404 1251 "-" "Mozilla/5.0 (Linux; Android 6.0.1; Nexus 5X Build/MMB29P) AppleWebKit/537.36 (KHTML, like Gecko) Chrome/136.0.7103.59 Mobile Safari/537.36 (compatible; Googlebot/2.1; +http://www.google.com/bot.html)"
66.249.72.39 - - [13/May/2025:06:02:51 -0400] "GET /signup.html HTTP/1.1" 404 1251 "-" "Mozilla/5.0 (Linux; Android 6.0.1; Nexus 5X Build/MMB29P) AppleWebKit/537.36 (KHTML, like Gecko) Chrome/136.0.7103.59 Mobile Safari/537.36 (compatible; Googlebot/2.1; +http://www.google.com/bot.html)"
66.249.72.6 - - [13/May/2025:06:04:52 -0400] "GET /?SA HTTP/1.1" 304 0 "-" "Mozilla/5.0 (Linux; Android 6.0.1; Nexus 5X Build/MMB29P) AppleWebKit/537.36 (KHTML, like Gecko) Chrome/136.0.7103.59 Mobile Safari/537.36 (compatible; Googlebot/2.1; +http://www.google.com/bot.html)"
66.249.72.7 - - [13/May/2025:06:06:54 -0400] "GET /curledness/569858352.htm HTTP/1.1" 404 1251 "-" "Mozilla/5.0 (Linux; Android 6.0.1; Nexus 5X Build/MMB29P) AppleWebKit/537.36 (KHTML, like Gecko) Chrome/136.0.7103.59 Mobile Safari/537.36 (compatible; Googlebot/2.1; +http://www.google.com/bot.html)"
80.85.245.145 - - [13/May/2025:06:07:08 -0400] "GET / HTTP/1.1" 200 6715 "-" "Mozilla/5.0 (Macintosh; Intel Mac OS X 10_15_7) AppleWebKit/537.36 (KHTML, like Gecko) Chrome/133.0.0.0 Safari/537.36"
80.85.245.145 - - [13/May/2025:06:07:09 -0400] "GET /contact.html HTTP/1.1" 200 2702 "-" "Mozilla/5.0 (Macintosh; Intel Mac OS X 10_15_7) AppleWebKit/537.36 (KHTML, like Gecko) Chrome/133.0.0.0 Safari/537.36"
80.85.245.145 - - [13/May/2025:06:07:09 -0400] "GET /signup.html HTTP/1.1" 404 1251 "-" "Mozilla/5.0 (Macintosh; Intel Mac OS X 10_15_7) AppleWebKit/537.36 (KHTML, like Gecko) Chrome/133.0.0.0 Safari/537.36"
2602:fb54:9eb:: - - [13/May/2025:06:07:45 -0400] "POST /wp-admin HTTP/1.1" 404 1251 "https://bofirm.com/wp-admin/" "Mozilla/5.0 (Windows NT 10.0; Win64; x64) AppleWebKit/537.36 (KHTML, like Gecko) Chrome/90.0.4430.85 Safari/537.36"
2602:fb54:9eb:: - - [13/May/2025:06:07:46 -0400] "POST /wp-login.php HTTP/1.1" 404 1251 "https://bofirm.com/wp-admin/" "Mozilla/5.0 (Windows NT 10.0; Win64; x64) AppleWebKit/537.36 (KHTML, like Gecko) Chrome/90.0.4430.85 Safari/537.36"
2602:fb54:9eb:: - - [13/May/2025:06:07:46 -0400] "POST /admin HTTP/1.1" 404 1251 "https://bofirm.com/wp-admin/" "Mozilla/5.0 (Windows NT 10.0; Win64; x64) AppleWebKit/537.36 (KHTML, like Gecko) Chrome/90.0.4430.85 Safari/537.36"
2602:fb54:9eb:: - - [13/May/2025:06:07:47 -0400] "POST /user/login HTTP/1.1" 404 1251 "https://bofirm.com/wp-admin/" "Mozilla/5.0 (Windows NT 10.0; Win64; x64) AppleWebKit/537.36 (KHTML, like Gecko) Chrome/90.0.4430.85 Safari/537.36"
2602:fb54:9eb:: - - [13/May/2025:06:07:47 -0400] "POST /login HTTP/1.1" 404 1251 "https://bofirm.com/wp-admin/" "Mozilla/5.0 (Windows NT 10.0; Win64; x64) AppleWebKit/537.36 (KHTML, like Gecko) Chrome/90.0.4430.85 Safari/537.36"
2602:fb54:9eb:: - - [13/May/2025:06:07:47 -0400] "POST /dashboard HTTP/1.1" 404 1251 "https://bofirm.com/wp-admin/" "Mozilla/5.0 (Windows NT 10.0; Win64; x64) AppleWebKit/537.36 (KHTML, like Gecko) Chrome/90.0.4430.85 Safari/537.36"
2602:fb54:9eb:: - - [13/May/2025:06:07:48 -0400] "POST /cms HTTP/1.1" 404 1251 "https://bofirm.com/wp-admin/" "Mozilla/5.0 (Windows NT 10.0; Win64; x64) AppleWebKit/537.36 (KHTML, like Gecko) Chrome/90.0.4430.85 Safari/537.36"
2602:fb54:9eb:: - - [13/May/2025:06:07:48 -0400] "POST /panel HTTP/1.1" 404 1251 "https://bofirm.com/wp-admin/" "Mozilla/5.0 (Windows NT 10.0; Win64; x64) AppleWebKit/537.36 (KHTML, like Gecko) Chrome/90.0.4430.85 Safari/537.36"
2602:fb54:9eb:: - - [13/May/2025:06:07:49 -0400] "POST /backend HTTP/1.1" 404 1251 "https://bofirm.com/wp-admin/" "Mozilla/5.0 (Windows NT 10.0; Win64; x64) AppleWebKit/537.36 (KHTML, like Gecko) Chrome/90.0.4430.85 Safari/537.36"
66.249.72.6 - - [13/May/2025:06:08:55 -0400] "GET /parcelling326388272.htm HTTP/1.1" 404 1251 "-" "Mozilla/5.0 (Linux; Android 6.0.1; Nexus 5X Build/MMB29P) AppleWebKit/537.36 (KHTML, like Gecko) Chrome/136.0.7103.59 Mobile Safari/537.36 (compatible; Googlebot/2.1; +http://www.google.com/bot.html)"
172.178.58.143 - - [13/May/2025:06:09:21 -0400] "GET /assets/inc/images/footer-left.png HTTP/1.1" 404 1251 "-" "Mozilla/5.0 (Windows NT 10.0; Win64; x64) AppleWebKit/537.36 (KHTML, like Gecko) Chrome/109.0.0.0 Safari/537.36"
172.178.58.143 - - [13/May/2025:06:09:22 -0400] "GET /assets/inc/images/footer-left.png HTTP/1.1" 404 1251 "-" "Mozilla/5.0 (Windows NT 10.0; Win64; x64) AppleWebKit/537.36 (KHTML, like Gecko) Chrome/109.0.0.0 Safari/537.36"
172.178.58.143 - - [13/May/2025:06:09:22 -0400] "GET /assets/inc/images/footer-left.png HTTP/1.1" 404 1251 "-" "Mozilla/5.0 (Windows NT 10.0; Win64; x64) AppleWebKit/537.36 (KHTML, like Gecko) Chrome/109.0.0.0 Safari/537.36"
172.178.58.143 - - [13/May/2025:06:09:52 -0400] "GET /assets/uploads/partner-4.png HTTP/1.1" 404 1251 "-" "Mozilla/5.0 (Windows NT 10.0; Win64; x64) AppleWebKit/537.36 (KHTML, like Gecko) Chrome/109.0.0.0 Safari/537.36"
172.178.58.143 - - [13/May/2025:06:09:52 -0400] "GET /assets/uploads/partner-4.png HTTP/1.1" 404 1251 "-" "Mozilla/5.0 (Windows NT 10.0; Win64; x64) AppleWebKit/537.36 (KHTML, like Gecko) Chrome/109.0.0.0 Safari/537.36"
172.178.58.143 - - [13/May/2025:06:09:52 -0400] "GET /assets/uploads/partner-4.png HTTP/1.1" 404 1251 "-" "Mozilla/5.0 (Windows NT 10.0; Win64; x64) AppleWebKit/537.36 (KHTML, like Gecko) Chrome/109.0.0.0 Safari/537.36"
66.249.72.6 - - [13/May/2025:06:10:57 -0400] "GET /gumshield/236806406.htm HTTP/1.1" 404 1251 "-" "Mozilla/5.0 (Linux; Android 6.0.1; Nexus 5X Build/MMB29P) AppleWebKit/537.36 (KHTML, like Gecko) Chrome/136.0.7103.59 Mobile Safari/537.36 (compatible; Googlebot/2.1; +http://www.google.com/bot.html)"
66.249.72.7 - - [13/May/2025:06:12:01 -0400] "GET /ulotrichi/u272099592.htm HTTP/1.1" 404 1251 "-" "Mozilla/5.0 (Linux; Android 6.0.1; Nexus 5X Build/MMB29P) AppleWebKit/537.36 (KHTML, like Gecko) Chrome/136.0.7103.92 Mobile Safari/537.36 (compatible; Googlebot/2.1; +http://www.google.com/bot.html)"
66.249.72.6 - - [13/May/2025:06:12:58 -0400] "GET /buffoonism/236641432.htm HTTP/1.1" 404 1251 "-" "Mozilla/5.0 (Linux; Android 6.0.1; Nexus 5X Build/MMB29P) AppleWebKit/537.36 (KHTML, like Gecko) Chrome/136.0.7103.59 Mobile Safari/537.36 (compatible; Googlebot/2.1; +http://www.google.com/bot.html)"
66.249.72.7 - - [13/May/2025:06:13:22 -0400] "GET /?b=17808622 HTTP/1.1" 200 6715 "-" "Mozilla/5.0 (Linux; Android 6.0.1; Nexus 5X Build/MMB29P) AppleWebKit/537.36 (KHTML, like Gecko) Chrome/136.0.7103.92 Mobile Safari/537.36 (compatible; Googlebot/2.1; +http://www.google.com/bot.html)"
66.249.72.8 - - [13/May/2025:06:14:58 -0400] "GET /lignified/cs236723154.htm HTTP/1.1" 404 1251 "-" "Mozilla/5.0 (Linux; Android 6.0.1; Nexus 5X Build/MMB29P) AppleWebKit/537.36 (KHTML, like Gecko) Chrome/136.0.7103.59 Mobile Safari/537.36 (compatible; Googlebot/2.1; +http://www.google.com/bot.html)"
66.249.72.7 - - [13/May/2025:06:15:31 -0400] "GET /raging/goods/a286293736.htm HTTP/1.1" 404 1251 "-" "Mozilla/5.0 (Linux; Android 6.0.1; Nexus 5X Build/MMB29P) AppleWebKit/537.36 (KHTML, like Gecko) Chrome/136.0.7103.92 Mobile Safari/537.36 (compatible; Googlebot/2.1; +http://www.google.com/bot.html)"
66.249.72.8 - - [13/May/2025:06:15:31 -0400] "GET /chanting/so517003904.htm HTTP/1.1" 404 1251 "-" "Mozilla/5.0 (Linux; Android 6.0.1; Nexus 5X Build/MMB29P) AppleWebKit/537.36 (KHTML, like Gecko) Chrome/136.0.7103.92 Mobile Safari/537.36 (compatible; Googlebot/2.1; +http://www.google.com/bot.html)"
66.249.72.7 - - [13/May/2025:06:16:30 -0400] "GET /?b=278461922 HTTP/1.1" 200 6715 "-" "Mozilla/5.0 (Linux; Android 6.0.1; Nexus 5X Build/MMB29P) AppleWebKit/537.36 (KHTML, like Gecko) Chrome/136.0.7103.92 Mobile Safari/537.36 (compatible; Googlebot/2.1; +http://www.google.com/bot.html)"
172.178.58.143 - - [13/May/2025:06:16:54 -0400] "GET /assets/uploads/testimonial-2.png HTTP/1.1" 404 1251 "-" "Mozilla/5.0 (Windows NT 10.0; Win64; x64) AppleWebKit/537.36 (KHTML, like Gecko) Chrome/109.0.0.0 Safari/537.36"
172.178.58.143 - - [13/May/2025:06:16:54 -0400] "GET /assets/uploads/testimonial-2.png HTTP/1.1" 404 1251 "-" "Mozilla/5.0 (Windows NT 10.0; Win64; x64) AppleWebKit/537.36 (KHTML, like Gecko) Chrome/109.0.0.0 Safari/537.36"
172.178.58.143 - - [13/May/2025:06:16:54 -0400] "GET /assets/uploads/testimonial-2.png HTTP/1.1" 404 1251 "-" "Mozilla/5.0 (Windows NT 10.0; Win64; x64) AppleWebKit/537.36 (KHTML, like Gecko) Chrome/109.0.0.0 Safari/537.36"
66.249.72.7 - - [13/May/2025:06:16:58 -0400] "GET /orion/236806396.htm HTTP/1.1" 404 1251 "-" "Mozilla/5.0 (Linux; Android 6.0.1; Nexus 5X Build/MMB29P) AppleWebKit/537.36 (KHTML, like Gecko) Chrome/136.0.7103.59 Mobile Safari/537.36 (compatible; Googlebot/2.1; +http://www.google.com/bot.html)"
66.249.72.8 - - [13/May/2025:06:17:09 -0400] "GET /estuary/entity/fx339386031.htm HTTP/1.1" 404 1251 "-" "Mozilla/5.0 (Linux; Android 6.0.1; Nexus 5X Build/MMB29P) AppleWebKit/537.36 (KHTML, like Gecko) Chrome/136.0.7103.92 Mobile Safari/537.36 (compatible; Googlebot/2.1; +http://www.google.com/bot.html)"
66.249.72.6 - - [13/May/2025:06:17:19 -0400] "GET /cheirotherium/mw/272256292.htm HTTP/1.1" 404 1251 "-" "Mozilla/5.0 (Linux; Android 6.0.1; Nexus 5X Build/MMB29P) AppleWebKit/537.36 (KHTML, like Gecko) Chrome/136.0.7103.92 Mobile Safari/537.36 (compatible; Googlebot/2.1; +http://www.google.com/bot.html)"
66.249.72.6 - - [13/May/2025:06:17:23 -0400] "GET /?b=207122722 HTTP/1.1" 200 6715 "-" "Mozilla/5.0 (Linux; Android 6.0.1; Nexus 5X Build/MMB29P) AppleWebKit/537.36 (KHTML, like Gecko) Chrome/136.0.7103.92 Mobile Safari/537.36 (compatible; Googlebot/2.1; +http://www.google.com/bot.html)"
172.178.58.143 - - [13/May/2025:06:18:07 -0400] "GET /assets/inc/images/glt.png HTTP/1.1" 404 1251 "-" "Mozilla/5.0 (Windows NT 10.0; Win64; x64) AppleWebKit/537.36 (KHTML, like Gecko) Chrome/109.0.0.0 Safari/537.36"
172.178.58.143 - - [13/May/2025:06:18:08 -0400] "GET /assets/inc/images/glt.png HTTP/1.1" 404 1251 "-" "Mozilla/5.0 (Windows NT 10.0; Win64; x64) AppleWebKit/537.36 (KHTML, like Gecko) Chrome/109.0.0.0 Safari/537.36"
172.178.58.143 - - [13/May/2025:06:18:08 -0400] "GET /assets/inc/images/glt.png HTTP/1.1" 404 1251 "-" "Mozilla/5.0 (Windows NT 10.0; Win64; x64) AppleWebKit/537.36 (KHTML, like Gecko) Chrome/109.0.0.0 Safari/537.36"
172.178.58.143 - - [13/May/2025:06:18:14 -0400] "GET /assets/uploads/service-7.png HTTP/1.1" 404 1251 "-" "Mozilla/5.0 (Windows NT 10.0; Win64; x64) AppleWebKit/537.36 (KHTML, like Gecko) Chrome/109.0.0.0 Safari/537.36"
172.178.58.143 - - [13/May/2025:06:18:16 -0400] "GET /assets/uploads/service-7.png HTTP/1.1" 404 1251 "-" "Mozilla/5.0 (Windows NT 10.0; Win64; x64) AppleWebKit/537.36 (KHTML, like Gecko) Chrome/109.0.0.0 Safari/537.36"
172.178.58.143 - - [13/May/2025:06:18:58 -0400] "GET /assets/uploads/service-7.png HTTP/1.1" 404 1251 "-" "Mozilla/5.0 (Windows NT 10.0; Win64; x64) AppleWebKit/537.36 (KHTML, like Gecko) Chrome/109.0.0.0 Safari/537.36"
66.249.72.7 - - [13/May/2025:06:18:58 -0400] "GET /quartermaster/236673366.htm HTTP/1.1" 404 1251 "-" "Mozilla/5.0 (Linux; Android 6.0.1; Nexus 5X Build/MMB29P) AppleWebKit/537.36 (KHTML, like Gecko) Chrome/136.0.7103.59 Mobile Safari/537.36 (compatible; Googlebot/2.1; +http://www.google.com/bot.html)"
66.249.72.7 - - [13/May/2025:06:19:15 -0400] "GET /?b=314086122 HTTP/1.1" 200 6715 "-" "Mozilla/5.0 (Linux; Android 6.0.1; Nexus 5X Build/MMB29P) AppleWebKit/537.36 (KHTML, like Gecko) Chrome/136.0.7103.92 Mobile Safari/537.36 (compatible; Googlebot/2.1; +http://www.google.com/bot.html)"
148.252.144.132 - - [13/May/2025:06:19:56 -0400] "GET /?ved=2ahUKEwixr4yvnKCNAxXnUUEAHdCaCL8QgU96BAgSEAk HTTP/1.1" 200 6715 "https://www.google.com/" "Mozilla/5.0 (iPhone; CPU iPhone OS 18_4_1 like Mac OS X) AppleWebKit/605.1.15 (KHTML, like Gecko) Version/18.4 Mobile/15E148 Safari/604.1"
148.252.144.132 - - [13/May/2025:06:19:56 -0400] "GET /css/main.css HTTP/1.1" 200 241 "https://www.bofirm.com/?ved=2ahUKEwixr4yvnKCNAxXnUUEAHdCaCL8QgU96BAgSEAk" "Mozilla/5.0 (iPhone; CPU iPhone OS 18_4_1 like Mac OS X) AppleWebKit/605.1.15 (KHTML, like Gecko) Version/18.4 Mobile/15E148 Safari/604.1"
148.252.144.132 - - [13/May/2025:06:19:57 -0400] "GET /images/logo.png HTTP/1.1" 200 133934 "https://www.bofirm.com/?ved=2ahUKEwixr4yvnKCNAxXnUUEAHdCaCL8QgU96BAgSEAk" "Mozilla/5.0 (iPhone; CPU iPhone OS 18_4_1 like Mac OS X) AppleWebKit/605.1.15 (KHTML, like Gecko) Version/18.4 Mobile/15E148 Safari/604.1"
148.252.144.132 - - [13/May/2025:06:19:57 -0400] "GET /js/main.js HTTP/1.1" 304 0 "https://www.bofirm.com/?ved=2ahUKEwixr4yvnKCNAxXnUUEAHdCaCL8QgU96BAgSEAk" "Mozilla/5.0 (iPhone; CPU iPhone OS 18_4_1 like Mac OS X) AppleWebKit/605.1.15 (KHTML, like Gecko) Version/18.4 Mobile/15E148 Safari/604.1"
148.252.144.132 - - [13/May/2025:06:19:57 -0400] "GET /js/plugin.js HTTP/1.1" 200 71569 "https://www.bofirm.com/?ved=2ahUKEwixr4yvnKCNAxXnUUEAHdCaCL8QgU96BAgSEAk" "Mozilla/5.0 (iPhone; CPU iPhone OS 18_4_1 like Mac OS X) AppleWebKit/605.1.15 (KHTML, like Gecko) Version/18.4 Mobile/15E148 Safari/604.1"
148.252.144.132 - - [13/May/2025:06:19:57 -0400] "GET /css/nice-select.css HTTP/1.1" 200 879 "https://www.bofirm.com/?ved=2ahUKEwixr4yvnKCNAxXnUUEAHdCaCL8QgU96BAgSEAk" "Mozilla/5.0 (iPhone; CPU iPhone OS 18_4_1 like Mac OS X) AppleWebKit/605.1.15 (KHTML, like Gecko) Version/18.4 Mobile/15E148 Safari/604.1"
148.252.144.132 - - [13/May/2025:06:19:57 -0400] "GET /css/style.css HTTP/1.1" 200 6445 "https://www.bofirm.com/?ved=2ahUKEwixr4yvnKCNAxXnUUEAHdCaCL8QgU96BAgSEAk" "Mozilla/5.0 (iPhone; CPU iPhone OS 18_4_1 like Mac OS X) AppleWebKit/605.1.15 (KHTML, like Gecko) Version/18.4 Mobile/15E148 Safari/604.1"
148.252.144.132 - - [13/May/2025:06:19:57 -0400] "GET /css/font-awesome.css HTTP/1.1" 200 75121 "https://www.bofirm.com/?ved=2ahUKEwixr4yvnKCNAxXnUUEAHdCaCL8QgU96BAgSEAk" "Mozilla/5.0 (iPhone; CPU iPhone OS 18_4_1 like Mac OS X) AppleWebKit/605.1.15 (KHTML, like Gecko) Version/18.4 Mobile/15E148 Safari/604.1"
148.252.144.132 - - [13/May/2025:06:19:57 -0400] "GET /css/spacing.css HTTP/1.1" 200 5346 "https://www.bofirm.com/?ved=2ahUKEwixr4yvnKCNAxXnUUEAHdCaCL8QgU96BAgSEAk" "Mozilla/5.0 (iPhone; CPU iPhone OS 18_4_1 like Mac OS X) AppleWebKit/605.1.15 (KHTML, like Gecko) Version/18.4 Mobile/15E148 Safari/604.1"
148.252.144.132 - - [13/May/2025:06:19:57 -0400] "GET /css/magnific-popup.css HTTP/1.1" 200 1657 "https://www.bofirm.com/?ved=2ahUKEwixr4yvnKCNAxXnUUEAHdCaCL8QgU96BAgSEAk" "Mozilla/5.0 (iPhone; CPU iPhone OS 18_4_1 like Mac OS X) AppleWebKit/605.1.15 (KHTML, like Gecko) Version/18.4 Mobile/15E148 Safari/604.1"
148.252.144.132 - - [13/May/2025:06:19:57 -0400] "GET /css/slick.css HTTP/1.1" 200 493 "https://www.bofirm.com/?ved=2ahUKEwixr4yvnKCNAxXnUUEAHdCaCL8QgU96BAgSEAk" "Mozilla/5.0 (iPhone; CPU iPhone OS 18_4_1 like Mac OS X) AppleWebKit/605.1.15 (KHTML, like Gecko) Version/18.4 Mobile/15E148 Safari/604.1"
148.252.144.132 - - [13/May/2025:06:19:58 -0400] "GET /images/banner_img.jpg HTTP/1.1" 200 830899 "https://www.bofirm.com/?ved=2ahUKEwixr4yvnKCNAxXnUUEAHdCaCL8QgU96BAgSEAk" "Mozilla/5.0 (iPhone; CPU iPhone OS 18_4_1 like Mac OS X) AppleWebKit/605.1.15 (KHTML, like Gecko) Version/18.4 Mobile/15E148 Safari/604.1"
148.252.144.132 - - [13/May/2025:06:19:58 -0400] "GET /images/work_img-1.jpg HTTP/1.1" 200 182968 "https://www.bofirm.com/?ved=2ahUKEwixr4yvnKCNAxXnUUEAHdCaCL8QgU96BAgSEAk" "Mozilla/5.0 (iPhone; CPU iPhone OS 18_4_1 like Mac OS X) AppleWebKit/605.1.15 (KHTML, like Gecko) Version/18.4 Mobile/15E148 Safari/604.1"
148.252.144.132 - - [13/May/2025:06:19:58 -0400] "GET /fonts/contis-Icon16c9.ttf?n2py4q HTTP/1.1" 200 6972 "https://www.bofirm.com/?ved=2ahUKEwixr4yvnKCNAxXnUUEAHdCaCL8QgU96BAgSEAk" "Mozilla/5.0 (iPhone; CPU iPhone OS 18_4_1 like Mac OS X) AppleWebKit/605.1.15 (KHTML, like Gecko) Version/18.4 Mobile/15E148 Safari/604.1"
148.252.144.132 - - [13/May/2025:06:19:58 -0400] "GET /fonts/fa-brands-400.woff2 HTTP/1.1" 200 104740 "https://www.bofirm.com/?ved=2ahUKEwixr4yvnKCNAxXnUUEAHdCaCL8QgU96BAgSEAk" "Mozilla/5.0 (iPhone; CPU iPhone OS 18_4_1 like Mac OS X) AppleWebKit/605.1.15 (KHTML, like Gecko) Version/18.4 Mobile/15E148 Safari/604.1"
148.252.144.132 - - [13/May/2025:06:19:58 -0400] "GET /fonts/fa-solid-900.woff2 HTTP/1.1" 200 303544 "https://www.bofirm.com/?ved=2ahUKEwixr4yvnKCNAxXnUUEAHdCaCL8QgU96BAgSEAk" "Mozilla/5.0 (iPhone; CPU iPhone OS 18_4_1 like Mac OS X) AppleWebKit/605.1.15 (KHTML, like Gecko) Version/18.4 Mobile/15E148 Safari/604.1"
148.252.144.132 - - [13/May/2025:06:19:58 -0400] "GET /fonts/fa-regular-400.woff2 HTTP/1.1" 200 357732 "https://www.bofirm.com/?ved=2ahUKEwixr4yvnKCNAxXnUUEAHdCaCL8QgU96BAgSEAk" "Mozilla/5.0 (iPhone; CPU iPhone OS 18_4_1 like Mac OS X) AppleWebKit/605.1.15 (KHTML, like Gecko) Version/18.4 Mobile/15E148 Safari/604.1"
148.252.144.132 - - [13/May/2025:06:19:59 -0400] "GET /images/Logo.png HTTP/1.1" 404 1251 "https://www.bofirm.com/?ved=2ahUKEwixr4yvnKCNAxXnUUEAHdCaCL8QgU96BAgSEAk" "Mozilla/5.0 (iPhone; CPU iPhone OS 18_4_1 like Mac OS X) AppleWebKit/605.1.15 (KHTML, like Gecko) Version/18.4 Mobile/15E148 Safari/604.1"
148.252.144.132 - - [13/May/2025:06:19:59 -0400] "GET /images/team_shape.jpg HTTP/1.1" 200 69890 "https://www.bofirm.com/?ved=2ahUKEwixr4yvnKCNAxXnUUEAHdCaCL8QgU96BAgSEAk" "Mozilla/5.0 (iPhone; CPU iPhone OS 18_4_1 like Mac OS X) AppleWebKit/605.1.15 (KHTML, like Gecko) Version/18.4 Mobile/15E148 Safari/604.1"
148.252.144.132 - - [13/May/2025:06:19:59 -0400] "GET /images/creator_img-1.jpg HTTP/1.1" 200 217217 "https://www.bofirm.com/?ved=2ahUKEwixr4yvnKCNAxXnUUEAHdCaCL8QgU96BAgSEAk" "Mozilla/5.0 (iPhone; CPU iPhone OS 18_4_1 like Mac OS X) AppleWebKit/605.1.15 (KHTML, like Gecko) Version/18.4 Mobile/15E148 Safari/604.1"
148.252.144.132 - - [13/May/2025:06:19:59 -0400] "GET /images/creator_img-30.jpg HTTP/1.1" 200 193243 "https://www.bofirm.com/?ved=2ahUKEwixr4yvnKCNAxXnUUEAHdCaCL8QgU96BAgSEAk" "Mozilla/5.0 (iPhone; CPU iPhone OS 18_4_1 like Mac OS X) AppleWebKit/605.1.15 (KHTML, like Gecko) Version/18.4 Mobile/15E148 Safari/604.1"
148.252.144.132 - - [13/May/2025:06:19:59 -0400] "GET /images/counter_img.png HTTP/1.1" 200 146226 "https://www.bofirm.com/?ved=2ahUKEwixr4yvnKCNAxXnUUEAHdCaCL8QgU96BAgSEAk" "Mozilla/5.0 (iPhone; CPU iPhone OS 18_4_1 like Mac OS X) AppleWebKit/605.1.15 (KHTML, like Gecko) Version/18.4 Mobile/15E148 Safari/604.1"
148.252.144.132 - - [13/May/2025:06:19:59 -0400] "GET /images/testimonial_img.jpg HTTP/1.1" 200 244548 "https://www.bofirm.com/?ved=2ahUKEwixr4yvnKCNAxXnUUEAHdCaCL8QgU96BAgSEAk" "Mozilla/5.0 (iPhone; CPU iPhone OS 18_4_1 like Mac OS X) AppleWebKit/605.1.15 (KHTML, like Gecko) Version/18.4 Mobile/15E148 Safari/604.1"
148.252.144.132 - - [13/May/2025:06:19:59 -0400] "GET /images/subscraib_img.png HTTP/1.1" 200 62976 "https://www.bofirm.com/?ved=2ahUKEwixr4yvnKCNAxXnUUEAHdCaCL8QgU96BAgSEAk" "Mozilla/5.0 (iPhone; CPU iPhone OS 18_4_1 like Mac OS X) AppleWebKit/605.1.15 (KHTML, like Gecko) Version/18.4 Mobile/15E148 Safari/604.1"
148.252.144.132 - - [13/May/2025:06:19:59 -0400] "GET /images/creator_img-2.jpg HTTP/1.1" 200 308592 "https://www.bofirm.com/?ved=2ahUKEwixr4yvnKCNAxXnUUEAHdCaCL8QgU96BAgSEAk" "Mozilla/5.0 (iPhone; CPU iPhone OS 18_4_1 like Mac OS X) AppleWebKit/605.1.15 (KHTML, like Gecko) Version/18.4 Mobile/15E148 Safari/604.1"
148.252.144.132 - - [13/May/2025:06:19:59 -0400] "GET /images/cyber-security-left-img.png HTTP/1.1" 200 303088 "https://www.bofirm.com/?ved=2ahUKEwixr4yvnKCNAxXnUUEAHdCaCL8QgU96BAgSEAk" "Mozilla/5.0 (iPhone; CPU iPhone OS 18_4_1 like Mac OS X) AppleWebKit/605.1.15 (KHTML, like Gecko) Version/18.4 Mobile/15E148 Safari/604.1"
148.252.144.132 - - [13/May/2025:06:19:59 -0400] "GET /fonts/fa-light-300.woff2 HTTP/1.1" 200 392136 "https://www.bofirm.com/?ved=2ahUKEwixr4yvnKCNAxXnUUEAHdCaCL8QgU96BAgSEAk" "Mozilla/5.0 (iPhone; CPU iPhone OS 18_4_1 like Mac OS X) AppleWebKit/605.1.15 (KHTML, like Gecko) Version/18.4 Mobile/15E148 Safari/604.1"
148.252.144.132 - - [13/May/2025:06:20:00 -0400] "GET /fonts/fa-thin-100.woff2 HTTP/1.1" 200 426420 "https://www.bofirm.com/?ved=2ahUKEwixr4yvnKCNAxXnUUEAHdCaCL8QgU96BAgSEAk" "Mozilla/5.0 (iPhone; CPU iPhone OS 18_4_1 like Mac OS X) AppleWebKit/605.1.15 (KHTML, like Gecko) Version/18.4 Mobile/15E148 Safari/604.1"
148.252.144.132 - - [13/May/2025:06:20:00 -0400] "GET /images/favicon.jpg HTTP/1.1" 200 9685170 "https://www.bofirm.com/?ved=2ahUKEwixr4yvnKCNAxXnUUEAHdCaCL8QgU96BAgSEAk" "Mozilla/5.0 (iPhone; CPU iPhone OS 18_4_1 like Mac OS X) AppleWebKit/605.1.15 (KHTML, like Gecko) Version/18.4 Mobile/15E148 Safari/604.1"
66.249.72.8 - - [13/May/2025:06:20:16 -0400] "GET /rebukable/item/wa/220629058.htm HTTP/1.1" 404 1251 "-" "Mozilla/5.0 (Linux; Android 6.0.1; Nexus 5X Build/MMB29P) AppleWebKit/537.36 (KHTML, like Gecko) Chrome/136.0.7103.92 Mobile Safari/537.36 (compatible; Googlebot/2.1; +http://www.google.com/bot.html)"
66.249.72.7 - - [13/May/2025:06:20:30 -0400] "GET /symphyses/74597293.htm HTTP/1.1" 404 1251 "-" "Mozilla/5.0 (Linux; Android 6.0.1; Nexus 5X Build/MMB29P) AppleWebKit/537.36 (KHTML, like Gecko) Chrome/136.0.7103.92 Mobile Safari/537.36 (compatible; Googlebot/2.1; +http://www.google.com/bot.html)"
2602:fb54:9eb:: - - [13/May/2025:06:20:49 -0400] "POST /wp-admin HTTP/1.1" 404 1251 "https://bofirm.com/wp-admin/" "Mozilla/5.0 (Windows NT 10.0; Win64; x64) AppleWebKit/537.36 (KHTML, like Gecko) Chrome/90.0.4430.85 Safari/537.36"
2602:fb54:9eb:: - - [13/May/2025:06:20:50 -0400] "POST /wp-login.php HTTP/1.1" 404 1251 "https://bofirm.com/wp-admin/" "Mozilla/5.0 (Windows NT 10.0; Win64; x64) AppleWebKit/537.36 (KHTML, like Gecko) Chrome/90.0.4430.85 Safari/537.36"
2602:fb54:9eb:: - - [13/May/2025:06:20:50 -0400] "POST /admin HTTP/1.1" 404 1251 "https://bofirm.com/wp-admin/" "Mozilla/5.0 (Windows NT 10.0; Win64; x64) AppleWebKit/537.36 (KHTML, like Gecko) Chrome/90.0.4430.85 Safari/537.36"
2602:fb54:9eb:: - - [13/May/2025:06:20:51 -0400] "POST /user/login HTTP/1.1" 404 1251 "https://bofirm.com/wp-admin/" "Mozilla/5.0 (Windows NT 10.0; Win64; x64) AppleWebKit/537.36 (KHTML, like Gecko) Chrome/90.0.4430.85 Safari/537.36"
2602:fb54:9eb:: - - [13/May/2025:06:20:52 -0400] "POST /login HTTP/1.1" 404 1251 "https://bofirm.com/wp-admin/" "Mozilla/5.0 (Windows NT 10.0; Win64; x64) AppleWebKit/537.36 (KHTML, like Gecko) Chrome/90.0.4430.85 Safari/537.36"
2602:fb54:9eb:: - - [13/May/2025:06:20:52 -0400] "POST /dashboard HTTP/1.1" 404 1251 "https://bofirm.com/wp-admin/" "Mozilla/5.0 (Windows NT 10.0; Win64; x64) AppleWebKit/537.36 (KHTML, like Gecko) Chrome/90.0.4430.85 Safari/537.36"
2602:fb54:9eb:: - - [13/May/2025:06:20:52 -0400] "POST /cms HTTP/1.1" 404 1251 "https://bofirm.com/wp-admin/" "Mozilla/5.0 (Windows NT 10.0; Win64; x64) AppleWebKit/537.36 (KHTML, like Gecko) Chrome/90.0.4430.85 Safari/537.36"
2602:fb54:9eb:: - - [13/May/2025:06:20:53 -0400] "POST /panel HTTP/1.1" 404 1251 "https://bofirm.com/wp-admin/" "Mozilla/5.0 (Windows NT 10.0; Win64; x64) AppleWebKit/537.36 (KHTML, like Gecko) Chrome/90.0.4430.85 Safari/537.36"
2602:fb54:9eb:: - - [13/May/2025:06:20:53 -0400] "POST /backend HTTP/1.1" 404 1251 "https://bofirm.com/wp-admin/" "Mozilla/5.0 (Windows NT 10.0; Win64; x64) AppleWebKit/537.36 (KHTML, like Gecko) Chrome/90.0.4430.85 Safari/537.36"
66.249.72.7 - - [13/May/2025:06:21:01 -0400] "GET /giants/qc444024336.htm HTTP/1.1" 404 1251 "-" "Mozilla/5.0 (Linux; Android 6.0.1; Nexus 5X Build/MMB29P) AppleWebKit/537.36 (KHTML, like Gecko) Chrome/136.0.7103.59 Mobile Safari/537.36 (compatible; Googlebot/2.1; +http://www.google.com/bot.html)"
66.249.72.8 - - [13/May/2025:06:21:01 -0400] "GET /pleurotmidae/b236648801.htm HTTP/1.1" 404 1251 "-" "Mozilla/5.0 (Linux; Android 6.0.1; Nexus 5X Build/MMB29P) AppleWebKit/537.36 (KHTML, like Gecko) Chrome/136.0.7103.59 Mobile Safari/537.36 (compatible; Googlebot/2.1; +http://www.google.com/bot.html)"
2602:fb54:9eb:: - - [13/May/2025:06:21:15 -0400] "POST /wp-admin HTTP/1.1" 404 1251 "https://bofirm.com/wp-admin/" "Mozilla/5.0 (Windows NT 10.0; Win64; x64) AppleWebKit/537.36 (KHTML, like Gecko) Chrome/90.0.4430.85 Safari/537.36"
2602:fb54:9eb:: - - [13/May/2025:06:21:15 -0400] "POST /wp-login.php HTTP/1.1" 404 1251 "https://bofirm.com/wp-admin/" "Mozilla/5.0 (Windows NT 10.0; Win64; x64) AppleWebKit/537.36 (KHTML, like Gecko) Chrome/90.0.4430.85 Safari/537.36"
66.249.72.7 - - [13/May/2025:06:21:15 -0400] "GET /?b=112909922 HTTP/1.1" 200 6715 "-" "Mozilla/5.0 (Linux; Android 6.0.1; Nexus 5X Build/MMB29P) AppleWebKit/537.36 (KHTML, like Gecko) Chrome/136.0.7103.92 Mobile Safari/537.36 (compatible; Googlebot/2.1; +http://www.google.com/bot.html)"
2602:fb54:9eb:: - - [13/May/2025:06:21:16 -0400] "POST /admin HTTP/1.1" 404 1251 "https://bofirm.com/wp-admin/" "Mozilla/5.0 (Windows NT 10.0; Win64; x64) AppleWebKit/537.36 (KHTML, like Gecko) Chrome/90.0.4430.85 Safari/537.36"
2602:fb54:9eb:: - - [13/May/2025:06:21:16 -0400] "POST /user/login HTTP/1.1" 404 1251 "https://bofirm.com/wp-admin/" "Mozilla/5.0 (Windows NT 10.0; Win64; x64) AppleWebKit/537.36 (KHTML, like Gecko) Chrome/90.0.4430.85 Safari/537.36"
2602:fb54:9eb:: - - [13/May/2025:06:21:16 -0400] "POST /login HTTP/1.1" 404 1251 "https://bofirm.com/wp-admin/" "Mozilla/5.0 (Windows NT 10.0; Win64; x64) AppleWebKit/537.36 (KHTML, like Gecko) Chrome/90.0.4430.85 Safari/537.36"
2602:fb54:9eb:: - - [13/May/2025:06:21:17 -0400] "POST /dashboard HTTP/1.1" 404 1251 "https://bofirm.com/wp-admin/" "Mozilla/5.0 (Windows NT 10.0; Win64; x64) AppleWebKit/537.36 (KHTML, like Gecko) Chrome/90.0.4430.85 Safari/537.36"
2602:fb54:9eb:: - - [13/May/2025:06:21:17 -0400] "POST /cms HTTP/1.1" 404 1251 "https://bofirm.com/wp-admin/" "Mozilla/5.0 (Windows NT 10.0; Win64; x64) AppleWebKit/537.36 (KHTML, like Gecko) Chrome/90.0.4430.85 Safari/537.36"
2602:fb54:9eb:: - - [13/May/2025:06:21:17 -0400] "POST /panel HTTP/1.1" 404 1251 "https://bofirm.com/wp-admin/" "Mozilla/5.0 (Windows NT 10.0; Win64; x64) AppleWebKit/537.36 (KHTML, like Gecko) Chrome/90.0.4430.85 Safari/537.36"
2602:fb54:9eb:: - - [13/May/2025:06:21:17 -0400] "POST /backend HTTP/1.1" 404 1251 "https://bofirm.com/wp-admin/" "Mozilla/5.0 (Windows NT 10.0; Win64; x64) AppleWebKit/537.36 (KHTML, like Gecko) Chrome/90.0.4430.85 Safari/537.36"
66.249.72.6 - - [13/May/2025:06:21:27 -0400] "GET /citrea/kiw/248657964.htm HTTP/1.1" 404 1251 "-" "Mozilla/5.0 (Linux; Android 6.0.1; Nexus 5X Build/MMB29P) AppleWebKit/537.36 (KHTML, like Gecko) Chrome/136.0.7103.92 Mobile Safari/537.36 (compatible; Googlebot/2.1; +http://www.google.com/bot.html)"
66.249.72.6 - - [13/May/2025:06:21:29 -0400] "GET /?b=371960122 HTTP/1.1" 200 6715 "-" "Mozilla/5.0 (Linux; Android 6.0.1; Nexus 5X Build/MMB29P) AppleWebKit/537.36 (KHTML, like Gecko) Chrome/136.0.7103.92 Mobile Safari/537.36 (compatible; Googlebot/2.1; +http://www.google.com/bot.html)"
66.249.72.7 - - [13/May/2025:06:22:01 -0400] "GET /suppliant/deh/372985113.htm HTTP/1.1" 404 1251 "-" "Mozilla/5.0 (Linux; Android 6.0.1; Nexus 5X Build/MMB29P) AppleWebKit/537.36 (KHTML, like Gecko) Chrome/136.0.7103.92 Mobile Safari/537.36 (compatible; Googlebot/2.1; +http://www.google.com/bot.html)"
66.249.72.8 - - [13/May/2025:06:22:01 -0400] "GET /haematachometer473877865.htm HTTP/1.1" 404 1251 "-" "Mozilla/5.0 (Linux; Android 6.0.1; Nexus 5X Build/MMB29P) AppleWebKit/537.36 (KHTML, like Gecko) Chrome/136.0.7103.59 Mobile Safari/537.36 (compatible; Googlebot/2.1; +http://www.google.com/bot.html)"
66.249.72.6 - - [13/May/2025:06:22:22 -0400] "GET /?b=372090122 HTTP/1.1" 200 6715 "-" "Mozilla/5.0 (Linux; Android 6.0.1; Nexus 5X Build/MMB29P) AppleWebKit/537.36 (KHTML, like Gecko) Chrome/136.0.7103.92 Mobile Safari/537.36 (compatible; Googlebot/2.1; +http://www.google.com/bot.html)"
2602:fb54:9eb:: - - [13/May/2025:06:22:44 -0400] "POST /wp-admin HTTP/1.1" 404 1251 "https://bofirm.com/wp-admin/" "Mozilla/5.0 (Windows NT 10.0; Win64; x64) AppleWebKit/537.36 (KHTML, like Gecko) Chrome/90.0.4430.85 Safari/537.36"
2602:fb54:9eb:: - - [13/May/2025:06:22:45 -0400] "POST /wp-login.php HTTP/1.1" 404 1251 "https://bofirm.com/wp-admin/" "Mozilla/5.0 (Windows NT 10.0; Win64; x64) AppleWebKit/537.36 (KHTML, like Gecko) Chrome/90.0.4430.85 Safari/537.36"
2602:fb54:9eb:: - - [13/May/2025:06:22:45 -0400] "POST /admin HTTP/1.1" 404 1251 "https://bofirm.com/wp-admin/" "Mozilla/5.0 (Windows NT 10.0; Win64; x64) AppleWebKit/537.36 (KHTML, like Gecko) Chrome/90.0.4430.85 Safari/537.36"
2602:fb54:9eb:: - - [13/May/2025:06:22:46 -0400] "POST /user/login HTTP/1.1" 404 1251 "https://bofirm.com/wp-admin/" "Mozilla/5.0 (Windows NT 10.0; Win64; x64) AppleWebKit/537.36 (KHTML, like Gecko) Chrome/90.0.4430.85 Safari/537.36"
2602:fb54:9eb:: - - [13/May/2025:06:22:46 -0400] "POST /login HTTP/1.1" 404 1251 "https://bofirm.com/wp-admin/" "Mozilla/5.0 (Windows NT 10.0; Win64; x64) AppleWebKit/537.36 (KHTML, like Gecko) Chrome/90.0.4430.85 Safari/537.36"
2602:fb54:9eb:: - - [13/May/2025:06:22:46 -0400] "POST /dashboard HTTP/1.1" 404 1251 "https://bofirm.com/wp-admin/" "Mozilla/5.0 (Windows NT 10.0; Win64; x64) AppleWebKit/537.36 (KHTML, like Gecko) Chrome/90.0.4430.85 Safari/537.36"
2602:fb54:9eb:: - - [13/May/2025:06:22:46 -0400] "POST /cms HTTP/1.1" 404 1251 "https://bofirm.com/wp-admin/" "Mozilla/5.0 (Windows NT 10.0; Win64; x64) AppleWebKit/537.36 (KHTML, like Gecko) Chrome/90.0.4430.85 Safari/537.36"
2602:fb54:9eb:: - - [13/May/2025:06:22:47 -0400] "POST /panel HTTP/1.1" 404 1251 "https://bofirm.com/wp-admin/" "Mozilla/5.0 (Windows NT 10.0; Win64; x64) AppleWebKit/537.36 (KHTML, like Gecko) Chrome/90.0.4430.85 Safari/537.36"
2602:fb54:9eb:: - - [13/May/2025:06:22:47 -0400] "POST /backend HTTP/1.1" 404 1251 "https://bofirm.com/wp-admin/" "Mozilla/5.0 (Windows NT 10.0; Win64; x64) AppleWebKit/537.36 (KHTML, like Gecko) Chrome/90.0.4430.85 Safari/537.36"
172.178.58.143 - - [13/May/2025:06:23:02 -0400] "GET /assets/images/about-section2-left-img.png HTTP/1.1" 404 1251 "-" "Mozilla/5.0 (Windows NT 10.0; Win64; x64) AppleWebKit/537.36 (KHTML, like Gecko) Chrome/109.0.0.0 Safari/537.36"
172.178.58.143 - - [13/May/2025:06:23:02 -0400] "GET /assets/images/about-section2-left-img.png HTTP/1.1" 404 1251 "-" "Mozilla/5.0 (Windows NT 10.0; Win64; x64) AppleWebKit/537.36 (KHTML, like Gecko) Chrome/109.0.0.0 Safari/537.36"
172.178.58.143 - - [13/May/2025:06:23:03 -0400] "GET /assets/images/about-section2-left-img.png HTTP/1.1" 404 1251 "-" "Mozilla/5.0 (Windows NT 10.0; Win64; x64) AppleWebKit/537.36 (KHTML, like Gecko) Chrome/109.0.0.0 Safari/537.36"
172.178.58.143 - - [13/May/2025:06:23:21 -0400] "GET /assets/inc/images/banner-img.png HTTP/1.1" 404 1251 "-" "Mozilla/5.0 (Windows NT 10.0; Win64; x64) AppleWebKit/537.36 (KHTML, like Gecko) Chrome/109.0.0.0 Safari/537.36"
172.178.58.143 - - [13/May/2025:06:23:21 -0400] "GET /assets/inc/images/banner-img.png HTTP/1.1" 404 1251 "-" "Mozilla/5.0 (Windows NT 10.0; Win64; x64) AppleWebKit/537.36 (KHTML, like Gecko) Chrome/109.0.0.0 Safari/537.36"
172.178.58.143 - - [13/May/2025:06:23:22 -0400] "GET /assets/inc/images/banner-img.png HTTP/1.1" 404 1251 "-" "Mozilla/5.0 (Windows NT 10.0; Win64; x64) AppleWebKit/537.36 (KHTML, like Gecko) Chrome/109.0.0.0 Safari/537.36"
172.178.58.143 - - [13/May/2025:06:23:23 -0400] "GET /assets/inc/images/about-section2-left-img.png HTTP/1.1" 404 1251 "-" "Mozilla/5.0 (Windows NT 10.0; Win64; x64) AppleWebKit/537.36 (KHTML, like Gecko) Chrome/109.0.0.0 Safari/537.36"
172.178.58.143 - - [13/May/2025:06:23:24 -0400] "GET /assets/inc/images/about-section2-left-img.png HTTP/1.1" 404 1251 "-" "Mozilla/5.0 (Windows NT 10.0; Win64; x64) AppleWebKit/537.36 (KHTML, like Gecko) Chrome/109.0.0.0 Safari/537.36"
172.178.58.143 - - [13/May/2025:06:23:24 -0400] "GET /assets/inc/images/about-section2-left-img.png HTTP/1.1" 404 1251 "-" "Mozilla/5.0 (Windows NT 10.0; Win64; x64) AppleWebKit/537.36 (KHTML, like Gecko) Chrome/109.0.0.0 Safari/537.36"
66.249.72.8 - - [13/May/2025:06:23:28 -0400] "GET /?b=150094022 HTTP/1.1" 200 6715 "-" "Mozilla/5.0 (Linux; Android 6.0.1; Nexus 5X Build/MMB29P) AppleWebKit/537.36 (KHTML, like Gecko) Chrome/136.0.7103.92 Mobile Safari/537.36 (compatible; Googlebot/2.1; +http://www.google.com/bot.html)"
66.249.72.7 - - [13/May/2025:06:23:33 -0400] "GET /meligethes/526159332.htm HTTP/1.1" 404 1251 "-" "Mozilla/5.0 (Linux; Android 6.0.1; Nexus 5X Build/MMB29P) AppleWebKit/537.36 (KHTML, like Gecko) Chrome/136.0.7103.92 Mobile Safari/537.36 (compatible; Googlebot/2.1; +http://www.google.com/bot.html)"
170.106.181.163 - - [13/May/2025:06:23:41 -0400] "GET / HTTP/1.1" 200 6715 "http://www.bofirm.com" "Mozilla/5.0 (iPhone; CPU iPhone OS 13_2_3 like Mac OS X) AppleWebKit/605.1.15 (KHTML, like Gecko) Version/13.0.3 Mobile/15E148 Safari/604.1"
66.249.72.7 - - [13/May/2025:06:24:01 -0400] "GET /martialize/l236719445.htm HTTP/1.1" 404 1251 "-" "Mozilla/5.0 (Linux; Android 6.0.1; Nexus 5X Build/MMB29P) AppleWebKit/537.36 (KHTML, like Gecko) Chrome/136.0.7103.59 Mobile Safari/537.36 (compatible; Googlebot/2.1; +http://www.google.com/bot.html)"
66.249.72.8 - - [13/May/2025:06:26:02 -0400] "GET /emphatically/unc432556074.htm HTTP/1.1" 404 1251 "-" "Mozilla/5.0 (Linux; Android 6.0.1; Nexus 5X Build/MMB29P) AppleWebKit/537.36 (KHTML, like Gecko) Chrome/136.0.7103.59 Mobile Safari/537.36 (compatible; Googlebot/2.1; +http://www.google.com/bot.html)"
172.178.58.143 - - [13/May/2025:06:27:25 -0400] "GET /assets/uploads/service-4.png HTTP/1.1" 404 1251 "-" "Mozilla/5.0 (Windows NT 10.0; Win64; x64) AppleWebKit/537.36 (KHTML, like Gecko) Chrome/109.0.0.0 Safari/537.36"
172.178.58.143 - - [13/May/2025:06:27:26 -0400] "GET /assets/uploads/service-4.png HTTP/1.1" 404 1251 "-" "Mozilla/5.0 (Windows NT 10.0; Win64; x64) AppleWebKit/537.36 (KHTML, like Gecko) Chrome/109.0.0.0 Safari/537.36"
172.178.58.143 - - [13/May/2025:06:27:26 -0400] "GET /assets/uploads/service-4.png HTTP/1.1" 404 1251 "-" "Mozilla/5.0 (Windows NT 10.0; Win64; x64) AppleWebKit/537.36 (KHTML, like Gecko) Chrome/109.0.0.0 Safari/537.36"
