52.169.71.77 - - [13/May/2025:03:10:41 -0400] "GET /wp-content/themes/twentyfive/include.php HTTP/1.1" 404 1251 "-" "-"
52.169.71.77 - - [13/May/2025:03:10:42 -0400] "GET /wp-content/uploads HTTP/1.1" 404 1251 "-" "-"
52.169.71.77 - - [13/May/2025:03:10:42 -0400] "GET /wp-content/x/index.php HTTP/1.1" 404 1251 "-" "-"
52.169.71.77 - - [13/May/2025:03:10:43 -0400] "GET /wp-file.php HTTP/1.1" 404 1251 "-" "-"
52.169.71.77 - - [13/May/2025:03:10:43 -0400] "GET /wp-includes/IXR/autoload_classmap.php HTTP/1.1" 404 1251 "-" "-"
52.169.71.77 - - [13/May/2025:03:10:43 -0400] "GET /wp-includes/Requests/ HTTP/1.1" 404 1251 "-" "-"
52.169.71.77 - - [13/May/2025:03:10:44 -0400] "GET /wp-includes/Requests/Cookie/ HTTP/1.1" 404 1251 "-" "-"
52.169.71.77 - - [13/May/2025:03:10:44 -0400] "GET /wp-includes/Requests/library/about.php HTTP/1.1" 404 1251 "-" "-"
52.169.71.77 - - [13/May/2025:03:10:45 -0400] "GET /wp-includes/SimplePie/Parse/ HTTP/1.1" 404 1251 "-" "-"
52.169.71.77 - - [13/May/2025:03:10:45 -0400] "GET /wp-includes/Text/chosen.php HTTP/1.1" 404 1251 "-" "-"
52.169.71.77 - - [13/May/2025:03:10:46 -0400] "GET /wp-includes/about.php HTTP/1.1" 404 1251 "-" "-"
52.169.71.77 - - [13/May/2025:03:10:46 -0400] "GET /wp-includes/blocks/autoload_classmap.php HTTP/1.1" 404 1251 "-" "-"
52.169.71.77 - - [13/May/2025:03:10:47 -0400] "GET /wp-includes/blocks/more/ HTTP/1.1" 404 1251 "-" "-"
52.169.71.77 - - [13/May/2025:03:10:47 -0400] "GET /wp-includes/blocks/post-author/ HTTP/1.1" 404 1251 "-" "-"
52.169.71.77 - - [13/May/2025:03:10:48 -0400] "GET /wp-includes/blocks/site-logo/ HTTP/1.1" 404 1251 "-" "-"
52.169.71.77 - - [13/May/2025:03:10:48 -0400] "GET /wp-includes/blocks/social-links/ HTTP/1.1" 404 1251 "-" "-"
52.169.71.77 - - [13/May/2025:03:10:48 -0400] "GET /wp-includes/blocks/term-description/ HTTP/1.1" 404 1251 "-" "-"
52.169.71.77 - - [13/May/2025:03:10:49 -0400] "GET /wp-includes/css/dist/preferences/ HTTP/1.1" 404 1251 "-" "-"
52.169.71.77 - - [13/May/2025:03:10:49 -0400] "GET /wp-includes/fonts/index.php HTTP/1.1" 404 1251 "-" "-"
52.169.71.77 - - [13/May/2025:03:10:50 -0400] "GET /wp-includes/images/crystal/ HTTP/1.1" 404 1251 "-" "-"
52.169.71.77 - - [13/May/2025:03:10:50 -0400] "GET /wp-includes/install.php HTTP/1.1" 404 1251 "-" "-"
52.169.71.77 - - [13/May/2025:03:10:50 -0400] "GET /wp-includes/js/tinymce/plugins/compat3x/ HTTP/1.1" 404 1251 "-" "-"
52.169.71.77 - - [13/May/2025:03:10:51 -0400] "GET /wp-includes/rest-api/fields/ HTTP/1.1" 404 1251 "-" "-"
52.169.71.77 - - [13/May/2025:03:10:51 -0400] "GET /wp-includes/sts.php HTTP/1.1" 404 1251 "-" "-"
52.169.71.77 - - [13/May/2025:03:10:52 -0400] "GET /wp-includes/wp-class.php/wp-content/themes/travelscape/ HTTP/1.1" 404 1251 "-" "-"
52.169.71.77 - - [13/May/2025:03:10:52 -0400] "GET /wp-info.php HTTP/1.1" 404 1251 "-" "-"
52.169.71.77 - - [13/May/2025:03:10:53 -0400] "GET /ws.php HTTP/1.1" 404 1251 "-" "-"
52.169.71.77 - - [13/May/2025:03:10:53 -0400] "GET /x.php HTTP/1.1" 404 1251 "-" "-"
52.169.71.77 - - [13/May/2025:03:10:53 -0400] "GET /xleet.php HTTP/1.1" 404 1251 "-" "-"
52.169.71.77 - - [13/May/2025:03:10:54 -0400] "GET /xox.php HTTP/1.1" 404 1251 "-" "-"
51.222.253.7 - - [13/May/2025:03:12:46 -0400] "GET /198872556.html HTTP/1.1" 404 1251 "-" "Mozilla/5.0 (compatible; AhrefsBot/7.0; +http://ahrefs.com/robot/)"
170.39.218.59 - - [13/May/2025:03:16:56 -0400] "GET /assets/inc/images/favicons/apple-icon-72x72.png HTTP/1.1" 200 8536 "-" "Mozilla/5.0 (Macintosh; Intel Mac OS X 10_15_7) AppleWebKit/537.36 Chrome/120.0.0.0"
51.222.253.5 - - [13/May/2025:03:18:51 -0400] "GET /206764332.html HTTP/1.1" 404 1251 "-" "Mozilla/5.0 (compatible; AhrefsBot/7.0; +http://ahrefs.com/robot/)"
198.235.24.183 - - [13/May/2025:03:21:35 -0400] "GET / HTTP/1.1" 200 57648 "-" "Expanse, a Palo Alto Networks company, searches across the global IPv4 space multiple times per day to identify customers' presences on the Internet. If you would like to be excluded from our scans, please send IP addresses/domains to: scaninfo@paloaltonetworks.com"
78.178.107.28 - - [13/May/2025:03:22:07 -0400] "GET /administrator/ HTTP/1.1" 404 1251 "-" "Mozilla/5.0 (Windows NT 10.0) AppleWebKit/537.36 (KHTML, like Gecko) Chrome/107.0.5304.91 Safari/537.36"
78.178.107.28 - - [13/May/2025:03:22:08 -0400] "GET /administrator/ HTTP/1.1" 404 1251 "-" "Mozilla/5.0 (Windows NT 6.1; Win64; x64) AppleWebKit/537.36 (KHTML, like Gecko) Chrome/105.0.5195.52 Safari/537.36"
78.178.107.28 - - [13/May/2025:03:22:08 -0400] "GET /administrator/ HTTP/1.1" 404 1251 "-" "Mozilla/5.0 (Windows NT 10.0) AppleWebKit/537.36 (KHTML, like Gecko) Chrome/106.0.5249.70 Safari/537.36"
78.178.107.28 - - [13/May/2025:03:22:08 -0400] "GET /administrator/ HTTP/1.1" 404 1251 "-" "Mozilla/5.0 (Windows NT 10.0) AppleWebKit/537.36 (KHTML, like Gecko) Chrome/104.0.5112.101 Safari/537.36"
78.178.107.28 - - [13/May/2025:03:22:08 -0400] "GET /administrator/ HTTP/1.1" 404 1251 "-" "Mozilla/5.0 (Windows NT 10.0; WOW64) AppleWebKit/537.36 (KHTML, like Gecko) Chrome/105.0.5195.52 Safari/537.36"
78.178.107.28 - - [13/May/2025:03:22:09 -0400] "GET /administrator/ HTTP/1.1" 404 1251 "-" "Mozilla/5.0 (Windows NT 6.3; Win64; x64) AppleWebKit/537.36 (KHTML, like Gecko) Chrome/109.0.5384.0 Safari/537.36"
78.178.107.28 - - [13/May/2025:03:22:09 -0400] "GET /administrator/ HTTP/1.1" 404 1251 "-" "Mozilla/5.0 (Windows NT 6.3; Win64; x64) AppleWebKit/537.36 (KHTML, like Gecko) Chrome/103.0.5060.114 Safari/537.36"
78.178.107.28 - - [13/May/2025:03:22:09 -0400] "GET /administrator/ HTTP/1.1" 404 1251 "-" "Mozilla/5.0 (Windows NT 10.0) AppleWebKit/537.36 (KHTML, like Gecko) Chrome/103.0.5060.114 Safari/537.36"
78.178.107.28 - - [13/May/2025:03:22:10 -0400] "GET /administrator/ HTTP/1.1" 404 1251 "-" "Mozilla/5.0 (Windows NT 6.3; Win64; x64) AppleWebKit/537.36 (KHTML, like Gecko) Chrome/100.0.4896.127 Safari/537.36"
78.178.107.28 - - [13/May/2025:03:22:12 -0400] "GET /404.shtml HTTP/1.1" 500 1087 "-" "Mozilla/5.0 (Windows NT 6.1; Win64; x64) AppleWebKit/537.36 (KHTML, like Gecko) Chrome/107.0.5304.63 Safari/537.36"
51.222.253.17 - - [13/May/2025:03:24:36 -0400] "GET /213693324.html HTTP/1.1" 404 1251 "-" "Mozilla/5.0 (compatible; AhrefsBot/7.0; +http://ahrefs.com/robot/)"
51.222.253.6 - - [13/May/2025:03:30:29 -0400] "GET /214811628.html HTTP/1.1" 404 1251 "-" "Mozilla/5.0 (compatible; AhrefsBot/7.0; +http://ahrefs.com/robot/)"
51.222.253.14 - - [13/May/2025:03:37:28 -0400] "GET /220354476.html HTTP/1.1" 404 1251 "-" "Mozilla/5.0 (compatible; AhrefsBot/7.0; +http://ahrefs.com/robot/)"
51.222.253.8 - - [13/May/2025:03:44:39 -0400] "GET /221884332.html HTTP/1.1" 404 1251 "-" "Mozilla/5.0 (compatible; AhrefsBot/7.0; +http://ahrefs.com/robot/)"
51.222.253.7 - - [13/May/2025:03:51:39 -0400] "GET /240040716.html HTTP/1.1" 404 1251 "-" "Mozilla/5.0 (compatible; AhrefsBot/7.0; +http://ahrefs.com/robot/)"
54.36.149.37 - - [13/May/2025:03:57:41 -0400] "GET /robots.txt HTTP/1.1" 200 84 "-" "Mozilla/5.0 (compatible; AhrefsBot/7.0; +http://ahrefs.com/robot/)"
51.222.253.9 - - [13/May/2025:03:57:46 -0400] "GET /249857484.html HTTP/1.1" 404 1251 "-" "Mozilla/5.0 (compatible; AhrefsBot/7.0; +http://ahrefs.com/robot/)"
51.222.253.1 - - [13/May/2025:04:04:47 -0400] "GET /257880876.html HTTP/1.1" 404 1251 "-" "Mozilla/5.0 (compatible; AhrefsBot/7.0; +http://ahrefs.com/robot/)"
51.222.253.8 - - [13/May/2025:04:11:28 -0400] "GET /257954604.html HTTP/1.1" 404 1251 "-" "Mozilla/5.0 (compatible; AhrefsBot/7.0; +http://ahrefs.com/robot/)"
51.222.253.18 - - [13/May/2025:04:19:10 -0400] "GET /258119052.html HTTP/1.1" 404 1251 "-" "Mozilla/5.0 (compatible; AhrefsBot/7.0; +http://ahrefs.com/robot/)"
51.222.253.19 - - [13/May/2025:04:28:02 -0400] "GET /286513260.html HTTP/1.1" 404 1251 "-" "Mozilla/5.0 (compatible; AhrefsBot/7.0; +http://ahrefs.com/robot/)"
52.167.144.56 - - [13/May/2025:04:28:54 -0400] "GET /robots.txt HTTP/1.1" 200 84 "-" "Mozilla/5.0 AppleWebKit/537.36 (KHTML, like Gecko; compatible; bingbot/2.0; +http://www.bing.com/bingbot.htm) Chrome/116.0.1938.76 Safari/537.36"
157.55.39.197 - - [13/May/2025:04:29:09 -0400] "GET /services HTTP/1.1" 404 1251 "-" "Mozilla/5.0 AppleWebKit/537.36 (KHTML, like Gecko; compatible; bingbot/2.0; +http://www.bing.com/bingbot.htm) Chrome/116.0.1938.76 Safari/537.36"
151.242.63.215 - - [13/May/2025:04:33:49 -0400] "GET /administrator/ HTTP/1.1" 404 1251 "-" "python-requests/2.32.3"
151.242.63.215 - - [13/May/2025:04:33:50 -0400] "POST /wp-login.php HTTP/1.1" 404 1251 "-" "Mozilla"
51.222.253.1 - - [13/May/2025:04:36:15 -0400] "GET /332232396.html HTTP/1.1" 404 1251 "-" "Mozilla/5.0 (compatible; AhrefsBot/7.0; +http://ahrefs.com/robot/)"
51.222.253.3 - - [13/May/2025:04:43:05 -0400] "GET /341607660.html HTTP/1.1" 404 1251 "-" "Mozilla/5.0 (compatible; AhrefsBot/7.0; +http://ahrefs.com/robot/)"
51.222.253.17 - - [13/May/2025:04:50:24 -0400] "GET /347027244.html HTTP/1.1" 404 1251 "-" "Mozilla/5.0 (compatible; AhrefsBot/7.0; +http://ahrefs.com/robot/)"
51.222.253.12 - - [13/May/2025:04:57:58 -0400] "GET /359536524.html HTTP/1.1" 404 1251 "-" "Mozilla/5.0 (compatible; AhrefsBot/7.0; +http://ahrefs.com/robot/)"
51.222.253.1 - - [13/May/2025:05:06:20 -0400] "GET /129240780.html HTTP/1.1" 404 1251 "-" "Mozilla/5.0 (compatible; AhrefsBot/7.0; +http://ahrefs.com/robot/)"
47.128.43.93 - - [13/May/2025:05:09:23 -0400] "GET / HTTP/1.1" 200 9266 "-" "Mozilla/5.0 (Linux; Android 5.0) AppleWebKit/537.36 (KHTML, like Gecko) Mobile Safari/537.36 (compatible; Bytespider; spider-feedback@bytedance.com)"
47.128.43.93 - - [13/May/2025:05:09:24 -0400] "GET /assets/images/about-section2-left-img.png HTTP/1.1" 404 1251 "https://www.gltechlimited.com/" "Mozilla/5.0 (Linux; Android 5.0) AppleWebKit/537.36 (KHTML, like Gecko) Mobile Safari/537.36 (compatible; Bytespider; spider-feedback@bytedance.com)"
47.128.43.93 - - [13/May/2025:05:09:24 -0400] "GET /assets/uploads/news-16.jpg HTTP/1.1" 404 1251 "https://www.gltechlimited.com/" "Mozilla/5.0 (Linux; Android 5.0) AppleWebKit/537.36 (KHTML, like Gecko) Mobile Safari/537.36 (compatible; Bytespider; spider-feedback@bytedance.com)"
47.128.43.93 - - [13/May/2025:05:09:25 -0400] "GET /assets/inc/images/cyber-security-right-img.png HTTP/1.1" 200 320861 "https://www.gltechlimited.com/" "Mozilla/5.0 (Linux; Android 5.0) AppleWebKit/537.36 (KHTML, like Gecko) Mobile Safari/537.36 (compatible; Bytespider; spider-feedback@bytedance.com)"
194.163.159.240 - - [13/May/2025:05:11:11 -0400] "GET /core/.env HTTP/1.1" 404 1251 "-" "Mozilla/5.0 (Windows NT 6.3; Win64; x64) AppleWebKit/537.36 (KHTML, like Gecko) Chrome/74.0.3729.169 Safari/537.36"
51.222.253.7 - - [13/May/2025:05:16:52 -0400] "GET /161666988.html HTTP/1.1" 404 1251 "-" "Mozilla/5.0 (compatible; AhrefsBot/7.0; +http://ahrefs.com/robot/)"
5.199.139.98 - - [13/May/2025:05:22:39 -0400] "GET /administrator/ HTTP/1.1" 404 1251 "-" "Mozilla/5.0 (Windows NT 10.0; Win64; x64) AppleWebKit/537.36 (KHTML, like Gecko) Chrome/115.0.0.0 Safari/537.36 Edg/115.0.1901.203"
43.153.12.58 - - [13/May/2025:05:23:18 -0400] "GET / HTTP/1.1" 200 9266 "http://gltechlimited.com" "Mozilla/5.0 (iPhone; CPU iPhone OS 13_2_3 like Mac OS X) AppleWebKit/605.1.15 (KHTML, like Gecko) Version/13.0.3 Mobile/15E148 Safari/604.1"
51.222.253.14 - - [13/May/2025:05:24:23 -0400] "GET /201096204.html HTTP/1.1" 404 1251 "-" "Mozilla/5.0 (compatible; AhrefsBot/7.0; +http://ahrefs.com/robot/)"
51.222.253.15 - - [13/May/2025:05:30:19 -0400] "GET /264979500.html HTTP/1.1" 404 1251 "-" "Mozilla/5.0 (compatible; AhrefsBot/7.0; +http://ahrefs.com/robot/)"
51.222.253.6 - - [13/May/2025:05:35:57 -0400] "GET /285637164.html HTTP/1.1" 404 1251 "-" "Mozilla/5.0 (compatible; AhrefsBot/7.0; +http://ahrefs.com/robot/)"
51.222.253.6 - - [13/May/2025:05:41:53 -0400] "GET /314038284.html HTTP/1.1" 404 1251 "-" "Mozilla/5.0 (compatible; AhrefsBot/7.0; +http://ahrefs.com/robot/)"
170.106.163.48 - - [13/May/2025:05:42:44 -0400] "GET / HTTP/1.1" 200 9266 "http://www.gltechlimited.com" "Mozilla/5.0 (iPhone; CPU iPhone OS 13_2_3 like Mac OS X) AppleWebKit/605.1.15 (KHTML, like Gecko) Version/13.0.3 Mobile/15E148 Safari/604.1"
51.222.253.16 - - [13/May/2025:05:46:50 -0400] "GET /314904588.html HTTP/1.1" 404 1251 "-" "Mozilla/5.0 (compatible; AhrefsBot/7.0; +http://ahrefs.com/robot/)"
51.222.253.8 - - [13/May/2025:05:52:38 -0400] "GET /362001228.html HTTP/1.1" 404 1251 "-" "Mozilla/5.0 (compatible; AhrefsBot/7.0; +http://ahrefs.com/robot/)"
51.222.253.19 - - [13/May/2025:05:57:54 -0400] "GET /376703340.html HTTP/1.1" 404 1251 "-" "Mozilla/5.0 (compatible; AhrefsBot/7.0; +http://ahrefs.com/robot/)"
51.222.253.11 - - [13/May/2025:06:03:42 -0400] "GET /384734796.html HTTP/1.1" 404 1251 "-" "Mozilla/5.0 (compatible; AhrefsBot/7.0; +http://ahrefs.com/robot/)"
2602:fb54:9eb:: - - [13/May/2025:06:04:16 -0400] "POST /wp-admin HTTP/1.1" 404 1251 "https://gltechlimited.com/wp-admin/" "Mozilla/5.0 (Windows NT 10.0; Win64; x64) AppleWebKit/537.36 (KHTML, like Gecko) Chrome/90.0.4430.85 Safari/537.36"
2602:fb54:9eb:: - - [13/May/2025:06:04:16 -0400] "POST /wp-login.php HTTP/1.1" 404 1251 "https://gltechlimited.com/wp-admin/" "Mozilla/5.0 (Windows NT 10.0; Win64; x64) AppleWebKit/537.36 (KHTML, like Gecko) Chrome/90.0.4430.85 Safari/537.36"
2602:fb54:9eb:: - - [13/May/2025:06:04:17 -0400] "POST /admin HTTP/1.1" 404 1251 "https://gltechlimited.com/wp-admin/" "Mozilla/5.0 (Windows NT 10.0; Win64; x64) AppleWebKit/537.36 (KHTML, like Gecko) Chrome/90.0.4430.85 Safari/537.36"
2602:fb54:9eb:: - - [13/May/2025:06:04:17 -0400] "POST /user/login HTTP/1.1" 404 1251 "https://gltechlimited.com/wp-admin/" "Mozilla/5.0 (Windows NT 10.0; Win64; x64) AppleWebKit/537.36 (KHTML, like Gecko) Chrome/90.0.4430.85 Safari/537.36"
2602:fb54:9eb:: - - [13/May/2025:06:04:18 -0400] "POST /login HTTP/1.1" 404 1251 "https://gltechlimited.com/wp-admin/" "Mozilla/5.0 (Windows NT 10.0; Win64; x64) AppleWebKit/537.36 (KHTML, like Gecko) Chrome/90.0.4430.85 Safari/537.36"
2602:fb54:9eb:: - - [13/May/2025:06:04:18 -0400] "POST /dashboard HTTP/1.1" 404 1251 "https://gltechlimited.com/wp-admin/" "Mozilla/5.0 (Windows NT 10.0; Win64; x64) AppleWebKit/537.36 (KHTML, like Gecko) Chrome/90.0.4430.85 Safari/537.36"
2602:fb54:9eb:: - - [13/May/2025:06:04:20 -0400] "POST /cms HTTP/1.1" 404 1251 "https://gltechlimited.com/wp-admin/" "Mozilla/5.0 (Windows NT 10.0; Win64; x64) AppleWebKit/537.36 (KHTML, like Gecko) Chrome/90.0.4430.85 Safari/537.36"
2602:fb54:9eb:: - - [13/May/2025:06:04:20 -0400] "POST /panel HTTP/1.1" 404 1251 "https://gltechlimited.com/wp-admin/" "Mozilla/5.0 (Windows NT 10.0; Win64; x64) AppleWebKit/537.36 (KHTML, like Gecko) Chrome/90.0.4430.85 Safari/537.36"
2602:fb54:9eb:: - - [13/May/2025:06:04:20 -0400] "POST /backend HTTP/1.1" 404 1251 "https://gltechlimited.com/wp-admin/" "Mozilla/5.0 (Windows NT 10.0; Win64; x64) AppleWebKit/537.36 (KHTML, like Gecko) Chrome/90.0.4430.85 Safari/537.36"
18.143.163.221 - - [13/May/2025:06:05:32 -0400] "GET / HTTP/1.1" 200 9266 "-" "Mozilla/5.0 (X11; Ubuntu; Linux i686; rv:24.0) Gecko/20100101 Firefox/24.0"
18.143.163.221 - - [13/May/2025:06:05:33 -0400] "GET /assets/inc/js/popper.min.js HTTP/1.1" 200 6644 "-" "python-httpx/0.28.1"
18.143.163.221 - - [13/May/2025:06:05:34 -0400] "GET /manifest.json HTTP/1.1" 404 1251 "-" "python-httpx/0.28.1"
18.143.163.221 - - [13/May/2025:06:05:34 -0400] "GET /assets/inc/js/owl.carousel.js HTTP/1.1" 200 19365 "-" "python-httpx/0.28.1"
18.143.163.221 - - [13/May/2025:06:05:35 -0400] "GET /assets/inc/js/animations.js HTTP/1.1" 200 163 "-" "python-httpx/0.28.1"
18.143.163.221 - - [13/May/2025:06:05:36 -0400] "GET /assets/inc/js/text-animations.js HTTP/1.1" 200 80 "-" "python-httpx/0.28.1"
18.143.163.221 - - [13/May/2025:06:05:37 -0400] "GET /assets/inc/js/custom-script.js HTTP/1.1" 200 335 "-" "python-httpx/0.28.1"
51.222.253.6 - - [13/May/2025:06:09:25 -0400] "GET /388345452.html HTTP/1.1" 404 1251 "-" "Mozilla/5.0 (compatible; AhrefsBot/7.0; +http://ahrefs.com/robot/)"
222.79.103.59 - - [13/May/2025:06:10:44 -0400] "GET / HTTP/1.1" 200 9266 "http://www.gltechlimited.com" "Mozilla/5.0 (iPhone; CPU iPhone OS 13_2_3 like Mac OS X) AppleWebKit/605.1.15 (KHTML, like Gecko) Version/13.0.3 Mobile/15E148 Safari/604.1"
51.222.253.17 - - [13/May/2025:06:15:23 -0400] "GET /390543468.html HTTP/1.1" 404 1251 "-" "Mozilla/5.0 (compatible; AhrefsBot/7.0; +http://ahrefs.com/robot/)"
2602:fb54:9eb:: - - [13/May/2025:06:19:16 -0400] "POST /wp-admin HTTP/1.1" 404 1251 "https://gltechlimited.com/wp-admin/" "Mozilla/5.0 (Windows NT 10.0; Win64; x64) AppleWebKit/537.36 (KHTML, like Gecko) Chrome/90.0.4430.85 Safari/537.36"
2602:fb54:9eb:: - - [13/May/2025:06:19:16 -0400] "POST /wp-login.php HTTP/1.1" 404 1251 "https://gltechlimited.com/wp-admin/" "Mozilla/5.0 (Windows NT 10.0; Win64; x64) AppleWebKit/537.36 (KHTML, like Gecko) Chrome/90.0.4430.85 Safari/537.36"
2602:fb54:9eb:: - - [13/May/2025:06:19:17 -0400] "POST /admin HTTP/1.1" 404 1251 "https://gltechlimited.com/wp-admin/" "Mozilla/5.0 (Windows NT 10.0; Win64; x64) AppleWebKit/537.36 (KHTML, like Gecko) Chrome/90.0.4430.85 Safari/537.36"
2602:fb54:9eb:: - - [13/May/2025:06:19:17 -0400] "POST /user/login HTTP/1.1" 404 1251 "https://gltechlimited.com/wp-admin/" "Mozilla/5.0 (Windows NT 10.0; Win64; x64) AppleWebKit/537.36 (KHTML, like Gecko) Chrome/90.0.4430.85 Safari/537.36"
2602:fb54:9eb:: - - [13/May/2025:06:19:17 -0400] "POST /login HTTP/1.1" 404 1251 "https://gltechlimited.com/wp-admin/" "Mozilla/5.0 (Windows NT 10.0; Win64; x64) AppleWebKit/537.36 (KHTML, like Gecko) Chrome/90.0.4430.85 Safari/537.36"
2602:fb54:9eb:: - - [13/May/2025:06:19:18 -0400] "POST /dashboard HTTP/1.1" 404 1251 "https://gltechlimited.com/wp-admin/" "Mozilla/5.0 (Windows NT 10.0; Win64; x64) AppleWebKit/537.36 (KHTML, like Gecko) Chrome/90.0.4430.85 Safari/537.36"
2602:fb54:9eb:: - - [13/May/2025:06:19:18 -0400] "POST /cms HTTP/1.1" 404 1251 "https://gltechlimited.com/wp-admin/" "Mozilla/5.0 (Windows NT 10.0; Win64; x64) AppleWebKit/537.36 (KHTML, like Gecko) Chrome/90.0.4430.85 Safari/537.36"
2602:fb54:9eb:: - - [13/May/2025:06:19:19 -0400] "POST /panel HTTP/1.1" 404 1251 "https://gltechlimited.com/wp-admin/" "Mozilla/5.0 (Windows NT 10.0; Win64; x64) AppleWebKit/537.36 (KHTML, like Gecko) Chrome/90.0.4430.85 Safari/537.36"
2602:fb54:9eb:: - - [13/May/2025:06:19:19 -0400] "POST /backend HTTP/1.1" 404 1251 "https://gltechlimited.com/wp-admin/" "Mozilla/5.0 (Windows NT 10.0; Win64; x64) AppleWebKit/537.36 (KHTML, like Gecko) Chrome/90.0.4430.85 Safari/537.36"
2602:fb54:9eb:: - - [13/May/2025:06:19:40 -0400] "POST /wp-admin HTTP/1.1" 404 1251 "https://gltechlimited.com/wp-admin/" "Mozilla/5.0 (Windows NT 10.0; Win64; x64) AppleWebKit/537.36 (KHTML, like Gecko) Chrome/90.0.4430.85 Safari/537.36"
2602:fb54:9eb:: - - [13/May/2025:06:19:40 -0400] "POST /wp-login.php HTTP/1.1" 404 1251 "https://gltechlimited.com/wp-admin/" "Mozilla/5.0 (Windows NT 10.0; Win64; x64) AppleWebKit/537.36 (KHTML, like Gecko) Chrome/90.0.4430.85 Safari/537.36"
2602:fb54:9eb:: - - [13/May/2025:06:19:40 -0400] "POST /admin HTTP/1.1" 404 1251 "https://gltechlimited.com/wp-admin/" "Mozilla/5.0 (Windows NT 10.0; Win64; x64) AppleWebKit/537.36 (KHTML, like Gecko) Chrome/90.0.4430.85 Safari/537.36"
2602:fb54:9eb:: - - [13/May/2025:06:19:41 -0400] "POST /user/login HTTP/1.1" 404 1251 "https://gltechlimited.com/wp-admin/" "Mozilla/5.0 (Windows NT 10.0; Win64; x64) AppleWebKit/537.36 (KHTML, like Gecko) Chrome/90.0.4430.85 Safari/537.36"
2602:fb54:9eb:: - - [13/May/2025:06:19:41 -0400] "POST /login HTTP/1.1" 404 1251 "https://gltechlimited.com/wp-admin/" "Mozilla/5.0 (Windows NT 10.0; Win64; x64) AppleWebKit/537.36 (KHTML, like Gecko) Chrome/90.0.4430.85 Safari/537.36"
2602:fb54:9eb:: - - [13/May/2025:06:19:41 -0400] "POST /dashboard HTTP/1.1" 404 1251 "https://gltechlimited.com/wp-admin/" "Mozilla/5.0 (Windows NT 10.0; Win64; x64) AppleWebKit/537.36 (KHTML, like Gecko) Chrome/90.0.4430.85 Safari/537.36"
2602:fb54:9eb:: - - [13/May/2025:06:19:41 -0400] "POST /cms HTTP/1.1" 404 1251 "https://gltechlimited.com/wp-admin/" "Mozilla/5.0 (Windows NT 10.0; Win64; x64) AppleWebKit/537.36 (KHTML, like Gecko) Chrome/90.0.4430.85 Safari/537.36"
2602:fb54:9eb:: - - [13/May/2025:06:19:41 -0400] "POST /panel HTTP/1.1" 404 1251 "https://gltechlimited.com/wp-admin/" "Mozilla/5.0 (Windows NT 10.0; Win64; x64) AppleWebKit/537.36 (KHTML, like Gecko) Chrome/90.0.4430.85 Safari/537.36"
2602:fb54:9eb:: - - [13/May/2025:06:19:42 -0400] "POST /backend HTTP/1.1" 404 1251 "https://gltechlimited.com/wp-admin/" "Mozilla/5.0 (Windows NT 10.0; Win64; x64) AppleWebKit/537.36 (KHTML, like Gecko) Chrome/90.0.4430.85 Safari/537.36"
51.222.253.4 - - [13/May/2025:06:20:59 -0400] "GET /399209388.html HTTP/1.1" 404 1251 "-" "Mozilla/5.0 (compatible; AhrefsBot/7.0; +http://ahrefs.com/robot/)"
2602:fb54:9eb:: - - [13/May/2025:06:23:41 -0400] "POST /wp-admin HTTP/1.1" 404 1251 "https://gltechlimited.com/wp-admin/" "Mozilla/5.0 (Windows NT 10.0; Win64; x64) AppleWebKit/537.36 (KHTML, like Gecko) Chrome/90.0.4430.85 Safari/537.36"
2602:fb54:9eb:: - - [13/May/2025:06:23:42 -0400] "POST /wp-login.php HTTP/1.1" 404 1251 "https://gltechlimited.com/wp-admin/" "Mozilla/5.0 (Windows NT 10.0; Win64; x64) AppleWebKit/537.36 (KHTML, like Gecko) Chrome/90.0.4430.85 Safari/537.36"
2602:fb54:9eb:: - - [13/May/2025:06:23:42 -0400] "POST /admin HTTP/1.1" 404 1251 "https://gltechlimited.com/wp-admin/" "Mozilla/5.0 (Windows NT 10.0; Win64; x64) AppleWebKit/537.36 (KHTML, like Gecko) Chrome/90.0.4430.85 Safari/537.36"
2602:fb54:9eb:: - - [13/May/2025:06:23:43 -0400] "POST /user/login HTTP/1.1" 404 1251 "https://gltechlimited.com/wp-admin/" "Mozilla/5.0 (Windows NT 10.0; Win64; x64) AppleWebKit/537.36 (KHTML, like Gecko) Chrome/90.0.4430.85 Safari/537.36"
2602:fb54:9eb:: - - [13/May/2025:06:23:43 -0400] "POST /login HTTP/1.1" 404 1251 "https://gltechlimited.com/wp-admin/" "Mozilla/5.0 (Windows NT 10.0; Win64; x64) AppleWebKit/537.36 (KHTML, like Gecko) Chrome/90.0.4430.85 Safari/537.36"
2602:fb54:9eb:: - - [13/May/2025:06:23:44 -0400] "POST /dashboard HTTP/1.1" 404 1251 "https://gltechlimited.com/wp-admin/" "Mozilla/5.0 (Windows NT 10.0; Win64; x64) AppleWebKit/537.36 (KHTML, like Gecko) Chrome/90.0.4430.85 Safari/537.36"
2602:fb54:9eb:: - - [13/May/2025:06:23:45 -0400] "POST /cms HTTP/1.1" 404 1251 "https://gltechlimited.com/wp-admin/" "Mozilla/5.0 (Windows NT 10.0; Win64; x64) AppleWebKit/537.36 (KHTML, like Gecko) Chrome/90.0.4430.85 Safari/537.36"
2602:fb54:9eb:: - - [13/May/2025:06:23:45 -0400] "POST /panel HTTP/1.1" 404 1251 "https://gltechlimited.com/wp-admin/" "Mozilla/5.0 (Windows NT 10.0; Win64; x64) AppleWebKit/537.36 (KHTML, like Gecko) Chrome/90.0.4430.85 Safari/537.36"
2602:fb54:9eb:: - - [13/May/2025:06:23:45 -0400] "POST /backend HTTP/1.1" 404 1251 "https://gltechlimited.com/wp-admin/" "Mozilla/5.0 (Windows NT 10.0; Win64; x64) AppleWebKit/537.36 (KHTML, like Gecko) Chrome/90.0.4430.85 Safari/537.36"
2602:fb54:9eb:: - - [13/May/2025:06:24:40 -0400] "POST /wp-admin HTTP/1.1" 404 1251 "https://gltechlimited.com/wp-admin/" "Mozilla/5.0 (Windows NT 10.0; Win64; x64) AppleWebKit/537.36 (KHTML, like Gecko) Chrome/90.0.4430.85 Safari/537.36"
2602:fb54:9eb:: - - [13/May/2025:06:24:40 -0400] "POST /wp-login.php HTTP/1.1" 404 1251 "https://gltechlimited.com/wp-admin/" "Mozilla/5.0 (Windows NT 10.0; Win64; x64) AppleWebKit/537.36 (KHTML, like Gecko) Chrome/90.0.4430.85 Safari/537.36"
2602:fb54:9eb:: - - [13/May/2025:06:24:40 -0400] "POST /admin HTTP/1.1" 404 1251 "https://gltechlimited.com/wp-admin/" "Mozilla/5.0 (Windows NT 10.0; Win64; x64) AppleWebKit/537.36 (KHTML, like Gecko) Chrome/90.0.4430.85 Safari/537.36"
2602:fb54:9eb:: - - [13/May/2025:06:24:41 -0400] "POST /user/login HTTP/1.1" 404 1251 "https://gltechlimited.com/wp-admin/" "Mozilla/5.0 (Windows NT 10.0; Win64; x64) AppleWebKit/537.36 (KHTML, like Gecko) Chrome/90.0.4430.85 Safari/537.36"
2602:fb54:9eb:: - - [13/May/2025:06:24:43 -0400] "POST /login HTTP/1.1" 404 1251 "https://gltechlimited.com/wp-admin/" "Mozilla/5.0 (Windows NT 10.0; Win64; x64) AppleWebKit/537.36 (KHTML, like Gecko) Chrome/90.0.4430.85 Safari/537.36"
2602:fb54:9eb:: - - [13/May/2025:06:24:44 -0400] "POST /dashboard HTTP/1.1" 404 1251 "https://gltechlimited.com/wp-admin/" "Mozilla/5.0 (Windows NT 10.0; Win64; x64) AppleWebKit/537.36 (KHTML, like Gecko) Chrome/90.0.4430.85 Safari/537.36"
2602:fb54:9eb:: - - [13/May/2025:06:24:44 -0400] "POST /cms HTTP/1.1" 404 1251 "https://gltechlimited.com/wp-admin/" "Mozilla/5.0 (Windows NT 10.0; Win64; x64) AppleWebKit/537.36 (KHTML, like Gecko) Chrome/90.0.4430.85 Safari/537.36"
2602:fb54:9eb:: - - [13/May/2025:06:24:44 -0400] "POST /panel HTTP/1.1" 404 1251 "https://gltechlimited.com/wp-admin/" "Mozilla/5.0 (Windows NT 10.0; Win64; x64) AppleWebKit/537.36 (KHTML, like Gecko) Chrome/90.0.4430.85 Safari/537.36"
2602:fb54:9eb:: - - [13/May/2025:06:24:45 -0400] "POST /backend HTTP/1.1" 404 1251 "https://gltechlimited.com/wp-admin/" "Mozilla/5.0 (Windows NT 10.0; Win64; x64) AppleWebKit/537.36 (KHTML, like Gecko) Chrome/90.0.4430.85 Safari/537.36"
51.222.253.10 - - [13/May/2025:06:26:32 -0400] "GET /403995948.html HTTP/1.1" 404 1251 "-" "Mozilla/5.0 (compatible; AhrefsBot/7.0; +http://ahrefs.com/robot/)"
5.35.69.6 - - [13/May/2025:06:26:33 -0400] "GET / HTTP/1.1" 200 9266 "-" "Mozilla/5.0 (Macintosh; Intel Mac OS X 10_15_7) AppleWebKit/537.36 (KHTML, like Gecko) Chrome/133.0.0.0 Safari/537.36"
103.164.70.82 - - [13/May/2025:06:26:35 -0400] "POST / HTTP/1.1" 200 9266 "-" "Mozilla/5.0 (Macintosh; Intel Mac OS X 10_15_7) AppleWebKit/537.36 (KHTML, like Gecko) Chrome/133.0.0.0 Safari/537.36"
2602:fb54:9eb:: - - [13/May/2025:06:26:37 -0400] "POST /wp-admin HTTP/1.1" 404 1251 "https://gltechlimited.com/wp-admin/" "Mozilla/5.0 (Windows NT 10.0; Win64; x64) AppleWebKit/537.36 (KHTML, like Gecko) Chrome/90.0.4430.85 Safari/537.36"
2602:fb54:9eb:: - - [13/May/2025:06:26:37 -0400] "POST /wp-login.php HTTP/1.1" 404 1251 "https://gltechlimited.com/wp-admin/" "Mozilla/5.0 (Windows NT 10.0; Win64; x64) AppleWebKit/537.36 (KHTML, like Gecko) Chrome/90.0.4430.85 Safari/537.36"
103.164.70.82 - - [13/May/2025:06:26:37 -0400] "POST / HTTP/1.1" 200 9266 "-" "Mozilla/5.0 (Windows NT 10.0; Win64; x64) AppleWebKit/537.36 (KHTML, like Gecko) Chrome/120.0.0.0 Safari/537.36"
2602:fb54:9eb:: - - [13/May/2025:06:26:37 -0400] "POST /admin HTTP/1.1" 404 1251 "https://gltechlimited.com/wp-admin/" "Mozilla/5.0 (Windows NT 10.0; Win64; x64) AppleWebKit/537.36 (KHTML, like Gecko) Chrome/90.0.4430.85 Safari/537.36"
2602:fb54:9eb:: - - [13/May/2025:06:26:38 -0400] "POST /user/login HTTP/1.1" 404 1251 "https://gltechlimited.com/wp-admin/" "Mozilla/5.0 (Windows NT 10.0; Win64; x64) AppleWebKit/537.36 (KHTML, like Gecko) Chrome/90.0.4430.85 Safari/537.36"
2602:fb54:9eb:: - - [13/May/2025:06:26:38 -0400] "POST /login HTTP/1.1" 404 1251 "https://gltechlimited.com/wp-admin/" "Mozilla/5.0 (Windows NT 10.0; Win64; x64) AppleWebKit/537.36 (KHTML, like Gecko) Chrome/90.0.4430.85 Safari/537.36"
2602:fb54:9eb:: - - [13/May/2025:06:26:38 -0400] "POST /dashboard HTTP/1.1" 404 1251 "https://gltechlimited.com/wp-admin/" "Mozilla/5.0 (Windows NT 10.0; Win64; x64) AppleWebKit/537.36 (KHTML, like Gecko) Chrome/90.0.4430.85 Safari/537.36"
2602:fb54:9eb:: - - [13/May/2025:06:26:39 -0400] "POST /cms HTTP/1.1" 404 1251 "https://gltechlimited.com/wp-admin/" "Mozilla/5.0 (Windows NT 10.0; Win64; x64) AppleWebKit/537.36 (KHTML, like Gecko) Chrome/90.0.4430.85 Safari/537.36"
2602:fb54:9eb:: - - [13/May/2025:06:26:41 -0400] "POST /panel HTTP/1.1" 404 1251 "https://gltechlimited.com/wp-admin/" "Mozilla/5.0 (Windows NT 10.0; Win64; x64) AppleWebKit/537.36 (KHTML, like Gecko) Chrome/90.0.4430.85 Safari/537.36"
5.35.69.6 - - [13/May/2025:06:26:42 -0400] "GET /page/blog HTTP/1.1" 404 1251 "-" "Mozilla/5.0 (Macintosh; Intel Mac OS X 10_15_7) AppleWebKit/537.36 (KHTML, like Gecko) Chrome/133.0.0.0 Safari/537.36"
2602:fb54:9eb:: - - [13/May/2025:06:26:42 -0400] "POST /backend HTTP/1.1" 404 1251 "https://gltechlimited.com/wp-admin/" "Mozilla/5.0 (Windows NT 10.0; Win64; x64) AppleWebKit/537.36 (KHTML, like Gecko) Chrome/90.0.4430.85 Safari/537.36"
5.35.69.6 - - [13/May/2025:06:26:43 -0400] "GET /news/flutterwave-loses-11-billion-in-security-breach HTTP/1.1" 404 1251 "-" "Mozilla/5.0 (Macintosh; Intel Mac OS X 10_15_7) AppleWebKit/537.36 (KHTML, like Gecko) Chrome/133.0.0.0 Safari/537.36"
5.35.69.6 - - [13/May/2025:06:26:44 -0400] "GET /news/how-to-protect-yourself-from-cyber-attacks HTTP/1.1" 404 1251 "-" "Mozilla/5.0 (Macintosh; Intel Mac OS X 10_15_7) AppleWebKit/537.36 (KHTML, like Gecko) Chrome/133.0.0.0 Safari/537.36"
5.35.69.6 - - [13/May/2025:06:26:45 -0400] "GET /news/phishing-scams-are-becoming-more-prevalent-in-africa HTTP/1.1" 404 1251 "-" "Mozilla/5.0 (Macintosh; Intel Mac OS X 10_15_7) AppleWebKit/537.36 (KHTML, like Gecko) Chrome/133.0.0.0 Safari/537.36"
5.35.69.6 - - [13/May/2025:06:26:46 -0400] "GET /contact.html HTTP/1.1" 404 1251 "-" "Mozilla/5.0 (Macintosh; Intel Mac OS X 10_15_7) AppleWebKit/537.36 (KHTML, like Gecko) Chrome/133.0.0.0 Safari/537.36"
2602:fb54:9eb:: - - [13/May/2025:06:29:07 -0400] "POST /wp-admin HTTP/1.1" 404 1251 "https://gltechlimited.com/wp-admin/" "Mozilla/5.0 (Windows NT 10.0; Win64; x64) AppleWebKit/537.36 (KHTML, like Gecko) Chrome/90.0.4430.85 Safari/537.36"
2602:fb54:9eb:: - - [13/May/2025:06:29:08 -0400] "POST /wp-login.php HTTP/1.1" 404 1251 "https://gltechlimited.com/wp-admin/" "Mozilla/5.0 (Windows NT 10.0; Win64; x64) AppleWebKit/537.36 (KHTML, like Gecko) Chrome/90.0.4430.85 Safari/537.36"
2602:fb54:9eb:: - - [13/May/2025:06:29:09 -0400] "POST /admin HTTP/1.1" 404 1251 "https://gltechlimited.com/wp-admin/" "Mozilla/5.0 (Windows NT 10.0; Win64; x64) AppleWebKit/537.36 (KHTML, like Gecko) Chrome/90.0.4430.85 Safari/537.36"
2602:fb54:9eb:: - - [13/May/2025:06:29:09 -0400] "POST /user/login HTTP/1.1" 404 1251 "https://gltechlimited.com/wp-admin/" "Mozilla/5.0 (Windows NT 10.0; Win64; x64) AppleWebKit/537.36 (KHTML, like Gecko) Chrome/90.0.4430.85 Safari/537.36"
2602:fb54:9eb:: - - [13/May/2025:06:29:10 -0400] "POST /login HTTP/1.1" 404 1251 "https://gltechlimited.com/wp-admin/" "Mozilla/5.0 (Windows NT 10.0; Win64; x64) AppleWebKit/537.36 (KHTML, like Gecko) Chrome/90.0.4430.85 Safari/537.36"
2602:fb54:9eb:: - - [13/May/2025:06:29:10 -0400] "POST /dashboard HTTP/1.1" 404 1251 "https://gltechlimited.com/wp-admin/" "Mozilla/5.0 (Windows NT 10.0; Win64; x64) AppleWebKit/537.36 (KHTML, like Gecko) Chrome/90.0.4430.85 Safari/537.36"
2602:fb54:9eb:: - - [13/May/2025:06:29:10 -0400] "POST /cms HTTP/1.1" 404 1251 "https://gltechlimited.com/wp-admin/" "Mozilla/5.0 (Windows NT 10.0; Win64; x64) AppleWebKit/537.36 (KHTML, like Gecko) Chrome/90.0.4430.85 Safari/537.36"
2602:fb54:9eb:: - - [13/May/2025:06:29:11 -0400] "POST /panel HTTP/1.1" 404 1251 "https://gltechlimited.com/wp-admin/" "Mozilla/5.0 (Windows NT 10.0; Win64; x64) AppleWebKit/537.36 (KHTML, like Gecko) Chrome/90.0.4430.85 Safari/537.36"
2602:fb54:9eb:: - - [13/May/2025:06:29:11 -0400] "POST /backend HTTP/1.1" 404 1251 "https://gltechlimited.com/wp-admin/" "Mozilla/5.0 (Windows NT 10.0; Win64; x64) AppleWebKit/537.36 (KHTML, like Gecko) Chrome/90.0.4430.85 Safari/537.36"
51.222.253.3 - - [13/May/2025:06:32:04 -0400] "GET /405263724.html HTTP/1.1" 404 1251 "-" "Mozilla/5.0 (compatible; AhrefsBot/7.0; +http://ahrefs.com/robot/)"
78.178.107.28 - - [13/May/2025:06:34:24 -0400] "GET /administrator/ HTTP/1.1" 404 1251 "-" "Mozilla/5.0 (Windows NT 10.0; Win64; x64) AppleWebKit/537.36 (KHTML, like Gecko) Chrome/105.0.5195.53 Safari/537.36"
78.178.107.28 - - [13/May/2025:06:34:25 -0400] "GET /administrator/ HTTP/1.1" 404 1251 "-" "Mozilla/5.0 (Windows NT 10.0) AppleWebKit/537.36 (KHTML, like Gecko) Chrome/105.0.5195.54 Safari/537.36"
78.178.107.28 - - [13/May/2025:06:34:25 -0400] "GET /administrator/ HTTP/1.1" 404 1251 "-" "Mozilla/5.0 (Windows NT 10.0) AppleWebKit/537.36 (KHTML, like Gecko) Chrome/102.0.5005.62 Safari/537.36"
78.178.107.28 - - [13/May/2025:06:34:25 -0400] "GET /administrator/ HTTP/1.1" 404 1251 "-" "Mozilla/5.0 (Windows NT 10.0; Win64; x64) AppleWebKit/537.36 (KHTML, like Gecko) Chrome/107.0.5304.87 Safari/537.36"
78.178.107.28 - - [13/May/2025:06:34:26 -0400] "GET /administrator/ HTTP/1.1" 404 1251 "-" "Mozilla/5.0 (Windows NT 10.0; WOW64) AppleWebKit/537.36 (KHTML, like Gecko) Chrome/107.0.5304.54 Safari/537.36"
78.178.107.28 - - [13/May/2025:06:34:26 -0400] "GET /administrator/ HTTP/1.1" 404 1251 "-" "Mozilla/5.0 (Windows NT 6.1; Win64; x64) AppleWebKit/537.36 (KHTML, like Gecko) Chrome/106.0.5249.70 Safari/537.36"
78.178.107.28 - - [13/May/2025:06:34:26 -0400] "GET /administrator/ HTTP/1.1" 404 1251 "-" "Mozilla/5.0 (Windows NT 10.0) AppleWebKit/537.36 (KHTML, like Gecko) Chrome/109.0.5384.0 Safari/537.36"
78.178.107.28 - - [13/May/2025:06:34:27 -0400] "GET /administrator/ HTTP/1.1" 404 1251 "-" "Mozilla/5.0 (Windows NT 10.0; WOW64) AppleWebKit/537.36 (KHTML, like Gecko) Chrome/107.0.5304.91 Safari/537.36"
78.178.107.28 - - [13/May/2025:06:34:27 -0400] "GET /administrator/ HTTP/1.1" 404 1251 "-" "Mozilla/5.0 (Windows NT 10.0) AppleWebKit/537.36 (KHTML, like Gecko) Chrome/104.0.5112.102 Safari/537.36"
78.178.107.28 - - [13/May/2025:06:34:28 -0400] "GET /administrator/ HTTP/1.1" 404 1251 "-" "Mozilla/5.0 (Windows NT 10.0) AppleWebKit/537.36 (KHTML, like Gecko) Chrome/104.0.5112.101 Safari/537.36"
2602:fb54:9eb:: - - [13/May/2025:06:37:55 -0400] "POST /wp-admin HTTP/1.1" 404 1251 "https://gltechlimited.com/wp-admin/" "Mozilla/5.0 (Windows NT 10.0; Win64; x64) AppleWebKit/537.36 (KHTML, like Gecko) Chrome/90.0.4430.85 Safari/537.36"
2602:fb54:9eb:: - - [13/May/2025:06:37:56 -0400] "POST /wp-login.php HTTP/1.1" 404 1251 "https://gltechlimited.com/wp-admin/" "Mozilla/5.0 (Windows NT 10.0; Win64; x64) AppleWebKit/537.36 (KHTML, like Gecko) Chrome/90.0.4430.85 Safari/537.36"
2602:fb54:9eb:: - - [13/May/2025:06:37:57 -0400] "POST /admin HTTP/1.1" 404 1251 "https://gltechlimited.com/wp-admin/" "Mozilla/5.0 (Windows NT 10.0; Win64; x64) AppleWebKit/537.36 (KHTML, like Gecko) Chrome/90.0.4430.85 Safari/537.36"
2602:fb54:9eb:: - - [13/May/2025:06:37:57 -0400] "POST /user/login HTTP/1.1" 404 1251 "https://gltechlimited.com/wp-admin/" "Mozilla/5.0 (Windows NT 10.0; Win64; x64) AppleWebKit/537.36 (KHTML, like Gecko) Chrome/90.0.4430.85 Safari/537.36"
2602:fb54:9eb:: - - [13/May/2025:06:37:57 -0400] "POST /login HTTP/1.1" 404 1251 "https://gltechlimited.com/wp-admin/" "Mozilla/5.0 (Windows NT 10.0; Win64; x64) AppleWebKit/537.36 (KHTML, like Gecko) Chrome/90.0.4430.85 Safari/537.36"
2602:fb54:9eb:: - - [13/May/2025:06:37:57 -0400] "POST /dashboard HTTP/1.1" 404 1251 "https://gltechlimited.com/wp-admin/" "Mozilla/5.0 (Windows NT 10.0; Win64; x64) AppleWebKit/537.36 (KHTML, like Gecko) Chrome/90.0.4430.85 Safari/537.36"
2602:fb54:9eb:: - - [13/May/2025:06:37:57 -0400] "POST /cms HTTP/1.1" 404 1251 "https://gltechlimited.com/wp-admin/" "Mozilla/5.0 (Windows NT 10.0; Win64; x64) AppleWebKit/537.36 (KHTML, like Gecko) Chrome/90.0.4430.85 Safari/537.36"
2602:fb54:9eb:: - - [13/May/2025:06:37:58 -0400] "POST /panel HTTP/1.1" 404 1251 "https://gltechlimited.com/wp-admin/" "Mozilla/5.0 (Windows NT 10.0; Win64; x64) AppleWebKit/537.36 (KHTML, like Gecko) Chrome/90.0.4430.85 Safari/537.36"
2602:fb54:9eb:: - - [13/May/2025:06:37:58 -0400] "POST /backend HTTP/1.1" 404 1251 "https://gltechlimited.com/wp-admin/" "Mozilla/5.0 (Windows NT 10.0; Win64; x64) AppleWebKit/537.36 (KHTML, like Gecko) Chrome/90.0.4430.85 Safari/537.36"
2602:fb54:9eb:: - - [13/May/2025:06:38:14 -0400] "POST /wp-admin HTTP/1.1" 404 1251 "https://gltechlimited.com/wp-admin/" "Mozilla/5.0 (Windows NT 10.0; Win64; x64) AppleWebKit/537.36 (KHTML, like Gecko) Chrome/90.0.4430.85 Safari/537.36"
2602:fb54:9eb:: - - [13/May/2025:06:38:15 -0400] "POST /wp-login.php HTTP/1.1" 404 1251 "https://gltechlimited.com/wp-admin/" "Mozilla/5.0 (Windows NT 10.0; Win64; x64) AppleWebKit/537.36 (KHTML, like Gecko) Chrome/90.0.4430.85 Safari/537.36"
2602:fb54:9eb:: - - [13/May/2025:06:38:16 -0400] "POST /admin HTTP/1.1" 404 1251 "https://gltechlimited.com/wp-admin/" "Mozilla/5.0 (Windows NT 10.0; Win64; x64) AppleWebKit/537.36 (KHTML, like Gecko) Chrome/90.0.4430.85 Safari/537.36"
2602:fb54:9eb:: - - [13/May/2025:06:38:16 -0400] "POST /user/login HTTP/1.1" 404 1251 "https://gltechlimited.com/wp-admin/" "Mozilla/5.0 (Windows NT 10.0; Win64; x64) AppleWebKit/537.36 (KHTML, like Gecko) Chrome/90.0.4430.85 Safari/537.36"
2602:fb54:9eb:: - - [13/May/2025:06:38:16 -0400] "POST /login HTTP/1.1" 404 1251 "https://gltechlimited.com/wp-admin/" "Mozilla/5.0 (Windows NT 10.0; Win64; x64) AppleWebKit/537.36 (KHTML, like Gecko) Chrome/90.0.4430.85 Safari/537.36"
2602:fb54:9eb:: - - [13/May/2025:06:38:17 -0400] "POST /dashboard HTTP/1.1" 404 1251 "https://gltechlimited.com/wp-admin/" "Mozilla/5.0 (Windows NT 10.0; Win64; x64) AppleWebKit/537.36 (KHTML, like Gecko) Chrome/90.0.4430.85 Safari/537.36"
2602:fb54:9eb:: - - [13/May/2025:06:38:17 -0400] "POST /cms HTTP/1.1" 404 1251 "https://gltechlimited.com/wp-admin/" "Mozilla/5.0 (Windows NT 10.0; Win64; x64) AppleWebKit/537.36 (KHTML, like Gecko) Chrome/90.0.4430.85 Safari/537.36"
2602:fb54:9eb:: - - [13/May/2025:06:38:17 -0400] "POST /panel HTTP/1.1" 404 1251 "https://gltechlimited.com/wp-admin/" "Mozilla/5.0 (Windows NT 10.0; Win64; x64) AppleWebKit/537.36 (KHTML, like Gecko) Chrome/90.0.4430.85 Safari/537.36"
2602:fb54:9eb:: - - [13/May/2025:06:38:17 -0400] "POST /backend HTTP/1.1" 404 1251 "https://gltechlimited.com/wp-admin/" "Mozilla/5.0 (Windows NT 10.0; Win64; x64) AppleWebKit/537.36 (KHTML, like Gecko) Chrome/90.0.4430.85 Safari/537.36"
51.222.253.19 - - [13/May/2025:06:38:19 -0400] "GET /416306508.html HTTP/1.1" 404 1251 "-" "Mozilla/5.0 (compatible; AhrefsBot/7.0; +http://ahrefs.com/robot/)"
51.222.253.20 - - [13/May/2025:06:44:36 -0400] "GET /429068364.html HTTP/1.1" 404 1251 "-" "Mozilla/5.0 (compatible; AhrefsBot/7.0; +http://ahrefs.com/robot/)"
51.222.253.3 - - [13/May/2025:06:50:44 -0400] "GET /432763692.html HTTP/1.1" 404 1251 "-" "Mozilla/5.0 (compatible; AhrefsBot/7.0; +http://ahrefs.com/robot/)"
51.222.253.15 - - [13/May/2025:06:56:01 -0400] "GET /433446252.html HTTP/1.1" 404 1251 "-" "Mozilla/5.0 (compatible; AhrefsBot/7.0; +http://ahrefs.com/robot/)"
151.242.63.215 - - [13/May/2025:06:56:53 -0400] "GET /administrator/ HTTP/1.1" 404 1251 "-" "python-requests/2.32.3"
151.242.63.215 - - [13/May/2025:06:57:02 -0400] "POST /wp-login.php HTTP/1.1" 404 1251 "-" "Mozilla"
37.120.174.232 - - [13/May/2025:06:59:29 -0400] "GET /style.php HTTP/1.1" 404 1251 "www.google.com" "Mozlila/5.0 (Linux; Android 7.0; SM-G892A Bulid/NRD90M; wv) AppleWebKit/537.36 (KHTML, like Gecko) Version/4.0 Chrome/60.0.3112.107 Moblie Safari/537.36"
51.222.253.19 - - [13/May/2025:07:01:15 -0400] "GET /441282156.html HTTP/1.1" 404 1251 "-" "Mozilla/5.0 (compatible; AhrefsBot/7.0; +http://ahrefs.com/robot/)"
51.222.253.4 - - [13/May/2025:07:06:20 -0400] "GET /450229164.html HTTP/1.1" 404 1251 "-" "Mozilla/5.0 (compatible; AhrefsBot/7.0; +http://ahrefs.com/robot/)"
51.222.253.17 - - [13/May/2025:07:12:20 -0400] "GET /453339276.html HTTP/1.1" 404 1251 "-" "Mozilla/5.0 (compatible; AhrefsBot/7.0; +http://ahrefs.com/robot/)"
51.222.253.13 - - [13/May/2025:07:18:03 -0400] "GET /465575820.html HTTP/1.1" 404 1251 "-" "Mozilla/5.0 (compatible; AhrefsBot/7.0; +http://ahrefs.com/robot/)"
196.251.115.39 - - [13/May/2025:07:23:49 -0400] "GET /ss.php HTTP/1.1" 404 1251 "-" "python-requests/2.27.1"
51.222.253.16 - - [13/May/2025:07:24:17 -0400] "GET /465696780.html HTTP/1.1" 404 1251 "-" "Mozilla/5.0 (compatible; AhrefsBot/7.0; +http://ahrefs.com/robot/)"
51.222.253.6 - - [13/May/2025:07:29:18 -0400] "GET /488492844.html HTTP/1.1" 404 1251 "-" "Mozilla/5.0 (compatible; AhrefsBot/7.0; +http://ahrefs.com/robot/)"
194.163.159.240 - - [13/May/2025:07:30:22 -0400] "GET /api/.env HTTP/1.1" 404 1251 "-" "Mozilla/5.0 (Linux; U; Android 7.1.2; el-gr; Redmi 4X Build/N2G47H) AppleWebKit/537.36 (KHTML, like Gecko) Version/4.0 Chrome/71.0.3578.141 Mobile Safari/537.36 XiaoMi/MiuiBrowser/10.9.7-g"
51.222.253.8 - - [13/May/2025:07:34:34 -0400] "GET /490302924.html HTTP/1.1" 404 1251 "-" "Mozilla/5.0 (compatible; AhrefsBot/7.0; +http://ahrefs.com/robot/)"
51.222.253.19 - - [13/May/2025:07:40:12 -0400] "GET /493445580.html HTTP/1.1" 404 1251 "-" "Mozilla/5.0 (compatible; AhrefsBot/7.0; +http://ahrefs.com/robot/)"
51.222.253.3 - - [13/May/2025:07:46:09 -0400] "GET /507986124.html HTTP/1.1" 404 1251 "-" "Mozilla/5.0 (compatible; AhrefsBot/7.0; +http://ahrefs.com/robot/)"
51.222.253.7 - - [13/May/2025:07:51:42 -0400] "GET /525288012.html HTTP/1.1" 404 1251 "-" "Mozilla/5.0 (compatible; AhrefsBot/7.0; +http://ahrefs.com/robot/)"
51.222.253.7 - - [13/May/2025:07:57:30 -0400] "GET /525925356.html HTTP/1.1" 404 1251 "-" "Mozilla/5.0 (compatible; AhrefsBot/7.0; +http://ahrefs.com/robot/)"
51.222.253.8 - - [13/May/2025:08:02:46 -0400] "GET /526253676.html HTTP/1.1" 404 1251 "-" "Mozilla/5.0 (compatible; AhrefsBot/7.0; +http://ahrefs.com/robot/)"
51.222.253.17 - - [13/May/2025:08:07:41 -0400] "GET /528667980.html HTTP/1.1" 404 1251 "-" "Mozilla/5.0 (compatible; AhrefsBot/7.0; +http://ahrefs.com/robot/)"
51.222.253.4 - - [13/May/2025:08:14:22 -0400] "GET /120640524.html HTTP/1.1" 404 1251 "-" "Mozilla/5.0 (compatible; AhrefsBot/7.0; +http://ahrefs.com/robot/)"
196.251.86.86 - - [13/May/2025:08:20:34 -0400] "GET / HTTP/1.1" 200 0 "-" "-"
196.251.86.86 - - [13/May/2025:08:20:40 -0400] "GET / HTTP/1.1" 200 0 "-" "-"
196.251.86.86 - - [13/May/2025:08:20:42 -0400] "GET / HTTP/1.1" 200 0 "-" "-"
51.222.253.1 - - [13/May/2025:08:20:47 -0400] "GET /141552780.html HTTP/1.1" 404 1251 "-" "Mozilla/5.0 (compatible; AhrefsBot/7.0; +http://ahrefs.com/robot/)"
196.251.86.86 - - [13/May/2025:08:20:49 -0400] "GET / HTTP/1.1" 200 0 "-" "-"
196.251.86.86 - - [13/May/2025:08:20:56 -0400] "GET / HTTP/1.1" 200 0 "-" "-"
51.222.253.15 - - [13/May/2025:08:27:11 -0400] "GET /167752140.html HTTP/1.1" 404 1251 "-" "Mozilla/5.0 (compatible; AhrefsBot/7.0; +http://ahrefs.com/robot/)"
193.233.112.169 - - [13/May/2025:08:27:27 -0400] "GET / HTTP/1.1" 200 9266 "https://gltechlimited.com/" "Mozilla/5.0 (Windows NT 6.3; Win64; x64) AppleWebKit/537.36 (KHTML, like Gecko) Chrome/103.0.0.0 Safari/537.36"
193.233.112.169 - - [13/May/2025:08:27:31 -0400] "GET /single-post.html HTTP/1.1" 404 1251 "https://gltechlimited.com/single-post.html" "Mozilla/5.0 (Windows NT 6.3; Win64; x64) AppleWebKit/537.36 (KHTML, like Gecko) Chrome/103.0.0.0 Safari/537.36"
193.233.112.169 - - [13/May/2025:08:27:34 -0400] "GET /single-post.html HTTP/1.1" 404 1251 "https://gltechlimited.com/single-post.html" "Mozilla/5.0 (Windows NT 6.3; Win64; x64) AppleWebKit/537.36 (KHTML, like Gecko) Chrome/103.0.0.0 Safari/537.36"
196.251.115.39 - - [13/May/2025:08:32:02 -0400] "GET /wp-content/plugins/WordPressCore/include.php HTTP/1.1" 404 1251 "-" "Mozlila/5.0 (Linux; Android 7.0; SM-G892A Bulid/NRD90M; wv) AppleWebKit/537.36 (KHTML, like Gecko) Version/4.0 Chrome/60.0.3112.107 Moblie Safari/537.36"
196.251.115.39 - - [13/May/2025:08:32:06 -0400] "GET /wp-content/plugins/WordPressCore/include.php HTTP/1.1" 404 1251 "-" "Mozlila/5.0 (Linux; Android 7.0; SM-G892A Bulid/NRD90M; wv) AppleWebKit/537.36 (KHTML, like Gecko) Version/4.0 Chrome/60.0.3112.107 Moblie Safari/537.36"
196.251.115.39 - - [13/May/2025:08:32:16 -0400] "GET /wp-includes/images/include.php HTTP/1.1" 404 1251 "-" "Mozlila/5.0 (Linux; Android 7.0; SM-G892A Bulid/NRD90M; wv) AppleWebKit/537.36 (KHTML, like Gecko) Version/4.0 Chrome/60.0.3112.107 Moblie Safari/537.36"
196.251.115.39 - - [13/May/2025:08:32:21 -0400] "GET /wp-includes/images/include.php HTTP/1.1" 404 1251 "-" "Mozlila/5.0 (Linux; Android 7.0; SM-G892A Bulid/NRD90M; wv) AppleWebKit/537.36 (KHTML, like Gecko) Version/4.0 Chrome/60.0.3112.107 Moblie Safari/537.36"
196.251.115.39 - - [13/May/2025:08:32:27 -0400] "GET /wp-content/themes/include.php HTTP/1.1" 404 1251 "-" "Mozlila/5.0 (Linux; Android 7.0; SM-G892A Bulid/NRD90M; wv) AppleWebKit/537.36 (KHTML, like Gecko) Version/4.0 Chrome/60.0.3112.107 Moblie Safari/537.36"
196.251.115.39 - - [13/May/2025:08:32:31 -0400] "GET /wp-content/themes/include.php HTTP/1.1" 404 1251 "-" "Mozlila/5.0 (Linux; Android 7.0; SM-G892A Bulid/NRD90M; wv) AppleWebKit/537.36 (KHTML, like Gecko) Version/4.0 Chrome/60.0.3112.107 Moblie Safari/537.36"
196.251.115.39 - - [13/May/2025:08:32:45 -0400] "GET /wp-includes/widgets/include.php HTTP/1.1" 404 1251 "-" "Mozlila/5.0 (Linux; Android 7.0; SM-G892A Bulid/NRD90M; wv) AppleWebKit/537.36 (KHTML, like Gecko) Version/4.0 Chrome/60.0.3112.107 Moblie Safari/537.36"
196.251.115.39 - - [13/May/2025:08:32:56 -0400] "GET /wp-includes/widgets/include.php HTTP/1.1" 404 1251 "-" "Mozlila/5.0 (Linux; Android 7.0; SM-G892A Bulid/NRD90M; wv) AppleWebKit/537.36 (KHTML, like Gecko) Version/4.0 Chrome/60.0.3112.107 Moblie Safari/537.36"
54.83.56.1 - - [13/May/2025:08:33:01 -0400] "GET /robots.txt HTTP/1.1" 200 84 "-" "Mozilla/5.0 AppleWebKit/537.36 (KHTML, like Gecko; compatible; Amazonbot/0.1; +https://developer.amazon.com/support/amazonbot) Chrome/119.0.6045.214 Safari/537.36"
18.207.79.144 - - [13/May/2025:08:33:01 -0400] "GET /assets/images/ HTTP/1.1" 200 659 "-" "Mozilla/5.0 AppleWebKit/537.36 (KHTML, like Gecko; compatible; Amazonbot/0.1; +https://developer.amazon.com/support/amazonbot) Chrome/119.0.6045.214 Safari/537.36"
196.251.115.39 - - [13/May/2025:08:33:06 -0400] "GET /wp-content/plugins/include.php HTTP/1.1" 404 1251 "-" "Mozlila/5.0 (Linux; Android 7.0; SM-G892A Bulid/NRD90M; wv) AppleWebKit/537.36 (KHTML, like Gecko) Version/4.0 Chrome/60.0.3112.107 Moblie Safari/537.36"
51.222.253.4 - - [13/May/2025:08:33:09 -0400] "GET /182765004.html HTTP/1.1" 404 1251 "-" "Mozilla/5.0 (compatible; AhrefsBot/7.0; +http://ahrefs.com/robot/)"
196.251.115.39 - - [13/May/2025:08:33:14 -0400] "GET /wp-content/plugins/include.php HTTP/1.1" 404 1251 "-" "Mozlila/5.0 (Linux; Android 7.0; SM-G892A Bulid/NRD90M; wv) AppleWebKit/537.36 (KHTML, like Gecko) Version/4.0 Chrome/60.0.3112.107 Moblie Safari/537.36"
51.222.253.10 - - [13/May/2025:08:38:50 -0400] "GET /185042508.html HTTP/1.1" 404 1251 "-" "Mozilla/5.0 (compatible; AhrefsBot/7.0; +http://ahrefs.com/robot/)"
51.222.253.5 - - [13/May/2025:08:45:38 -0400] "GET /198771180.html HTTP/1.1" 404 1251 "-" "Mozilla/5.0 (compatible; AhrefsBot/7.0; +http://ahrefs.com/robot/)"
40.77.167.156 - - [13/May/2025:08:48:32 -0400] "GET /assets/inc/images/footer-left.png HTTP/1.1" 200 20086 "-" "Mozilla/5.0 AppleWebKit/537.36 (KHTML, like Gecko; compatible; bingbot/2.0; +http://www.bing.com/bingbot.htm) Chrome/116.0.1938.76 Safari/537.36"
51.222.253.19 - - [13/May/2025:08:53:27 -0400] "GET /199598028.html HTTP/1.1" 404 1251 "-" "Mozilla/5.0 (compatible; AhrefsBot/7.0; +http://ahrefs.com/robot/)"
51.222.253.19 - - [13/May/2025:09:00:37 -0400] "GET /199998924.html HTTP/1.1" 404 1251 "-" "Mozilla/5.0 (compatible; AhrefsBot/7.0; +http://ahrefs.com/robot/)"
107.151.248.161 - - [13/May/2025:09:05:07 -0400] "GET /wp-admin/css/ HTTP/1.1" 404 1251 "binance.com" "Mozilla/5.0 (Windows NT 10.0; Win64; x64) AppleWebKit/537.36 (KHTML, like Gecko) Chrome/90.0.4430.85 Safari/537.36"
107.151.248.161 - - [13/May/2025:09:05:12 -0400] "GET /.well-known/ HTTP/1.1" 200 657 "binance.com" "Mozilla/5.0 (Windows NT 10.0; Win64; x64) AppleWebKit/537.36 (KHTML, like Gecko) Chrome/90.0.4430.85 Safari/537.36"
107.151.248.161 - - [13/May/2025:09:05:19 -0400] "GET /sites/default/files/ HTTP/1.1" 404 1251 "binance.com" "Mozilla/5.0 (Windows NT 10.0; Win64; x64) AppleWebKit/537.36 (KHTML, like Gecko) Chrome/90.0.4430.85 Safari/537.36"
107.151.248.161 - - [13/May/2025:09:05:24 -0400] "GET /admin/controller/extension/extension/ HTTP/1.1" 404 1251 "binance.com" "Mozilla/5.0 (Windows NT 10.0; Win64; x64) AppleWebKit/537.36 (KHTML, like Gecko) Chrome/90.0.4430.85 Safari/537.36"
107.151.248.161 - - [13/May/2025:09:05:30 -0400] "GET /uploads/ HTTP/1.1" 404 1251 "binance.com" "Mozilla/5.0 (Windows NT 10.0; Win64; x64) AppleWebKit/537.36 (KHTML, like Gecko) Chrome/90.0.4430.85 Safari/537.36"
107.151.248.161 - - [13/May/2025:09:05:37 -0400] "GET /images/ HTTP/1.1" 200 620 "binance.com" "Mozilla/5.0 (Windows NT 10.0; Win64; x64) AppleWebKit/537.36 (KHTML, like Gecko) Chrome/90.0.4430.85 Safari/537.36"
107.151.248.161 - - [13/May/2025:09:05:41 -0400] "GET /files/ HTTP/1.1" 404 1251 "binance.com" "Mozilla/5.0 (Windows NT 10.0; Win64; x64) AppleWebKit/537.36 (KHTML, like Gecko) Chrome/90.0.4430.85 Safari/537.36"
51.222.253.8 - - [13/May/2025:09:07:53 -0400] "GET /207051468.html HTTP/1.1" 404 1251 "-" "Mozilla/5.0 (compatible; AhrefsBot/7.0; +http://ahrefs.com/robot/)"
185.248.85.38 - - [13/May/2025:09:13:35 -0400] "GET / HTTP/1.1" 200 9266 "-" "Mozilla/5.0 (Linux; Android 6.0; Nexus 5 Build/MRA58N) AppleWebKit/537.36 (KHTML, like Gecko) Chrome/128.0.0.0 Mobile Safari/537.36"
185.248.85.38 - - [13/May/2025:09:14:01 -0400] "GET / HTTP/1.1" 200 9266 "-" "Mozilla/5.0 (Linux; Android 6.0; Nexus 5 Build/MRA58N) AppleWebKit/537.36 (KHTML, like Gecko) Chrome/128.0.0.0 Mobile Safari/537.36"
51.222.253.18 - - [13/May/2025:09:15:32 -0400] "GET /207656844.html HTTP/1.1" 404 1251 "-" "Mozilla/5.0 (compatible; AhrefsBot/7.0; +http://ahrefs.com/robot/)"
66.249.64.224 - - [13/May/2025:09:19:13 -0400] "GET /robots.txt HTTP/1.1" 200 84 "-" "Mozilla/5.0 (compatible; Googlebot/2.1; +http://www.google.com/bot.html)"
66.249.64.233 - - [13/May/2025:09:19:15 -0400] "GET /page/blog HTTP/1.1" 404 1251 "-" "Mozilla/5.0 (Linux; Android 6.0.1; Nexus 5X Build/MMB29P) AppleWebKit/537.36 (KHTML, like Gecko) Chrome/136.0.7103.59 Mobile Safari/537.36 (compatible; Googlebot/2.1; +http://www.google.com/bot.html)"
