41.242.77.107 - - [12/May/2025:23:56:35 -0400] "GET /themes/evolution/assets/styles/font-icons/entypo/font/entypo.ttf?71205724 HTTP/1.1" 200 64732 "https://ideyshare.name.ng/themes/evolution/assets/styles/font-icons/entypo/css/entypo.css" "Mozilla/5.0 (Windows NT 10.0; Win64; x64; rv:138.0) Gecko/20100101 Firefox/138.0"
85.208.96.199 - - [13/May/2025:00:04:57 -0400] "GET /2aeec16614e44c90 HTTP/1.1" 200 14862 "-" "Mozilla/5.0 (compatible; SemrushBot/7~bl; +http://www.semrush.com/bot.html)"
185.191.171.11 - - [13/May/2025:00:07:08 -0400] "GET /f04339550b99b2f5 HTTP/1.1" 200 14850 "-" "Mozilla/5.0 (compatible; SemrushBot/7~bl; +http://www.semrush.com/bot.html)"
185.191.171.16 - - [13/May/2025:00:11:21 -0400] "GET /01b3f957757c3868 HTTP/1.1" 200 14854 "-" "Mozilla/5.0 (compatible; SemrushBot/7~bl; +http://www.semrush.com/bot.html)"
85.208.96.194 - - [13/May/2025:00:16:30 -0400] "GET /11821b8469417c9d HTTP/1.1" 200 14875 "-" "Mozilla/5.0 (compatible; SemrushBot/7~bl; +http://www.semrush.com/bot.html)"
85.208.96.207 - - [13/May/2025:00:20:43 -0400] "GET /872e2ad25a22b979 HTTP/1.1" 200 14890 "-" "Mozilla/5.0 (compatible; SemrushBot/7~bl; +http://www.semrush.com/bot.html)"
77.220.193.161 - - [13/May/2025:00:24:16 -0400] "GET /admin/user_edit/74 HTTP/1.1" 302 0 "-" "Mozilla/5.0 (Windows NT 10.0; Win64; x64) AppleWebKit/537.36 (KHTML, like Gecko) Chrome/115.0.0.0 Safari/537.36 Edg/115.0.1901.203"
77.220.193.161 - - [13/May/2025:00:24:18 -0400] "GET /admin/login HTTP/1.1" 200 2878 "-" "Mozilla/5.0 (Windows NT 10.0; Win64; x64) AppleWebKit/537.36 (KHTML, like Gecko) Chrome/115.0.0.0 Safari/537.36 Edg/115.0.1901.203"
85.208.96.212 - - [13/May/2025:00:25:29 -0400] "GET /54d5834aac02a5ef HTTP/1.1" 200 14851 "-" "Mozilla/5.0 (compatible; SemrushBot/7~bl; +http://www.semrush.com/bot.html)"
85.208.96.200 - - [13/May/2025:00:26:38 -0400] "GET /f3e327e14f0e0bb3 HTTP/1.1" 200 14856 "-" "Mozilla/5.0 (compatible; SemrushBot/7~bl; +http://www.semrush.com/bot.html)"
85.208.96.203 - - [13/May/2025:00:29:56 -0400] "GET /f016c0f1637d0927 HTTP/1.1" 200 14855 "-" "Mozilla/5.0 (compatible; SemrushBot/7~bl; +http://www.semrush.com/bot.html)"
185.191.171.8 - - [13/May/2025:00:39:36 -0400] "GET /174247234594fd16 HTTP/1.1" 200 14852 "-" "Mozilla/5.0 (compatible; SemrushBot/7~bl; +http://www.semrush.com/bot.html)"
185.191.171.1 - - [13/May/2025:00:40:00 -0400] "GET /c909ccf1461fdae1 HTTP/1.1" 200 14892 "-" "Mozilla/5.0 (compatible; SemrushBot/7~bl; +http://www.semrush.com/bot.html)"
173.252.83.9 - - [13/May/2025:00:54:32 -0400] "GET /robots.txt HTTP/1.1" 206 1284 "-" "facebookexternalhit/1.1 (+http://www.facebook.com/externalhit_uatext.php)"
57.141.4.12 - - [13/May/2025:00:54:33 -0400] "GET /bt4.php?sitemap-index.xml HTTP/1.1" 404 1554 "-" "meta-externalagent/1.1 (+https://developers.facebook.com/docs/sharing/webmasters/crawler)"
85.208.96.202 - - [13/May/2025:00:59:47 -0400] "GET /robots.txt HTTP/1.1" 200 192 "-" "Mozilla/5.0 (compatible; SemrushBot/7~bl; +http://www.semrush.com/bot.html)"
185.191.171.2 - - [13/May/2025:00:59:48 -0400] "GET /bc6a5af035a30950 HTTP/1.1" 200 14878 "-" "Mozilla/5.0 (compatible; SemrushBot/7~bl; +http://www.semrush.com/bot.html)"
185.191.171.2 - - [13/May/2025:01:06:07 -0400] "GET /8b3deab4e23570a6 HTTP/1.1" 200 14847 "-" "Mozilla/5.0 (compatible; SemrushBot/7~bl; +http://www.semrush.com/bot.html)"
85.208.96.198 - - [13/May/2025:01:06:16 -0400] "GET /3a804ab5c4efa677 HTTP/1.1" 200 14852 "-" "Mozilla/5.0 (compatible; SemrushBot/7~bl; +http://www.semrush.com/bot.html)"
185.191.171.2 - - [13/May/2025:01:07:34 -0400] "GET /d9e180d247e994ad HTTP/1.1" 200 14852 "-" "Mozilla/5.0 (compatible; SemrushBot/7~bl; +http://www.semrush.com/bot.html)"
85.208.96.205 - - [13/May/2025:01:07:38 -0400] "GET /b4716c6dc82d717b HTTP/1.1" 200 14848 "-" "Mozilla/5.0 (compatible; SemrushBot/7~bl; +http://www.semrush.com/bot.html)"
85.208.96.194 - - [13/May/2025:01:09:44 -0400] "GET /dab9628aab225832 HTTP/1.1" 200 14852 "-" "Mozilla/5.0 (compatible; SemrushBot/7~bl; +http://www.semrush.com/bot.html)"
185.191.171.9 - - [13/May/2025:01:18:55 -0400] "GET /16104d3765d49838 HTTP/1.1" 200 14860 "-" "Mozilla/5.0 (compatible; SemrushBot/7~bl; +http://www.semrush.com/bot.html)"
85.208.96.206 - - [13/May/2025:01:20:30 -0400] "GET /bf0f4358b8f5a023 HTTP/1.1" 200 14852 "-" "Mozilla/5.0 (compatible; SemrushBot/7~bl; +http://www.semrush.com/bot.html)"
85.208.96.194 - - [13/May/2025:01:21:32 -0400] "GET /352e9c0b7a6f06b0 HTTP/1.1" 200 14870 "-" "Mozilla/5.0 (compatible; SemrushBot/7~bl; +http://www.semrush.com/bot.html)"
185.191.171.12 - - [13/May/2025:01:25:27 -0400] "GET /a9bcf25ffeb4aa17 HTTP/1.1" 200 14858 "-" "Mozilla/5.0 (compatible; SemrushBot/7~bl; +http://www.semrush.com/bot.html)"
57.141.4.2 - - [13/May/2025:01:28:06 -0400] "GET /sitemap-9.xml HTTP/1.1" 404 1554 "-" "meta-externalagent/1.1 (+https://developers.facebook.com/docs/sharing/webmasters/crawler)"
85.208.96.206 - - [13/May/2025:01:34:48 -0400] "GET /672fdee388523177 HTTP/1.1" 200 14887 "-" "Mozilla/5.0 (compatible; SemrushBot/7~bl; +http://www.semrush.com/bot.html)"
185.191.171.6 - - [13/May/2025:01:38:20 -0400] "GET /4a088946355f6b12 HTTP/1.1" 200 14840 "-" "Mozilla/5.0 (compatible; SemrushBot/7~bl; +http://www.semrush.com/bot.html)"
57.141.4.1 - - [13/May/2025:01:38:56 -0400] "GET /sitemap-index.xml HTTP/1.1" 404 1554 "-" "meta-externalagent/1.1 (+https://developers.facebook.com/docs/sharing/webmasters/crawler)"
85.208.96.209 - - [13/May/2025:01:41:35 -0400] "GET /13f00e3d2495fdff HTTP/1.1" 200 14856 "-" "Mozilla/5.0 (compatible; SemrushBot/7~bl; +http://www.semrush.com/bot.html)"
85.208.96.200 - - [13/May/2025:01:49:42 -0400] "GET /84e21027e5611825 HTTP/1.1" 200 14844 "-" "Mozilla/5.0 (compatible; SemrushBot/7~bl; +http://www.semrush.com/bot.html)"
85.208.96.206 - - [13/May/2025:01:51:18 -0400] "GET /93fe438a49eb7b89 HTTP/1.1" 200 14851 "-" "Mozilla/5.0 (compatible; SemrushBot/7~bl; +http://www.semrush.com/bot.html)"
85.208.96.204 - - [13/May/2025:01:53:33 -0400] "GET /63f0a4ae3580d024 HTTP/1.1" 200 14849 "-" "Mozilla/5.0 (compatible; SemrushBot/7~bl; +http://www.semrush.com/bot.html)"
185.191.171.18 - - [13/May/2025:01:54:31 -0400] "GET /52d1b8436e386177 HTTP/1.1" 200 14855 "-" "Mozilla/5.0 (compatible; SemrushBot/7~bl; +http://www.semrush.com/bot.html)"
85.208.96.212 - - [13/May/2025:01:56:23 -0400] "GET /866516512a0814f3 HTTP/1.1" 200 14867 "-" "Mozilla/5.0 (compatible; SemrushBot/7~bl; +http://www.semrush.com/bot.html)"
85.208.96.201 - - [13/May/2025:02:02:15 -0400] "GET /robots.txt HTTP/1.1" 200 192 "-" "Mozilla/5.0 (compatible; SemrushBot/7~bl; +http://www.semrush.com/bot.html)"
85.208.96.211 - - [13/May/2025:02:02:16 -0400] "GET /f5f89475e6f64150 HTTP/1.1" 200 14894 "-" "Mozilla/5.0 (compatible; SemrushBot/7~bl; +http://www.semrush.com/bot.html)"
85.208.96.207 - - [13/May/2025:02:03:09 -0400] "GET /2d972c3ad28ebb6f HTTP/1.1" 200 14848 "-" "Mozilla/5.0 (compatible; SemrushBot/7~bl; +http://www.semrush.com/bot.html)"
57.141.4.4 - - [13/May/2025:02:03:52 -0400] "GET /sitemap-12.xml HTTP/1.1" 404 1554 "-" "meta-externalagent/1.1 (+https://developers.facebook.com/docs/sharing/webmasters/crawler)"
185.191.171.16 - - [13/May/2025:02:08:55 -0400] "GET /a8de65340df0ba2a HTTP/1.1" 200 14846 "-" "Mozilla/5.0 (compatible; SemrushBot/7~bl; +http://www.semrush.com/bot.html)"
57.141.4.9 - - [13/May/2025:02:12:24 -0400] "GET /bt4.php?sitemap-index-1.xml HTTP/1.1" 404 1554 "-" "meta-externalagent/1.1 (+https://developers.facebook.com/docs/sharing/webmasters/crawler)"
185.191.171.6 - - [13/May/2025:02:13:50 -0400] "GET /6191d242ba309730 HTTP/1.1" 200 14859 "-" "Mozilla/5.0 (compatible; SemrushBot/7~bl; +http://www.semrush.com/bot.html)"
185.191.171.19 - - [13/May/2025:02:14:33 -0400] "GET /5d1b335ecd546135 HTTP/1.1" 200 14884 "-" "Mozilla/5.0 (compatible; SemrushBot/7~bl; +http://www.semrush.com/bot.html)"
85.208.96.205 - - [13/May/2025:02:18:22 -0400] "GET /45b15b8fe448a477 HTTP/1.1" 200 14855 "-" "Mozilla/5.0 (compatible; SemrushBot/7~bl; +http://www.semrush.com/bot.html)"
185.191.171.11 - - [13/May/2025:02:22:12 -0400] "GET /88e776e6bfae23d7 HTTP/1.1" 200 14854 "-" "Mozilla/5.0 (compatible; SemrushBot/7~bl; +http://www.semrush.com/bot.html)"
185.191.171.11 - - [13/May/2025:02:24:15 -0400] "GET /a83b1e23e6bb7b8f HTTP/1.1" 200 14847 "-" "Mozilla/5.0 (compatible; SemrushBot/7~bl; +http://www.semrush.com/bot.html)"
85.208.96.206 - - [13/May/2025:02:27:12 -0400] "GET /fe068c48b30093e9 HTTP/1.1" 200 14865 "-" "Mozilla/5.0 (compatible; SemrushBot/7~bl; +http://www.semrush.com/bot.html)"
185.191.171.5 - - [13/May/2025:02:30:12 -0400] "GET /71e49af45c87f258 HTTP/1.1" 200 14875 "-" "Mozilla/5.0 (compatible; SemrushBot/7~bl; +http://www.semrush.com/bot.html)"
57.141.4.21 - - [13/May/2025:02:31:47 -0400] "GET /sitemap-7.xml HTTP/1.1" 404 1554 "-" "meta-externalagent/1.1 (+https://developers.facebook.com/docs/sharing/webmasters/crawler)"
57.141.4.14 - - [13/May/2025:02:31:50 -0400] "GET /sitemap-6.xml HTTP/1.1" 404 1554 "-" "meta-externalagent/1.1 (+https://developers.facebook.com/docs/sharing/webmasters/crawler)"
85.208.96.201 - - [13/May/2025:02:33:47 -0400] "GET /c168b5046eb196a1 HTTP/1.1" 200 14854 "-" "Mozilla/5.0 (compatible; SemrushBot/7~bl; +http://www.semrush.com/bot.html)"
85.208.96.209 - - [13/May/2025:02:36:30 -0400] "GET /42dceb82912c1e34 HTTP/1.1" 200 14877 "-" "Mozilla/5.0 (compatible; SemrushBot/7~bl; +http://www.semrush.com/bot.html)"
57.141.4.12 - - [13/May/2025:02:38:50 -0400] "GET /sitemap.xml HTTP/1.1" 404 1554 "-" "meta-externalagent/1.1 (+https://developers.facebook.com/docs/sharing/webmasters/crawler)"
85.208.96.210 - - [13/May/2025:02:41:17 -0400] "GET /dcd34c1d59454e2f HTTP/1.1" 200 14860 "-" "Mozilla/5.0 (compatible; SemrushBot/7~bl; +http://www.semrush.com/bot.html)"
57.141.4.4 - - [13/May/2025:02:41:47 -0400] "GET /sitemap-14.xml HTTP/1.1" 404 1554 "-" "meta-externalagent/1.1 (+https://developers.facebook.com/docs/sharing/webmasters/crawler)"
85.208.96.199 - - [13/May/2025:02:43:43 -0400] "GET /b1b6ae4f4039c6e2 HTTP/1.1" 200 14905 "-" "Mozilla/5.0 (compatible; SemrushBot/7~bl; +http://www.semrush.com/bot.html)"
57.141.4.13 - - [13/May/2025:02:44:32 -0400] "GET /sitemap-15.xml HTTP/1.1" 404 1554 "-" "meta-externalagent/1.1 (+https://developers.facebook.com/docs/sharing/webmasters/crawler)"
57.141.4.18 - - [13/May/2025:02:47:16 -0400] "GET /sitemap-1.xml HTTP/1.1" 404 1554 "-" "meta-externalagent/1.1 (+https://developers.facebook.com/docs/sharing/webmasters/crawler)"
57.141.4.15 - - [13/May/2025:02:47:20 -0400] "GET /sitemap-2.xml HTTP/1.1" 404 1554 "-" "meta-externalagent/1.1 (+https://developers.facebook.com/docs/sharing/webmasters/crawler)"
85.208.96.206 - - [13/May/2025:02:51:35 -0400] "GET /0dd09a31a7d7ed86 HTTP/1.1" 200 14858 "-" "Mozilla/5.0 (compatible; SemrushBot/7~bl; +http://www.semrush.com/bot.html)"
85.208.96.202 - - [13/May/2025:02:52:44 -0400] "GET /24cddb6a9382f92a HTTP/1.1" 200 14862 "-" "Mozilla/5.0 (compatible; SemrushBot/7~bl; +http://www.semrush.com/bot.html)"
185.191.171.19 - - [13/May/2025:02:52:48 -0400] "GET /859eda0e51d9fd74 HTTP/1.1" 200 14852 "-" "Mozilla/5.0 (compatible; SemrushBot/7~bl; +http://www.semrush.com/bot.html)"
85.208.96.207 - - [13/May/2025:03:02:18 -0400] "GET /robots.txt HTTP/1.1" 200 192 "-" "Mozilla/5.0 (compatible; SemrushBot/7~bl; +http://www.semrush.com/bot.html)"
185.191.171.5 - - [13/May/2025:03:02:19 -0400] "GET /8f8752f9a98a7464 HTTP/1.1" 200 14861 "-" "Mozilla/5.0 (compatible; SemrushBot/7~bl; +http://www.semrush.com/bot.html)"
185.191.171.10 - - [13/May/2025:03:04:31 -0400] "GET /7b7e19375ac01672 HTTP/1.1" 200 14849 "-" "Mozilla/5.0 (compatible; SemrushBot/7~bl; +http://www.semrush.com/bot.html)"
85.208.96.204 - - [13/May/2025:03:05:27 -0400] "GET /7b0243529ae38ee6 HTTP/1.1" 200 14893 "-" "Mozilla/5.0 (compatible; SemrushBot/7~bl; +http://www.semrush.com/bot.html)"
185.191.171.5 - - [13/May/2025:03:07:48 -0400] "GET /d1ae430524e55ae2 HTTP/1.1" 200 14873 "-" "Mozilla/5.0 (compatible; SemrushBot/7~bl; +http://www.semrush.com/bot.html)"
85.208.96.199 - - [13/May/2025:03:17:54 -0400] "GET /924d77b7c314fb05 HTTP/1.1" 200 14854 "-" "Mozilla/5.0 (compatible; SemrushBot/7~bl; +http://www.semrush.com/bot.html)"
185.191.171.18 - - [13/May/2025:03:19:04 -0400] "GET /f9689ce7a8348ac1 HTTP/1.1" 200 14872 "-" "Mozilla/5.0 (compatible; SemrushBot/7~bl; +http://www.semrush.com/bot.html)"
57.141.4.18 - - [13/May/2025:03:22:14 -0400] "GET /sitemap-17.xml HTTP/1.1" 404 1554 "-" "meta-externalagent/1.1 (+https://developers.facebook.com/docs/sharing/webmasters/crawler)"
57.141.4.29 - - [13/May/2025:03:22:26 -0400] "GET /sitemap-4.xml HTTP/1.1" 404 1554 "-" "meta-externalagent/1.1 (+https://developers.facebook.com/docs/sharing/webmasters/crawler)"
85.208.96.212 - - [13/May/2025:03:23:05 -0400] "GET /5473c37b10c22ccc HTTP/1.1" 200 14859 "-" "Mozilla/5.0 (compatible; SemrushBot/7~bl; +http://www.semrush.com/bot.html)"
57.141.4.21 - - [13/May/2025:03:24:05 -0400] "GET /bt4.php?sitemap.xml HTTP/1.1" 404 1554 "-" "meta-externalagent/1.1 (+https://developers.facebook.com/docs/sharing/webmasters/crawler)"
57.141.4.22 - - [13/May/2025:03:29:47 -0400] "GET /sitemap-18.xml HTTP/1.1" 404 1554 "-" "meta-externalagent/1.1 (+https://developers.facebook.com/docs/sharing/webmasters/crawler)"
85.208.96.211 - - [13/May/2025:03:33:28 -0400] "GET /0dc07cdc27e95ff0 HTTP/1.1" 200 14872 "-" "Mozilla/5.0 (compatible; SemrushBot/7~bl; +http://www.semrush.com/bot.html)"
57.141.4.19 - - [13/May/2025:03:34:51 -0400] "GET /sitemap-3.xml HTTP/1.1" 404 1554 "-" "meta-externalagent/1.1 (+https://developers.facebook.com/docs/sharing/webmasters/crawler)"
185.191.171.4 - - [13/May/2025:03:40:07 -0400] "GET /7d0a12616c87f79a HTTP/1.1" 200 14848 "-" "Mozilla/5.0 (compatible; SemrushBot/7~bl; +http://www.semrush.com/bot.html)"
85.208.96.197 - - [13/May/2025:03:41:20 -0400] "GET /6a052e73c396df1b HTTP/1.1" 200 14873 "-" "Mozilla/5.0 (compatible; SemrushBot/7~bl; +http://www.semrush.com/bot.html)"
85.208.96.209 - - [13/May/2025:03:46:32 -0400] "GET /28e2369f091f6a6b HTTP/1.1" 200 14879 "-" "Mozilla/5.0 (compatible; SemrushBot/7~bl; +http://www.semrush.com/bot.html)"
185.191.171.8 - - [13/May/2025:03:50:14 -0400] "GET /ebc8c339850d21a4 HTTP/1.1" 200 14865 "-" "Mozilla/5.0 (compatible; SemrushBot/7~bl; +http://www.semrush.com/bot.html)"
85.208.96.201 - - [13/May/2025:03:55:50 -0400] "GET /07a8845d649be780 HTTP/1.1" 200 14869 "-" "Mozilla/5.0 (compatible; SemrushBot/7~bl; +http://www.semrush.com/bot.html)"
185.191.171.13 - - [13/May/2025:03:55:58 -0400] "GET /90fc103f5a5fe227 HTTP/1.1" 200 14848 "-" "Mozilla/5.0 (compatible; SemrushBot/7~bl; +http://www.semrush.com/bot.html)"
85.208.96.202 - - [13/May/2025:03:58:14 -0400] "GET /736277c9462c8be3 HTTP/1.1" 200 14894 "-" "Mozilla/5.0 (compatible; SemrushBot/7~bl; +http://www.semrush.com/bot.html)"
185.191.171.14 - - [13/May/2025:03:58:33 -0400] "GET /38920ae2178e6ec5 HTTP/1.1" 200 14849 "-" "Mozilla/5.0 (compatible; SemrushBot/7~bl; +http://www.semrush.com/bot.html)"
57.141.4.16 - - [13/May/2025:04:01:22 -0400] "GET /sitemap-10.xml HTTP/1.1" 404 1554 "-" "meta-externalagent/1.1 (+https://developers.facebook.com/docs/sharing/webmasters/crawler)"
57.141.4.8 - - [13/May/2025:04:01:25 -0400] "GET /sitemap-13.xml HTTP/1.1" 404 1554 "-" "meta-externalagent/1.1 (+https://developers.facebook.com/docs/sharing/webmasters/crawler)"
85.208.96.210 - - [13/May/2025:04:02:09 -0400] "GET /af1c7343e3e15e29 HTTP/1.1" 200 14838 "-" "Mozilla/5.0 (compatible; SemrushBot/7~bl; +http://www.semrush.com/bot.html)"
185.191.171.19 - - [13/May/2025:04:02:34 -0400] "GET /robots.txt HTTP/1.1" 200 192 "-" "Mozilla/5.0 (compatible; SemrushBot/7~bl; +http://www.semrush.com/bot.html)"
185.191.171.8 - - [13/May/2025:04:02:35 -0400] "GET /9836ccb734ea576d HTTP/1.1" 200 14857 "-" "Mozilla/5.0 (compatible; SemrushBot/7~bl; +http://www.semrush.com/bot.html)"
194.127.199.42 - - [13/May/2025:04:06:45 -0400] "GET /admin/login HTTP/1.1" 200 0 "-" "Mozilla/5.0 (Windows NT 10.0; Win64; x64) Chrome/91.0.4472.124 Safari/537.36"
194.127.199.42 - - [13/May/2025:04:06:52 -0400] "GET /admin/login HTTP/1.1" 200 0 "-" "Mozilla/5.0 (Windows NT 10.0; Win64; x64) Chrome/91.0.4472.124 Safari/537.36"
185.191.171.8 - - [13/May/2025:04:13:56 -0400] "GET /734ddabe8af27ee2 HTTP/1.1" 200 14864 "-" "Mozilla/5.0 (compatible; SemrushBot/7~bl; +http://www.semrush.com/bot.html)"
85.208.96.195 - - [13/May/2025:04:17:48 -0400] "GET /d79c6c850ba86209 HTTP/1.1" 200 14860 "-" "Mozilla/5.0 (compatible; SemrushBot/7~bl; +http://www.semrush.com/bot.html)"
85.208.96.206 - - [13/May/2025:04:22:07 -0400] "GET /9d9b9565d694780c HTTP/1.1" 200 14874 "-" "Mozilla/5.0 (compatible; SemrushBot/7~bl; +http://www.semrush.com/bot.html)"
85.208.96.211 - - [13/May/2025:04:22:28 -0400] "GET /155e9d31e0015376 HTTP/1.1" 200 14851 "-" "Mozilla/5.0 (compatible; SemrushBot/7~bl; +http://www.semrush.com/bot.html)"
185.191.171.2 - - [13/May/2025:04:25:52 -0400] "GET /cae6e18b35e81860 HTTP/1.1" 200 14870 "-" "Mozilla/5.0 (compatible; SemrushBot/7~bl; +http://www.semrush.com/bot.html)"
85.208.96.197 - - [13/May/2025:04:27:06 -0400] "GET /c2c50217bfd119bd HTTP/1.1" 200 14897 "-" "Mozilla/5.0 (compatible; SemrushBot/7~bl; +http://www.semrush.com/bot.html)"
185.191.171.8 - - [13/May/2025:04:27:50 -0400] "GET /5292ba959914e875 HTTP/1.1" 200 14852 "-" "Mozilla/5.0 (compatible; SemrushBot/7~bl; +http://www.semrush.com/bot.html)"
57.141.4.4 - - [13/May/2025:04:32:36 -0400] "GET /45c7a79036eec510 HTTP/1.1" 200 68178 "-" "meta-externalagent/1.1 (+https://developers.facebook.com/docs/sharing/webmasters/crawler)"
185.191.171.6 - - [13/May/2025:04:35:26 -0400] "GET /477968a781951c1b HTTP/1.1" 200 14852 "-" "Mozilla/5.0 (compatible; SemrushBot/7~bl; +http://www.semrush.com/bot.html)"
197.211.59.68 - - [13/May/2025:04:36:39 -0400] "GET /45b15b8fe448a477 HTTP/1.1" 200 12401 "https://netxie.com.ng/" "Mozilla/5.0 (Linux; Android 10; K) AppleWebKit/537.36 (KHTML, like Gecko) Chrome/136.0.0.0 Mobile Safari/537.36"
197.211.59.68 - - [13/May/2025:04:36:40 -0400] "GET /js/translations.js HTTP/1.1" 200 41275 "https://ideyshare.name.ng/45b15b8fe448a477" "Mozilla/5.0 (Linux; Android 10; K) AppleWebKit/537.36 (KHTML, like Gecko) Chrome/136.0.0.0 Mobile Safari/537.36"
197.211.59.68 - - [13/May/2025:04:36:40 -0400] "GET /assets/js/uploader.js?r=1747125400 HTTP/1.1" 200 7383 "https://ideyshare.name.ng/45b15b8fe448a477" "Mozilla/5.0 (Linux; Android 10; K) AppleWebKit/537.36 (KHTML, like Gecko) Chrome/136.0.0.0 Mobile Safari/537.36"
197.211.59.68 - - [13/May/2025:04:36:42 -0400] "POST /account/ajax/file_details HTTP/1.1" 200 14848 "https://ideyshare.name.ng/45b15b8fe448a477" "Mozilla/5.0 (Linux; Android 10; K) AppleWebKit/537.36 (KHTML, like Gecko) Chrome/136.0.0.0 Mobile Safari/537.36"
197.211.59.68 - - [13/May/2025:04:36:43 -0400] "GET /android-icon-96x96.png HTTP/1.1" 404 466 "https://ideyshare.name.ng/45b15b8fe448a477" "Mozilla/5.0 (Linux; Android 10; K) AppleWebKit/537.36 (KHTML, like Gecko) Chrome/136.0.0.0 Mobile Safari/537.36"
197.211.59.68 - - [13/May/2025:04:36:43 -0400] "GET /account/ajax/file_details_similar_files?u=1389 HTTP/1.1" 200 60653 "https://ideyshare.name.ng/45b15b8fe448a477" "Mozilla/5.0 (Linux; Android 10; K) AppleWebKit/537.36 (KHTML, like Gecko) Chrome/136.0.0.0 Mobile Safari/537.36"
197.211.59.68 - - [13/May/2025:04:36:43 -0400] "GET /account/avatar/1/110x110.png?r=1747125402 HTTP/1.1" 302 203 "https://ideyshare.name.ng/45b15b8fe448a477" "Mozilla/5.0 (Linux; Android 10; K) AppleWebKit/537.36 (KHTML, like Gecko) Chrome/136.0.0.0 Mobile Safari/537.36"
197.211.59.68 - - [13/May/2025:04:36:44 -0400] "GET /themes/evolution/assets/images/avatar_default.png?r=1747125403 HTTP/1.1" 200 3230 "https://ideyshare.name.ng/45b15b8fe448a477" "Mozilla/5.0 (Linux; Android 10; K) AppleWebKit/537.36 (KHTML, like Gecko) Chrome/136.0.0.0 Mobile Safari/537.36"
197.211.59.68 - - [13/May/2025:04:38:01 -0400] "GET /04f50abbb8e1a241 HTTP/1.1" 200 12395 "https://netxie.com.ng/" "Mozilla/5.0 (Linux; Android 10; K) AppleWebKit/537.36 (KHTML, like Gecko) Chrome/136.0.0.0 Mobile Safari/537.36"
197.211.59.68 - - [13/May/2025:04:38:06 -0400] "GET /assets/js/uploader.js?r=1747125483 HTTP/1.1" 200 7384 "https://ideyshare.name.ng/04f50abbb8e1a241" "Mozilla/5.0 (Linux; Android 10; K) AppleWebKit/537.36 (KHTML, like Gecko) Chrome/136.0.0.0 Mobile Safari/537.36"
197.211.59.68 - - [13/May/2025:04:38:06 -0400] "GET /js/translations.js HTTP/1.1" 200 41275 "https://ideyshare.name.ng/04f50abbb8e1a241" "Mozilla/5.0 (Linux; Android 10; K) AppleWebKit/537.36 (KHTML, like Gecko) Chrome/136.0.0.0 Mobile Safari/537.36"
197.211.59.68 - - [13/May/2025:04:38:10 -0400] "POST /account/ajax/file_details HTTP/1.1" 200 20083 "https://ideyshare.name.ng/04f50abbb8e1a241" "Mozilla/5.0 (Linux; Android 10; K) AppleWebKit/537.36 (KHTML, like Gecko) Chrome/136.0.0.0 Mobile Safari/537.36"
197.211.59.68 - - [13/May/2025:04:38:11 -0400] "GET /android-icon-96x96.png HTTP/1.1" 404 466 "https://ideyshare.name.ng/04f50abbb8e1a241" "Mozilla/5.0 (Linux; Android 10; K) AppleWebKit/537.36 (KHTML, like Gecko) Chrome/136.0.0.0 Mobile Safari/537.36"
197.211.59.68 - - [13/May/2025:04:38:14 -0400] "GET /themes/evolution/assets/images/pleaseWait.gif HTTP/1.1" 304 0 "https://ideyshare.name.ng/themes/evolution/assets/styles/custom.css" "Mozilla/5.0 (Linux; Android 10; K) AppleWebKit/537.36 (KHTML, like Gecko) Chrome/136.0.0.0 Mobile Safari/537.36"
197.211.59.68 - - [13/May/2025:04:38:14 -0400] "GET /plugins/filepreviewer/assets/players/ultimate/content/minimal_skin_white/warningIcon.png HTTP/1.1" 304 0 "https://ideyshare.name.ng/04f50abbb8e1a241" "Mozilla/5.0 (Linux; Android 10; K) AppleWebKit/537.36 (KHTML, like Gecko) Chrome/136.0.0.0 Mobile Safari/537.36"
197.211.59.68 - - [13/May/2025:04:38:14 -0400] "GET /account/avatar/1/110x110.png?r=1747125491 HTTP/1.1" 302 203 "https://ideyshare.name.ng/04f50abbb8e1a241" "Mozilla/5.0 (Linux; Android 10; K) AppleWebKit/537.36 (KHTML, like Gecko) Chrome/136.0.0.0 Mobile Safari/537.36"
197.211.59.68 - - [13/May/2025:04:38:14 -0400] "GET /account/ajax/file_details_similar_files?u=1395 HTTP/1.1" 200 60653 "https://ideyshare.name.ng/04f50abbb8e1a241" "Mozilla/5.0 (Linux; Android 10; K) AppleWebKit/537.36 (KHTML, like Gecko) Chrome/136.0.0.0 Mobile Safari/537.36"
66.249.93.8 - - [13/May/2025:04:38:14 -0400] "GET /04f50abbb8e1a241 HTTP/1.1" 200 12395 "-" "Mozilla/5.0 (Linux; Android 7.0; SM-G930V Build/NRD90M) AppleWebKit/537.36 (KHTML, like Gecko) Chrome/59.0.3071.125 Mobile Safari/537.36 (compatible; Google-Read-Aloud; +https://support.google.com/webmasters/answer/1061943)"
66.249.93.8 - - [13/May/2025:04:38:16 -0400] "GET /04f50abbb8e1a241 HTTP/1.1" 200 12395 "-" "Mozilla/5.0 (Linux; Android 7.0; SM-G930V Build/NRD90M) AppleWebKit/537.36 (KHTML, like Gecko) Chrome/59.0.3071.125 Mobile Safari/537.36 (compatible; Google-Read-Aloud; +https://support.google.com/webmasters/answer/1061943)"
197.211.59.68 - - [13/May/2025:04:38:17 -0400] "GET /themes/evolution/assets/images/avatar_default.png?r=1747125495 HTTP/1.1" 200 3230 "https://ideyshare.name.ng/04f50abbb8e1a241" "Mozilla/5.0 (Linux; Android 10; K) AppleWebKit/537.36 (KHTML, like Gecko) Chrome/136.0.0.0 Mobile Safari/537.36"
197.211.59.68 - - [13/May/2025:04:38:17 -0400] "GET /plugins/filepreviewer/assets/players/ultimate/content/minimal_skin_white/preloader.jpg HTTP/1.1" 304 0 "https://ideyshare.name.ng/04f50abbb8e1a241" "Mozilla/5.0 (Linux; Android 10; K) AppleWebKit/537.36 (KHTML, like Gecko) Chrome/136.0.0.0 Mobile Safari/537.36"
66.249.93.8 - - [13/May/2025:04:38:17 -0400] "GET /themes/evolution/assets/styles/search_widget.css HTTP/1.1" 200 663 "https://ideyshare.name.ng/04f50abbb8e1a241" "Mozilla/5.0 (Linux; Android 7.0; SM-G930V Build/NRD90M) AppleWebKit/537.36 (KHTML, like Gecko) Chrome/59.0.3071.125 Mobile Safari/537.36 (compatible; Google-Read-Aloud; +https://support.google.com/webmasters/answer/1061943)"
66.249.93.9 - - [13/May/2025:04:38:17 -0400] "GET /04f50abbb8e1a241 HTTP/1.1" 200 12395 "-" "Mozilla/5.0 (Linux; Android 7.0; SM-G930V Build/NRD90M) AppleWebKit/537.36 (KHTML, like Gecko) Chrome/59.0.3071.125 Mobile Safari/537.36 (compatible; Google-Read-Aloud; +https://support.google.com/webmasters/answer/1061943)"
66.249.93.9 - - [13/May/2025:04:38:18 -0400] "GET /themes/evolution/assets/styles/font-icons/entypo/css/entypo.css HTTP/1.1" 200 3234 "https://ideyshare.name.ng/04f50abbb8e1a241" "Mozilla/5.0 (Linux; Android 7.0; SM-G930V Build/NRD90M) AppleWebKit/537.36 (KHTML, like Gecko) Chrome/59.0.3071.125 Mobile Safari/537.36 (compatible; Google-Read-Aloud; +https://support.google.com/webmasters/answer/1061943)"
66.249.93.8 - - [13/May/2025:04:38:18 -0400] "GET /themes/evolution/assets/styles/file-upload.css HTTP/1.1" 200 5669 "https://ideyshare.name.ng/04f50abbb8e1a241" "Mozilla/5.0 (Linux; Android 7.0; SM-G930V Build/NRD90M) AppleWebKit/537.36 (KHTML, like Gecko) Chrome/59.0.3071.125 Mobile Safari/537.36 (compatible; Google-Read-Aloud; +https://support.google.com/webmasters/answer/1061943)"
66.249.93.8 - - [13/May/2025:04:38:18 -0400] "GET /themes/evolution/assets/styles/theme.css HTTP/1.1" 200 19598 "https://ideyshare.name.ng/04f50abbb8e1a241" "Mozilla/5.0 (Linux; Android 7.0; SM-G930V Build/NRD90M) AppleWebKit/537.36 (KHTML, like Gecko) Chrome/59.0.3071.125 Mobile Safari/537.36 (compatible; Google-Read-Aloud; +https://support.google.com/webmasters/answer/1061943)"
66.249.93.8 - - [13/May/2025:04:38:18 -0400] "GET /themes/evolution/assets/js/jquery.event.drag-2.2.js HTTP/1.1" 200 4108 "https://ideyshare.name.ng/04f50abbb8e1a241" "Mozilla/5.0 (Linux; Android 7.0; SM-G930V Build/NRD90M) AppleWebKit/537.36 (KHTML, like Gecko) Chrome/59.0.3071.125 Mobile Safari/537.36 (compatible; Google-Read-Aloud; +https://support.google.com/webmasters/answer/1061943)"
66.249.93.8 - - [13/May/2025:04:38:18 -0400] "GET /plugins/filepreviewer/assets/players/ultimate/content/global.css HTTP/1.1" 200 2801 "https://ideyshare.name.ng/04f50abbb8e1a241" "Mozilla/5.0 (Linux; Android 7.0; SM-G930V Build/NRD90M) AppleWebKit/537.36 (KHTML, like Gecko) Chrome/59.0.3071.125 Mobile Safari/537.36 (compatible; Google-Read-Aloud; +https://support.google.com/webmasters/answer/1061943)"
66.249.93.7 - - [13/May/2025:04:38:18 -0400] "GET /themes/evolution/assets/js/jquery.ckie.js HTTP/1.1" 200 1207 "https://ideyshare.name.ng/04f50abbb8e1a241" "Mozilla/5.0 (Linux; Android 7.0; SM-G930V Build/NRD90M) AppleWebKit/537.36 (KHTML, like Gecko) Chrome/59.0.3071.125 Mobile Safari/537.36 (compatible; Google-Read-Aloud; +https://support.google.com/webmasters/answer/1061943)"
66.249.93.8 - - [13/May/2025:04:38:18 -0400] "GET /themes/evolution/assets/styles/custom.css HTTP/1.1" 200 9503 "https://ideyshare.name.ng/04f50abbb8e1a241" "Mozilla/5.0 (Linux; Android 7.0; SM-G930V Build/NRD90M) AppleWebKit/537.36 (KHTML, like Gecko) Chrome/59.0.3071.125 Mobile Safari/537.36 (compatible; Google-Read-Aloud; +https://support.google.com/webmasters/answer/1061943)"
66.249.93.8 - - [13/May/2025:04:38:18 -0400] "GET /themes/evolution/assets/styles/core.css HTTP/1.1" 200 23942 "https://ideyshare.name.ng/04f50abbb8e1a241" "Mozilla/5.0 (Linux; Android 7.0; SM-G930V Build/NRD90M) AppleWebKit/537.36 (KHTML, like Gecko) Chrome/59.0.3071.125 Mobile Safari/537.36 (compatible; Google-Read-Aloud; +https://support.google.com/webmasters/answer/1061943)"
66.249.93.9 - - [13/May/2025:04:38:18 -0400] "GET /themes/evolution/assets/js/jquery.event.drag.live-2.2.js HTTP/1.1" 200 931 "https://ideyshare.name.ng/04f50abbb8e1a241" "Mozilla/5.0 (Linux; Android 7.0; SM-G930V Build/NRD90M) AppleWebKit/537.36 (KHTML, like Gecko) Chrome/59.0.3071.125 Mobile Safari/537.36 (compatible; Google-Read-Aloud; +https://support.google.com/webmasters/answer/1061943)"
66.249.93.8 - - [13/May/2025:04:38:18 -0400] "GET /themes/evolution/assets/styles/font-icons/entypo/css/entypo.css HTTP/1.1" 200 3234 "https://ideyshare.name.ng/04f50abbb8e1a241" "Mozilla/5.0 (Linux; Android 7.0; SM-G930V Build/NRD90M) AppleWebKit/537.36 (KHTML, like Gecko) Chrome/59.0.3071.125 Mobile Safari/537.36 (compatible; Google-Read-Aloud; +https://support.google.com/webmasters/answer/1061943)"
66.249.93.9 - - [13/May/2025:04:38:18 -0400] "GET /themes/evolution/assets/styles/font-icons/font-awesome/css/font-awesome.min.css HTTP/1.1" 200 3795 "https://ideyshare.name.ng/04f50abbb8e1a241" "Mozilla/5.0 (Linux; Android 7.0; SM-G930V Build/NRD90M) AppleWebKit/537.36 (KHTML, like Gecko) Chrome/59.0.3071.125 Mobile Safari/537.36 (compatible; Google-Read-Aloud; +https://support.google.com/webmasters/answer/1061943)"
66.249.93.7 - - [13/May/2025:04:38:18 -0400] "GET /themes/evolution/assets/styles/forms.css HTTP/1.1" 200 22908 "https://ideyshare.name.ng/04f50abbb8e1a241" "Mozilla/5.0 (Linux; Android 7.0; SM-G930V Build/NRD90M) AppleWebKit/537.36 (KHTML, like Gecko) Chrome/59.0.3071.125 Mobile Safari/537.36 (compatible; Google-Read-Aloud; +https://support.google.com/webmasters/answer/1061943)"
66.249.93.7 - - [13/May/2025:04:38:18 -0400] "GET /themes/evolution/assets/styles/fonts.css HTTP/1.1" 200 172 "https://ideyshare.name.ng/04f50abbb8e1a241" "Mozilla/5.0 (Linux; Android 7.0; SM-G930V Build/NRD90M) AppleWebKit/537.36 (KHTML, like Gecko) Chrome/59.0.3071.125 Mobile Safari/537.36 (compatible; Google-Read-Aloud; +https://support.google.com/webmasters/answer/1061943)"
66.249.93.9 - - [13/May/2025:04:38:18 -0400] "GET /themes/evolution/assets/styles/skins/default.css HTTP/1.1" 200 1672 "https://ideyshare.name.ng/04f50abbb8e1a241" "Mozilla/5.0 (Linux; Android 7.0; SM-G930V Build/NRD90M) AppleWebKit/537.36 (KHTML, like Gecko) Chrome/59.0.3071.125 Mobile Safari/537.36 (compatible; Google-Read-Aloud; +https://support.google.com/webmasters/answer/1061943)"
66.249.93.7 - - [13/May/2025:04:38:18 -0400] "GET /themes/evolution/assets/styles/font-icons/font-awesome/css/font-awesome.min.css HTTP/1.1" 200 3795 "https://ideyshare.name.ng/04f50abbb8e1a241" "Mozilla/5.0 (Linux; Android 7.0; SM-G930V Build/NRD90M) AppleWebKit/537.36 (KHTML, like Gecko) Chrome/59.0.3071.125 Mobile Safari/537.36 (compatible; Google-Read-Aloud; +https://support.google.com/webmasters/answer/1061943)"
66.249.93.9 - - [13/May/2025:04:38:18 -0400] "GET /themes/evolution/assets/js/jquery.event.drop-2.2.js HTTP/1.1" 200 3183 "https://ideyshare.name.ng/04f50abbb8e1a241" "Mozilla/5.0 (Linux; Android 7.0; SM-G930V Build/NRD90M) AppleWebKit/537.36 (KHTML, like Gecko) Chrome/59.0.3071.125 Mobile Safari/537.36 (compatible; Google-Read-Aloud; +https://support.google.com/webmasters/answer/1061943)"
66.249.93.9 - - [13/May/2025:04:38:18 -0400] "GET /themes/evolution/assets/js/jquery-1.11.0.min.js HTTP/1.1" 200 32431 "https://ideyshare.name.ng/04f50abbb8e1a241" "Mozilla/5.0 (Linux; Android 7.0; SM-G930V Build/NRD90M) AppleWebKit/537.36 (KHTML, like Gecko) Chrome/59.0.3071.125 Mobile Safari/537.36 (compatible; Google-Read-Aloud; +https://support.google.com/webmasters/answer/1061943)"
66.249.93.9 - - [13/May/2025:04:38:18 -0400] "GET /themes/evolution/assets/styles/file_browser_sprite_48px.css HTTP/1.1" 200 1659 "https://ideyshare.name.ng/04f50abbb8e1a241" "Mozilla/5.0 (Linux; Android 7.0; SM-G930V Build/NRD90M) AppleWebKit/537.36 (KHTML, like Gecko) Chrome/59.0.3071.125 Mobile Safari/537.36 (compatible; Google-Read-Aloud; +https://support.google.com/webmasters/answer/1061943)"
66.249.93.8 - - [13/May/2025:04:38:18 -0400] "GET /themes/evolution/assets/styles/responsive.css HTTP/1.1" 200 2192 "https://ideyshare.name.ng/04f50abbb8e1a241" "Mozilla/5.0 (Linux; Android 7.0; SM-G930V Build/NRD90M) AppleWebKit/537.36 (KHTML, like Gecko) Chrome/59.0.3071.125 Mobile Safari/537.36 (compatible; Google-Read-Aloud; +https://support.google.com/webmasters/answer/1061943)"
66.249.93.9 - - [13/May/2025:04:38:18 -0400] "GET /themes/evolution/assets/js/jquery.jstree.js HTTP/1.1" 200 35101 "https://ideyshare.name.ng/04f50abbb8e1a241" "Mozilla/5.0 (Linux; Android 7.0; SM-G930V Build/NRD90M) AppleWebKit/537.36 (KHTML, like Gecko) Chrome/59.0.3071.125 Mobile Safari/537.36 (compatible; Google-Read-Aloud; +https://support.google.com/webmasters/answer/1061943)"
66.249.93.8 - - [13/May/2025:04:38:18 -0400] "GET /themes/evolution/assets/js/slick/slick.js HTTP/1.1" 200 11872 "https://ideyshare.name.ng/04f50abbb8e1a241" "Mozilla/5.0 (Linux; Android 7.0; SM-G930V Build/NRD90M) AppleWebKit/537.36 (KHTML, like Gecko) Chrome/59.0.3071.125 Mobile Safari/537.36 (compatible; Google-Read-Aloud; +https://support.google.com/webmasters/answer/1061943)"
66.249.93.9 - - [13/May/2025:04:38:18 -0400] "GET /themes/evolution/assets/styles/daterangepicker-bs3.css HTTP/1.1" 200 1101 "https://ideyshare.name.ng/04f50abbb8e1a241" "Mozilla/5.0 (Linux; Android 7.0; SM-G930V Build/NRD90M) AppleWebKit/537.36 (KHTML, like Gecko) Chrome/59.0.3071.125 Mobile Safari/537.36 (compatible; Google-Read-Aloud; +https://support.google.com/webmasters/answer/1061943)"
66.249.93.7 - - [13/May/2025:04:38:18 -0400] "GET /themes/evolution/assets/styles/bootstrap.css HTTP/1.1" 200 25004 "https://ideyshare.name.ng/04f50abbb8e1a241" "Mozilla/5.0 (Linux; Android 7.0; SM-G930V Build/NRD90M) AppleWebKit/537.36 (KHTML, like Gecko) Chrome/59.0.3071.125 Mobile Safari/537.36 (compatible; Google-Read-Aloud; +https://support.google.com/webmasters/answer/1061943)"
66.249.93.7 - - [13/May/2025:04:38:18 -0400] "GET /themes/evolution/assets/js/photo-swipe/photoswipe.css HTTP/1.1" 200 1153 "https://ideyshare.name.ng/04f50abbb8e1a241" "Mozilla/5.0 (Linux; Android 7.0; SM-G930V Build/NRD90M) AppleWebKit/537.36 (KHTML, like Gecko) Chrome/59.0.3071.125 Mobile Safari/537.36 (compatible; Google-Read-Aloud; +https://support.google.com/webmasters/answer/1061943)"
66.249.93.7 - - [13/May/2025:04:38:19 -0400] "GET /themes/evolution/assets/styles/theme.css HTTP/1.1" 200 19598 "https://ideyshare.name.ng/04f50abbb8e1a241" "Mozilla/5.0 (Linux; Android 7.0; SM-G930V Build/NRD90M) AppleWebKit/537.36 (KHTML, like Gecko) Chrome/59.0.3071.125 Mobile Safari/537.36 (compatible; Google-Read-Aloud; +https://support.google.com/webmasters/answer/1061943)"
66.249.93.9 - - [13/May/2025:04:38:19 -0400] "GET /themes/evolution/assets/styles/file_browser_sprite_48px.css HTTP/1.1" 200 1659 "https://ideyshare.name.ng/04f50abbb8e1a241" "Mozilla/5.0 (Linux; Android 7.0; SM-G930V Build/NRD90M) AppleWebKit/537.36 (KHTML, like Gecko) Chrome/59.0.3071.125 Mobile Safari/537.36 (compatible; Google-Read-Aloud; +https://support.google.com/webmasters/answer/1061943)"
66.249.93.7 - - [13/May/2025:04:38:19 -0400] "GET /themes/evolution/assets/styles/skins/default.css HTTP/1.1" 200 1672 "https://ideyshare.name.ng/04f50abbb8e1a241" "Mozilla/5.0 (Linux; Android 7.0; SM-G930V Build/NRD90M) AppleWebKit/537.36 (KHTML, like Gecko) Chrome/59.0.3071.125 Mobile Safari/537.36 (compatible; Google-Read-Aloud; +https://support.google.com/webmasters/answer/1061943)"
66.249.93.7 - - [13/May/2025:04:38:19 -0400] "GET /themes/evolution/assets/styles/bootstrap.css HTTP/1.1" 200 25004 "https://ideyshare.name.ng/04f50abbb8e1a241" "Mozilla/5.0 (Linux; Android 7.0; SM-G930V Build/NRD90M) AppleWebKit/537.36 (KHTML, like Gecko) Chrome/59.0.3071.125 Mobile Safari/537.36 (compatible; Google-Read-Aloud; +https://support.google.com/webmasters/answer/1061943)"
66.249.93.9 - - [13/May/2025:04:38:19 -0400] "GET /themes/evolution/assets/js/photo-swipe/photoswipe.css HTTP/1.1" 200 1153 "https://ideyshare.name.ng/04f50abbb8e1a241" "Mozilla/5.0 (Linux; Android 7.0; SM-G930V Build/NRD90M) AppleWebKit/537.36 (KHTML, like Gecko) Chrome/59.0.3071.125 Mobile Safari/537.36 (compatible; Google-Read-Aloud; +https://support.google.com/webmasters/answer/1061943)"
66.249.93.8 - - [13/May/2025:04:38:19 -0400] "GET /themes/evolution/assets/styles/forms.css HTTP/1.1" 200 22908 "https://ideyshare.name.ng/04f50abbb8e1a241" "Mozilla/5.0 (Linux; Android 7.0; SM-G930V Build/NRD90M) AppleWebKit/537.36 (KHTML, like Gecko) Chrome/59.0.3071.125 Mobile Safari/537.36 (compatible; Google-Read-Aloud; +https://support.google.com/webmasters/answer/1061943)"
66.249.93.8 - - [13/May/2025:04:38:19 -0400] "GET /plugins/filepreviewer/assets/players/ultimate/content/global.css HTTP/1.1" 200 2801 "https://ideyshare.name.ng/04f50abbb8e1a241" "Mozilla/5.0 (Linux; Android 7.0; SM-G930V Build/NRD90M) AppleWebKit/537.36 (KHTML, like Gecko) Chrome/59.0.3071.125 Mobile Safari/537.36 (compatible; Google-Read-Aloud; +https://support.google.com/webmasters/answer/1061943)"
66.249.93.9 - - [13/May/2025:04:38:19 -0400] "GET /themes/evolution/assets/js/jquery.event.drop.live-2.2.js HTTP/1.1" 200 1011 "https://ideyshare.name.ng/04f50abbb8e1a241" "Mozilla/5.0 (Linux; Android 7.0; SM-G930V Build/NRD90M) AppleWebKit/537.36 (KHTML, like Gecko) Chrome/59.0.3071.125 Mobile Safari/537.36 (compatible; Google-Read-Aloud; +https://support.google.com/webmasters/answer/1061943)"
66.249.93.8 - - [13/May/2025:04:38:19 -0400] "GET /themes/evolution/assets/js/slick/slick.css HTTP/1.1" 200 478 "https://ideyshare.name.ng/04f50abbb8e1a241" "Mozilla/5.0 (Linux; Android 7.0; SM-G930V Build/NRD90M) AppleWebKit/537.36 (KHTML, like Gecko) Chrome/59.0.3071.125 Mobile Safari/537.36 (compatible; Google-Read-Aloud; +https://support.google.com/webmasters/answer/1061943)"
66.249.93.7 - - [13/May/2025:04:38:19 -0400] "GET /themes/evolution/assets/styles/fonts.css HTTP/1.1" 200 172 "https://ideyshare.name.ng/04f50abbb8e1a241" "Mozilla/5.0 (Linux; Android 7.0; SM-G930V Build/NRD90M) AppleWebKit/537.36 (KHTML, like Gecko) Chrome/59.0.3071.125 Mobile Safari/537.36 (compatible; Google-Read-Aloud; +https://support.google.com/webmasters/answer/1061943)"
66.249.93.8 - - [13/May/2025:04:38:19 -0400] "GET /themes/evolution/assets/js/photo-swipe/default-skin/default-skin.css HTTP/1.1" 200 2786 "https://ideyshare.name.ng/04f50abbb8e1a241" "Mozilla/5.0 (Linux; Android 7.0; SM-G930V Build/NRD90M) AppleWebKit/537.36 (KHTML, like Gecko) Chrome/59.0.3071.125 Mobile Safari/537.36 (compatible; Google-Read-Aloud; +https://support.google.com/webmasters/answer/1061943)"
66.249.93.9 - - [13/May/2025:04:38:19 -0400] "GET /themes/evolution/assets/js/photo-swipe/photoswipe-ui-default.min.js HTTP/1.1" 200 3516 "https://ideyshare.name.ng/04f50abbb8e1a241" "Mozilla/5.0 (Linux; Android 7.0; SM-G930V Build/NRD90M) AppleWebKit/537.36 (KHTML, like Gecko) Chrome/59.0.3071.125 Mobile Safari/537.36 (compatible; Google-Read-Aloud; +https://support.google.com/webmasters/answer/1061943)"
66.249.93.9 - - [13/May/2025:04:38:19 -0400] "GET /themes/evolution/assets/styles/file-upload.css HTTP/1.1" 200 5669 "https://ideyshare.name.ng/04f50abbb8e1a241" "Mozilla/5.0 (Linux; Android 7.0; SM-G930V Build/NRD90M) AppleWebKit/537.36 (KHTML, like Gecko) Chrome/59.0.3071.125 Mobile Safari/537.36 (compatible; Google-Read-Aloud; +https://support.google.com/webmasters/answer/1061943)"
66.249.93.9 - - [13/May/2025:04:38:19 -0400] "GET /themes/evolution/assets/styles/custom.css HTTP/1.1" 200 9503 "https://ideyshare.name.ng/04f50abbb8e1a241" "Mozilla/5.0 (Linux; Android 7.0; SM-G930V Build/NRD90M) AppleWebKit/537.36 (KHTML, like Gecko) Chrome/59.0.3071.125 Mobile Safari/537.36 (compatible; Google-Read-Aloud; +https://support.google.com/webmasters/answer/1061943)"
66.249.93.7 - - [13/May/2025:04:38:19 -0400] "GET /themes/evolution/assets/js/slick/slick.css HTTP/1.1" 200 478 "https://ideyshare.name.ng/04f50abbb8e1a241" "Mozilla/5.0 (Linux; Android 7.0; SM-G930V Build/NRD90M) AppleWebKit/537.36 (KHTML, like Gecko) Chrome/59.0.3071.125 Mobile Safari/537.36 (compatible; Google-Read-Aloud; +https://support.google.com/webmasters/answer/1061943)"
66.249.93.8 - - [13/May/2025:04:38:19 -0400] "GET /themes/evolution/assets/js/jquery.touchSwipe.min.js HTTP/1.1" 200 3743 "https://ideyshare.name.ng/04f50abbb8e1a241" "Mozilla/5.0 (Linux; Android 7.0; SM-G930V Build/NRD90M) AppleWebKit/537.36 (KHTML, like Gecko) Chrome/59.0.3071.125 Mobile Safari/537.36 (compatible; Google-Read-Aloud; +https://support.google.com/webmasters/answer/1061943)"
66.249.93.8 - - [13/May/2025:04:38:19 -0400] "GET /themes/evolution/assets/js/evolution.js HTTP/1.1" 200 8365 "https://ideyshare.name.ng/04f50abbb8e1a241" "Mozilla/5.0 (Linux; Android 7.0; SM-G930V Build/NRD90M) AppleWebKit/537.36 (KHTML, like Gecko) Chrome/59.0.3071.125 Mobile Safari/537.36 (compatible; Google-Read-Aloud; +https://support.google.com/webmasters/answer/1061943)"
66.249.93.7 - - [13/May/2025:04:38:19 -0400] "GET /themes/evolution/assets/js/slick/slick-theme.css HTTP/1.1" 200 768 "https://ideyshare.name.ng/04f50abbb8e1a241" "Mozilla/5.0 (Linux; Android 7.0; SM-G930V Build/NRD90M) AppleWebKit/537.36 (KHTML, like Gecko) Chrome/59.0.3071.125 Mobile Safari/537.36 (compatible; Google-Read-Aloud; +https://support.google.com/webmasters/answer/1061943)"
66.249.93.9 - - [13/May/2025:04:38:19 -0400] "GET /themes/evolution/assets/styles/core.css HTTP/1.1" 200 23942 "https://ideyshare.name.ng/04f50abbb8e1a241" "Mozilla/5.0 (Linux; Android 7.0; SM-G930V Build/NRD90M) AppleWebKit/537.36 (KHTML, like Gecko) Chrome/59.0.3071.125 Mobile Safari/537.36 (compatible; Google-Read-Aloud; +https://support.google.com/webmasters/answer/1061943)"
66.249.93.7 - - [13/May/2025:04:38:19 -0400] "GET /themes/evolution/assets/styles/responsive.css HTTP/1.1" 200 2192 "https://ideyshare.name.ng/04f50abbb8e1a241" "Mozilla/5.0 (Linux; Android 7.0; SM-G930V Build/NRD90M) AppleWebKit/537.36 (KHTML, like Gecko) Chrome/59.0.3071.125 Mobile Safari/537.36 (compatible; Google-Read-Aloud; +https://support.google.com/webmasters/answer/1061943)"
66.249.93.8 - - [13/May/2025:04:38:19 -0400] "GET /themes/evolution/assets/js/slick/slick-theme.css HTTP/1.1" 200 768 "https://ideyshare.name.ng/04f50abbb8e1a241" "Mozilla/5.0 (Linux; Android 7.0; SM-G930V Build/NRD90M) AppleWebKit/537.36 (KHTML, like Gecko) Chrome/59.0.3071.125 Mobile Safari/537.36 (compatible; Google-Read-Aloud; +https://support.google.com/webmasters/answer/1061943)"
197.211.59.68 - - [13/May/2025:04:38:19 -0400] "GET /plugins/filepreviewer/assets/players/ultimate/content/minimal_skin_white/scrubber-left-drag.png HTTP/1.1" 304 0 "https://ideyshare.name.ng/04f50abbb8e1a241" "Mozilla/5.0 (Linux; Android 10; K) AppleWebKit/537.36 (KHTML, like Gecko) Chrome/136.0.0.0 Mobile Safari/537.36"
197.211.59.68 - - [13/May/2025:04:38:19 -0400] "GET /plugins/filepreviewer/assets/players/ultimate/content/minimal_skin_white/skip-icon.png HTTP/1.1" 304 0 "https://ideyshare.name.ng/04f50abbb8e1a241" "Mozilla/5.0 (Linux; Android 10; K) AppleWebKit/537.36 (KHTML, like Gecko) Chrome/136.0.0.0 Mobile Safari/537.36"
197.211.59.68 - - [13/May/2025:04:38:19 -0400] "GET /plugins/filepreviewer/assets/players/ultimate/content/minimal_skin_white/progress-left.png HTTP/1.1" 304 0 "https://ideyshare.name.ng/04f50abbb8e1a241" "Mozilla/5.0 (Linux; Android 10; K) AppleWebKit/537.36 (KHTML, like Gecko) Chrome/136.0.0.0 Mobile Safari/537.36"
197.211.59.68 - - [13/May/2025:04:38:19 -0400] "GET /plugins/filepreviewer/assets/players/ultimate/content/minimal_skin_white/scrubber-left-background.png HTTP/1.1" 304 0 "https://ideyshare.name.ng/04f50abbb8e1a241" "Mozilla/5.0 (Linux; Android 10; K) AppleWebKit/537.36 (KHTML, like Gecko) Chrome/136.0.0.0 Mobile Safari/537.36"
197.211.59.68 - - [13/May/2025:04:38:19 -0400] "GET /plugins/filepreviewer/assets/players/ultimate/content/minimal_skin_white/scrubber-line.png HTTP/1.1" 304 0 "https://ideyshare.name.ng/04f50abbb8e1a241" "Mozilla/5.0 (Linux; Android 10; K) AppleWebKit/537.36 (KHTML, like Gecko) Chrome/136.0.0.0 Mobile Safari/537.36"
66.249.93.7 - - [13/May/2025:04:38:19 -0400] "GET /themes/evolution/assets/styles/daterangepicker-bs3.css HTTP/1.1" 200 1101 "https://ideyshare.name.ng/04f50abbb8e1a241" "Mozilla/5.0 (Linux; Android 7.0; SM-G930V Build/NRD90M) AppleWebKit/537.36 (KHTML, like Gecko) Chrome/59.0.3071.125 Mobile Safari/537.36 (compatible; Google-Read-Aloud; +https://support.google.com/webmasters/answer/1061943)"
66.249.93.9 - - [13/May/2025:04:38:19 -0400] "GET /themes/evolution/assets/js/photo-swipe/default-skin/default-skin.css HTTP/1.1" 200 2786 "https://ideyshare.name.ng/04f50abbb8e1a241" "Mozilla/5.0 (Linux; Android 7.0; SM-G930V Build/NRD90M) AppleWebKit/537.36 (KHTML, like Gecko) Chrome/59.0.3071.125 Mobile Safari/537.36 (compatible; Google-Read-Aloud; +https://support.google.com/webmasters/answer/1061943)"
197.211.59.68 - - [13/May/2025:04:38:19 -0400] "GET /plugins/filepreviewer/assets/players/ultimate/content/minimal_skin_white/volume-scrubber-bottom-drag.png HTTP/1.1" 304 0 "https://ideyshare.name.ng/04f50abbb8e1a241" "Mozilla/5.0 (Linux; Android 10; K) AppleWebKit/537.36 (KHTML, like Gecko) Chrome/136.0.0.0 Mobile Safari/537.36"
197.211.59.68 - - [13/May/2025:04:38:19 -0400] "GET /plugins/filepreviewer/assets/players/ultimate/content/minimal_skin_white/popw-close-button.png HTTP/1.1" 304 0 "https://ideyshare.name.ng/04f50abbb8e1a241" "Mozilla/5.0 (Linux; Android 10; K) AppleWebKit/537.36 (KHTML, like Gecko) Chrome/136.0.0.0 Mobile Safari/537.36"
197.211.59.68 - - [13/May/2025:04:38:19 -0400] "GET /plugins/filepreviewer/assets/players/ultimate/content/minimal_skin_white/embed-close-button.png HTTP/1.1" 304 0 "https://ideyshare.name.ng/04f50abbb8e1a241" "Mozilla/5.0 (Linux; Android 10; K) AppleWebKit/537.36 (KHTML, like Gecko) Chrome/136.0.0.0 Mobile Safari/537.36"
66.249.93.9 - - [13/May/2025:04:38:19 -0400] "GET /themes/evolution/assets/js/jquery-ui.js HTTP/1.1" 200 105038 "https://ideyshare.name.ng/04f50abbb8e1a241" "Mozilla/5.0 (Linux; Android 7.0; SM-G930V Build/NRD90M) AppleWebKit/537.36 (KHTML, like Gecko) Chrome/59.0.3071.125 Mobile Safari/537.36 (compatible; Google-Read-Aloud; +https://support.google.com/webmasters/answer/1061943)"
66.249.93.7 - - [13/May/2025:04:38:19 -0400] "GET /themes/evolution/assets/js/photo-swipe/photoswipe.min.js HTTP/1.1" 200 11650 "https://ideyshare.name.ng/04f50abbb8e1a241" "Mozilla/5.0 (Linux; Android 7.0; SM-G930V Build/NRD90M) AppleWebKit/537.36 (KHTML, like Gecko) Chrome/59.0.3071.125 Mobile Safari/537.36 (compatible; Google-Read-Aloud; +https://support.google.com/webmasters/answer/1061943)"
66.249.93.7 - - [13/May/2025:04:38:19 -0400] "GET /themes/evolution/assets/js/jquery.dataTables.min.js HTTP/1.1" 200 18670 "https://ideyshare.name.ng/04f50abbb8e1a241" "Mozilla/5.0 (Linux; Android 7.0; SM-G930V Build/NRD90M) AppleWebKit/537.36 (KHTML, like Gecko) Chrome/59.0.3071.125 Mobile Safari/537.36 (compatible; Google-Read-Aloud; +https://support.google.com/webmasters/answer/1061943)"
66.249.93.8 - - [13/May/2025:04:38:19 -0400] "GET /assets/js/uploader.js?r=1747125497 HTTP/1.1" 200 7380 "https://ideyshare.name.ng/04f50abbb8e1a241" "Mozilla/5.0 (Linux; Android 7.0; SM-G930V Build/NRD90M) AppleWebKit/537.36 (KHTML, like Gecko) Chrome/59.0.3071.125 Mobile Safari/537.36 (compatible; Google-Read-Aloud; +https://support.google.com/webmasters/answer/1061943)"
66.249.93.7 - - [13/May/2025:04:38:20 -0400] "GET /themes/evolution/assets/js/jquery.tmpl.min.js HTTP/1.1" 200 524 "https://ideyshare.name.ng/04f50abbb8e1a241" "Mozilla/5.0 (Linux; Android 7.0; SM-G930V Build/NRD90M) AppleWebKit/537.36 (KHTML, like Gecko) Chrome/59.0.3071.125 Mobile Safari/537.36 (compatible; Google-Read-Aloud; +https://support.google.com/webmasters/answer/1061943)"
66.249.93.8 - - [13/May/2025:04:38:20 -0400] "GET /themes/evolution/assets/js/load-image.min.js HTTP/1.1" 200 5703 "https://ideyshare.name.ng/04f50abbb8e1a241" "Mozilla/5.0 (Linux; Android 7.0; SM-G930V Build/NRD90M) AppleWebKit/537.36 (KHTML, like Gecko) Chrome/59.0.3071.125 Mobile Safari/537.36 (compatible; Google-Read-Aloud; +https://support.google.com/webmasters/answer/1061943)"
66.249.93.9 - - [13/May/2025:04:38:20 -0400] "GET /themes/evolution/assets/js/jquery.iframe-transport.js HTTP/1.1" 200 2192 "https://ideyshare.name.ng/04f50abbb8e1a241" "Mozilla/5.0 (Linux; Android 7.0; SM-G930V Build/NRD90M) AppleWebKit/537.36 (KHTML, like Gecko) Chrome/59.0.3071.125 Mobile Safari/537.36 (compatible; Google-Read-Aloud; +https://support.google.com/webmasters/answer/1061943)"
66.249.93.8 - - [13/May/2025:04:38:20 -0400] "GET /themes/evolution/assets/js/jquery.fileupload.js HTTP/1.1" 200 12933 "https://ideyshare.name.ng/04f50abbb8e1a241" "Mozilla/5.0 (Linux; Android 7.0; SM-G930V Build/NRD90M) AppleWebKit/537.36 (KHTML, like Gecko) Chrome/59.0.3071.125 Mobile Safari/537.36 (compatible; Google-Read-Aloud; +https://support.google.com/webmasters/answer/1061943)"
66.249.93.9 - - [13/May/2025:04:38:20 -0400] "GET /themes/evolution/assets/js/jquery.fileupload-process.js HTTP/1.1" 200 1589 "https://ideyshare.name.ng/04f50abbb8e1a241" "Mozilla/5.0 (Linux; Android 7.0; SM-G930V Build/NRD90M) AppleWebKit/537.36 (KHTML, like Gecko) Chrome/59.0.3071.125 Mobile Safari/537.36 (compatible; Google-Read-Aloud; +https://support.google.com/webmasters/answer/1061943)"
66.249.93.8 - - [13/May/2025:04:38:20 -0400] "GET /themes/evolution/assets/js/canvas-to-blob.min.js HTTP/1.1" 200 485 "https://ideyshare.name.ng/04f50abbb8e1a241" "Mozilla/5.0 (Linux; Android 7.0; SM-G930V Build/NRD90M) AppleWebKit/537.36 (KHTML, like Gecko) Chrome/59.0.3071.125 Mobile Safari/537.36 (compatible; Google-Read-Aloud; +https://support.google.com/webmasters/answer/1061943)"
66.249.93.9 - - [13/May/2025:04:38:20 -0400] "GET /themes/evolution/assets/js/jquery.fileupload-resize.js HTTP/1.1" 200 2476 "https://ideyshare.name.ng/04f50abbb8e1a241" "Mozilla/5.0 (Linux; Android 7.0; SM-G930V Build/NRD90M) AppleWebKit/537.36 (KHTML, like Gecko) Chrome/59.0.3071.125 Mobile Safari/537.36 (compatible; Google-Read-Aloud; +https://support.google.com/webmasters/answer/1061943)"
66.249.93.8 - - [13/May/2025:04:38:19 -0400] "GET /js/translations.js HTTP/1.1" 200 41275 "https://ideyshare.name.ng/04f50abbb8e1a241" "Mozilla/5.0 (Linux; Android 7.0; SM-G930V Build/NRD90M) AppleWebKit/537.36 (KHTML, like Gecko) Chrome/59.0.3071.125 Mobile Safari/537.36 (compatible; Google-Read-Aloud; +https://support.google.com/webmasters/answer/1061943)"
