66.249.93.9 - - [13/May/2025:04:38:20 -0400] "GET /themes/evolution/assets/js/jquery.fileupload-ui.js HTTP/1.1" 200 4699 "https://ideyshare.name.ng/04f50abbb8e1a241" "Mozilla/5.0 (Linux; Android 7.0; SM-G930V Build/NRD90M) AppleWebKit/537.36 (KHTML, like Gecko) Chrome/59.0.3071.125 Mobile Safari/537.36 (compatible; Google-Read-Aloud; +https://support.google.com/webmasters/answer/1061943)"
66.249.93.9 - - [13/May/2025:04:38:20 -0400] "GET /themes/evolution/assets/js/jquery.fileupload-validate.js HTTP/1.1" 200 1202 "https://ideyshare.name.ng/04f50abbb8e1a241" "Mozilla/5.0 (Linux; Android 7.0; SM-G930V Build/NRD90M) AppleWebKit/537.36 (KHTML, like Gecko) Chrome/59.0.3071.125 Mobile Safari/537.36 (compatible; Google-Read-Aloud; +https://support.google.com/webmasters/answer/1061943)"
66.249.93.7 - - [13/May/2025:04:38:20 -0400] "GET /themes/evolution/assets/js/zeroClipboard/ZeroClipboard.js HTTP/1.1" 200 3676 "https://ideyshare.name.ng/04f50abbb8e1a241" "Mozilla/5.0 (Linux; Android 7.0; SM-G930V Build/NRD90M) AppleWebKit/537.36 (KHTML, like Gecko) Chrome/59.0.3071.125 Mobile Safari/537.36 (compatible; Google-Read-Aloud; +https://support.google.com/webmasters/answer/1061943)"
66.249.93.9 - - [13/May/2025:04:38:20 -0400] "GET /themes/evolution/assets/js/charts/Chart.js HTTP/1.1" 200 10341 "https://ideyshare.name.ng/04f50abbb8e1a241" "Mozilla/5.0 (Linux; Android 7.0; SM-G930V Build/NRD90M) AppleWebKit/537.36 (KHTML, like Gecko) Chrome/59.0.3071.125 Mobile Safari/537.36 (compatible; Google-Read-Aloud; +https://support.google.com/webmasters/answer/1061943)"
66.249.93.7 - - [13/May/2025:04:38:20 -0400] "GET /themes/evolution/assets/js/daterangepicker/daterangepicker.js HTTP/1.1" 200 6195 "https://ideyshare.name.ng/04f50abbb8e1a241" "Mozilla/5.0 (Linux; Android 7.0; SM-G930V Build/NRD90M) AppleWebKit/537.36 (KHTML, like Gecko) Chrome/59.0.3071.125 Mobile Safari/537.36 (compatible; Google-Read-Aloud; +https://support.google.com/webmasters/answer/1061943)"
66.249.93.9 - - [13/May/2025:04:38:20 -0400] "GET /themes/evolution/assets/js/global.js HTTP/1.1" 200 768 "https://ideyshare.name.ng/04f50abbb8e1a241" "Mozilla/5.0 (Linux; Android 7.0; SM-G930V Build/NRD90M) AppleWebKit/537.36 (KHTML, like Gecko) Chrome/59.0.3071.125 Mobile Safari/537.36 (compatible; Google-Read-Aloud; +https://support.google.com/webmasters/answer/1061943)"
66.249.93.8 - - [13/May/2025:04:38:20 -0400] "GET /themes/evolution/assets/js/gsap/main-gsap.js HTTP/1.1" 200 31690 "https://ideyshare.name.ng/04f50abbb8e1a241" "Mozilla/5.0 (Linux; Android 7.0; SM-G930V Build/NRD90M) AppleWebKit/537.36 (KHTML, like Gecko) Chrome/59.0.3071.125 Mobile Safari/537.36 (compatible; Google-Read-Aloud; +https://support.google.com/webmasters/answer/1061943)"
66.249.93.7 - - [13/May/2025:04:38:20 -0400] "GET /themes/evolution/assets/styles/font-icons/entypo/font/entypo.woff?71205724 HTTP/1.1" 200 40320 "https://ideyshare.name.ng/themes/evolution/assets/styles/font-icons/entypo/css/entypo.css" "Mozilla/5.0 (Linux; Android 7.0; SM-G930V Build/NRD90M) AppleWebKit/537.36 (KHTML, like Gecko) Chrome/59.0.3071.125 Mobile Safari/537.36 (compatible; Google-Read-Aloud; +https://support.google.com/webmasters/answer/1061943)"
66.249.93.8 - - [13/May/2025:04:38:20 -0400] "GET /themes/evolution/assets/fonts/glyphicons-halflings-regular.woff HTTP/1.1" 200 23292 "https://ideyshare.name.ng/themes/evolution/assets/styles/bootstrap.css" "Mozilla/5.0 (Linux; Android 7.0; SM-G930V Build/NRD90M) AppleWebKit/537.36 (KHTML, like Gecko) Chrome/59.0.3071.125 Mobile Safari/537.36 (compatible; Google-Read-Aloud; +https://support.google.com/webmasters/answer/1061943)"
66.249.93.8 - - [13/May/2025:04:38:20 -0400] "GET /themes/evolution/assets/js/bootstrap.js HTTP/1.1" 200 10478 "https://ideyshare.name.ng/04f50abbb8e1a241" "Mozilla/5.0 (Linux; Android 7.0; SM-G930V Build/NRD90M) AppleWebKit/537.36 (KHTML, like Gecko) Chrome/59.0.3071.125 Mobile Safari/537.36 (compatible; Google-Read-Aloud; +https://support.google.com/webmasters/answer/1061943)"
66.249.93.7 - - [13/May/2025:04:38:20 -0400] "GET /themes/evolution/assets/js/daterangepicker/moment.min.js HTTP/1.1" 200 6350 "https://ideyshare.name.ng/04f50abbb8e1a241" "Mozilla/5.0 (Linux; Android 7.0; SM-G930V Build/NRD90M) AppleWebKit/537.36 (KHTML, like Gecko) Chrome/59.0.3071.125 Mobile Safari/537.36 (compatible; Google-Read-Aloud; +https://support.google.com/webmasters/answer/1061943)"
66.249.93.9 - - [13/May/2025:04:38:20 -0400] "GET /themes/evolution/assets/js/joinable.js HTTP/1.1" 200 35098 "https://ideyshare.name.ng/04f50abbb8e1a241" "Mozilla/5.0 (Linux; Android 7.0; SM-G930V Build/NRD90M) AppleWebKit/537.36 (KHTML, like Gecko) Chrome/59.0.3071.125 Mobile Safari/537.36 (compatible; Google-Read-Aloud; +https://support.google.com/webmasters/answer/1061943)"
66.249.93.9 - - [13/May/2025:04:38:20 -0400] "GET /plugins/filepreviewer/assets/players/ultimate/java/FWDUVPlayer.js HTTP/1.1" 200 333773 "https://ideyshare.name.ng/04f50abbb8e1a241" "Mozilla/5.0 (Linux; Android 7.0; SM-G930V Build/NRD90M) AppleWebKit/537.36 (KHTML, like Gecko) Chrome/59.0.3071.125 Mobile Safari/537.36 (compatible; Google-Read-Aloud; +https://support.google.com/webmasters/answer/1061943)"
66.249.93.8 - - [13/May/2025:04:38:21 -0400] "GET /themes/evolution/assets/js/resizeable.js HTTP/1.1" 200 781 "https://ideyshare.name.ng/04f50abbb8e1a241" "Mozilla/5.0 (Linux; Android 7.0; SM-G930V Build/NRD90M) AppleWebKit/537.36 (KHTML, like Gecko) Chrome/59.0.3071.125 Mobile Safari/537.36 (compatible; Google-Read-Aloud; +https://support.google.com/webmasters/answer/1061943)"
197.211.59.68 - - [13/May/2025:04:38:21 -0400] "GET /plugins/filepreviewer/assets/players/ultimate/content/minimal_skin_white/next-video.png HTTP/1.1" 304 0 "https://ideyshare.name.ng/04f50abbb8e1a241" "Mozilla/5.0 (Linux; Android 10; K) AppleWebKit/537.36 (KHTML, like Gecko) Chrome/136.0.0.0 Mobile Safari/537.36"
197.211.59.68 - - [13/May/2025:04:38:21 -0400] "GET /plugins/filepreviewer/assets/players/ultimate/content/minimal_skin_white/prev-video.png HTTP/1.1" 304 0 "https://ideyshare.name.ng/04f50abbb8e1a241" "Mozilla/5.0 (Linux; Android 10; K) AppleWebKit/537.36 (KHTML, like Gecko) Chrome/136.0.0.0 Mobile Safari/537.36"
66.249.93.8 - - [13/May/2025:04:38:21 -0400] "GET /themes/evolution/assets/js/evolution-api.js HTTP/1.1" 200 1795 "https://ideyshare.name.ng/04f50abbb8e1a241" "Mozilla/5.0 (Linux; Android 7.0; SM-G930V Build/NRD90M) AppleWebKit/537.36 (KHTML, like Gecko) Chrome/59.0.3071.125 Mobile Safari/537.36 (compatible; Google-Read-Aloud; +https://support.google.com/webmasters/answer/1061943)"
197.211.59.68 - - [13/May/2025:04:38:21 -0400] "GET /plugins/filepreviewer/assets/players/ultimate/content/minimal_skin_white/play.png HTTP/1.1" 304 0 "https://ideyshare.name.ng/04f50abbb8e1a241" "Mozilla/5.0 (Linux; Android 10; K) AppleWebKit/537.36 (KHTML, like Gecko) Chrome/136.0.0.0 Mobile Safari/537.36"
197.211.59.68 - - [13/May/2025:04:38:21 -0400] "GET /plugins/filepreviewer/assets/players/ultimate/content/minimal_skin_white/large-play.png HTTP/1.1" 304 0 "https://ideyshare.name.ng/04f50abbb8e1a241" "Mozilla/5.0 (Linux; Android 10; K) AppleWebKit/537.36 (KHTML, like Gecko) Chrome/136.0.0.0 Mobile Safari/537.36"
197.211.59.68 - - [13/May/2025:04:38:21 -0400] "GET /plugins/filepreviewer/assets/players/ultimate/content/minimal_skin_white/pause.png HTTP/1.1" 304 0 "https://ideyshare.name.ng/04f50abbb8e1a241" "Mozilla/5.0 (Linux; Android 10; K) AppleWebKit/537.36 (KHTML, like Gecko) Chrome/136.0.0.0 Mobile Safari/537.36"
197.211.59.68 - - [13/May/2025:04:38:21 -0400] "GET /plugins/filepreviewer/assets/players/ultimate/content/minimal_skin_white/volume.png HTTP/1.1" 304 0 "https://ideyshare.name.ng/04f50abbb8e1a241" "Mozilla/5.0 (Linux; Android 10; K) AppleWebKit/537.36 (KHTML, like Gecko) Chrome/136.0.0.0 Mobile Safari/537.36"
197.211.59.68 - - [13/May/2025:04:38:21 -0400] "GET /plugins/filepreviewer/assets/players/ultimate/content/minimal_skin_white/categories-button.png HTTP/1.1" 304 0 "https://ideyshare.name.ng/04f50abbb8e1a241" "Mozilla/5.0 (Linux; Android 10; K) AppleWebKit/537.36 (KHTML, like Gecko) Chrome/136.0.0.0 Mobile Safari/537.36"
197.211.59.68 - - [13/May/2025:04:38:21 -0400] "GET /plugins/filepreviewer/assets/players/ultimate/content/minimal_skin_white/replay-button.png HTTP/1.1" 304 0 "https://ideyshare.name.ng/04f50abbb8e1a241" "Mozilla/5.0 (Linux; Android 10; K) AppleWebKit/537.36 (KHTML, like Gecko) Chrome/136.0.0.0 Mobile Safari/537.36"
66.249.93.8 - - [13/May/2025:04:38:21 -0400] "GET /themes/evolution/assets/js/toastr.js HTTP/1.1" 200 2046 "https://ideyshare.name.ng/04f50abbb8e1a241" "Mozilla/5.0 (Linux; Android 7.0; SM-G930V Build/NRD90M) AppleWebKit/537.36 (KHTML, like Gecko) Chrome/59.0.3071.125 Mobile Safari/537.36 (compatible; Google-Read-Aloud; +https://support.google.com/webmasters/answer/1061943)"
66.249.93.8 - - [13/May/2025:04:38:21 -0400] "GET /themes/evolution/assets/js/custom.js HTTP/1.1" 200 12155 "https://ideyshare.name.ng/04f50abbb8e1a241" "Mozilla/5.0 (Linux; Android 7.0; SM-G930V Build/NRD90M) AppleWebKit/537.36 (KHTML, like Gecko) Chrome/59.0.3071.125 Mobile Safari/537.36 (compatible; Google-Read-Aloud; +https://support.google.com/webmasters/answer/1061943)"
66.249.93.9 - - [13/May/2025:04:38:21 -0400] "GET /themes/evolution/assets/js/handlebars.js HTTP/1.1" 200 20522 "https://ideyshare.name.ng/04f50abbb8e1a241" "Mozilla/5.0 (Linux; Android 7.0; SM-G930V Build/NRD90M) AppleWebKit/537.36 (KHTML, like Gecko) Chrome/59.0.3071.125 Mobile Safari/537.36 (compatible; Google-Read-Aloud; +https://support.google.com/webmasters/answer/1061943)"
66.249.93.9 - - [13/May/2025:04:38:22 -0400] "GET /themes/evolution/assets/js/typeahead.bundle.js HTTP/1.1" 200 16394 "https://ideyshare.name.ng/04f50abbb8e1a241" "Mozilla/5.0 (Linux; Android 7.0; SM-G930V Build/NRD90M) AppleWebKit/537.36 (KHTML, like Gecko) Chrome/59.0.3071.125 Mobile Safari/537.36 (compatible; Google-Read-Aloud; +https://support.google.com/webmasters/answer/1061943)"
66.249.93.8 - - [13/May/2025:04:38:22 -0400] "GET /themes/evolution/assets/js/search_widget.js HTTP/1.1" 200 758 "https://ideyshare.name.ng/04f50abbb8e1a241" "Mozilla/5.0 (Linux; Android 7.0; SM-G930V Build/NRD90M) AppleWebKit/537.36 (KHTML, like Gecko) Chrome/59.0.3071.125 Mobile Safari/537.36 (compatible; Google-Read-Aloud; +https://support.google.com/webmasters/answer/1061943)"
66.249.93.9 - - [13/May/2025:04:38:22 -0400] "GET /themes/evolution/assets/js/clipboardjs/clipboard.min.js HTTP/1.1" 200 2814 "https://ideyshare.name.ng/04f50abbb8e1a241" "Mozilla/5.0 (Linux; Android 7.0; SM-G930V Build/NRD90M) AppleWebKit/537.36 (KHTML, like Gecko) Chrome/59.0.3071.125 Mobile Safari/537.36 (compatible; Google-Read-Aloud; +https://support.google.com/webmasters/answer/1061943)"
66.249.93.9 - - [13/May/2025:04:38:22 -0400] "GET /themes/evolution/assets/js/bootstrap-tagsinput.min.js HTTP/1.1" 200 2294 "https://ideyshare.name.ng/04f50abbb8e1a241" "Mozilla/5.0 (Linux; Android 7.0; SM-G930V Build/NRD90M) AppleWebKit/537.36 (KHTML, like Gecko) Chrome/59.0.3071.125 Mobile Safari/537.36 (compatible; Google-Read-Aloud; +https://support.google.com/webmasters/answer/1061943)"
197.211.59.68 - - [13/May/2025:04:38:23 -0400] "GET /plugins/filepreviewer/assets/players/ultimate/content/minimal_skin_white/shuffle-button.png HTTP/1.1" 304 0 "https://ideyshare.name.ng/04f50abbb8e1a241" "Mozilla/5.0 (Linux; Android 10; K) AppleWebKit/537.36 (KHTML, like Gecko) Chrome/136.0.0.0 Mobile Safari/537.36"
197.211.59.68 - - [13/May/2025:04:38:23 -0400] "GET /plugins/filepreviewer/assets/players/ultimate/content/minimal_skin_white/share.png HTTP/1.1" 304 0 "https://ideyshare.name.ng/04f50abbb8e1a241" "Mozilla/5.0 (Linux; Android 10; K) AppleWebKit/537.36 (KHTML, like Gecko) Chrome/136.0.0.0 Mobile Safari/537.36"
197.211.59.68 - - [13/May/2025:04:38:23 -0400] "GET /plugins/filepreviewer/assets/players/ultimate/content/minimal_skin_white/facebook.png HTTP/1.1" 304 0 "https://ideyshare.name.ng/04f50abbb8e1a241" "Mozilla/5.0 (Linux; Android 10; K) AppleWebKit/537.36 (KHTML, like Gecko) Chrome/136.0.0.0 Mobile Safari/537.36"
197.211.59.68 - - [13/May/2025:04:38:23 -0400] "GET /plugins/filepreviewer/assets/players/ultimate/content/minimal_skin_white/info-button.png HTTP/1.1" 304 0 "https://ideyshare.name.ng/04f50abbb8e1a241" "Mozilla/5.0 (Linux; Android 10; K) AppleWebKit/537.36 (KHTML, like Gecko) Chrome/136.0.0.0 Mobile Safari/537.36"
197.211.59.68 - - [13/May/2025:04:38:23 -0400] "GET /plugins/filepreviewer/assets/players/ultimate/content/minimal_skin_white/download-button.png HTTP/1.1" 304 0 "https://ideyshare.name.ng/04f50abbb8e1a241" "Mozilla/5.0 (Linux; Android 10; K) AppleWebKit/537.36 (KHTML, like Gecko) Chrome/136.0.0.0 Mobile Safari/537.36"
66.249.93.8 - - [13/May/2025:04:38:23 -0400] "GET /themes/evolution/assets/js/file-manager-gallery/jquery.wookmark.js HTTP/1.1" 200 4480 "https://ideyshare.name.ng/04f50abbb8e1a241" "Mozilla/5.0 (Linux; Android 7.0; SM-G930V Build/NRD90M) AppleWebKit/537.36 (KHTML, like Gecko) Chrome/59.0.3071.125 Mobile Safari/537.36 (compatible; Google-Read-Aloud; +https://support.google.com/webmasters/answer/1061943)"
197.211.59.68 - - [13/May/2025:04:38:23 -0400] "GET /plugins/filepreviewer/assets/players/ultimate/content/minimal_skin_white/youtube-quality.png HTTP/1.1" 304 0 "https://ideyshare.name.ng/04f50abbb8e1a241" "Mozilla/5.0 (Linux; Android 10; K) AppleWebKit/537.36 (KHTML, like Gecko) Chrome/136.0.0.0 Mobile Safari/537.36"
197.211.59.68 - - [13/May/2025:04:38:23 -0400] "GET /plugins/filepreviewer/assets/players/ultimate/content/minimal_skin_white/full-screen.png HTTP/1.1" 304 0 "https://ideyshare.name.ng/04f50abbb8e1a241" "Mozilla/5.0 (Linux; Android 10; K) AppleWebKit/537.36 (KHTML, like Gecko) Chrome/136.0.0.0 Mobile Safari/537.36"
197.211.59.68 - - [13/May/2025:04:38:23 -0400] "GET /plugins/filepreviewer/assets/players/ultimate/content/minimal_skin_white/normal-screen.png HTTP/1.1" 304 0 "https://ideyshare.name.ng/04f50abbb8e1a241" "Mozilla/5.0 (Linux; Android 10; K) AppleWebKit/537.36 (KHTML, like Gecko) Chrome/136.0.0.0 Mobile Safari/537.36"
197.211.59.68 - - [13/May/2025:04:38:23 -0400] "GET /plugins/filepreviewer/assets/players/ultimate/content/minimal_skin_white/show-subtitle-icon.png HTTP/1.1" 304 0 "https://ideyshare.name.ng/04f50abbb8e1a241" "Mozilla/5.0 (Linux; Android 10; K) AppleWebKit/537.36 (KHTML, like Gecko) Chrome/136.0.0.0 Mobile Safari/537.36"
197.211.59.68 - - [13/May/2025:04:38:23 -0400] "GET /plugins/filepreviewer/assets/players/ultimate/content/minimal_skin_white/hide-subtitle-icon.png HTTP/1.1" 304 0 "https://ideyshare.name.ng/04f50abbb8e1a241" "Mozilla/5.0 (Linux; Android 10; K) AppleWebKit/537.36 (KHTML, like Gecko) Chrome/136.0.0.0 Mobile Safari/537.36"
197.211.59.68 - - [13/May/2025:04:38:23 -0400] "GET /plugins/filepreviewer/assets/players/ultimate/content/minimal_skin_white/embed.png HTTP/1.1" 304 0 "https://ideyshare.name.ng/04f50abbb8e1a241" "Mozilla/5.0 (Linux; Android 10; K) AppleWebKit/537.36 (KHTML, like Gecko) Chrome/136.0.0.0 Mobile Safari/537.36"
197.211.59.68 - - [13/May/2025:04:38:23 -0400] "GET /plugins/filepreviewer/assets/players/ultimate/content/minimal_skin_white/rewind.png HTTP/1.1" 304 0 "https://ideyshare.name.ng/04f50abbb8e1a241" "Mozilla/5.0 (Linux; Android 10; K) AppleWebKit/537.36 (KHTML, like Gecko) Chrome/136.0.0.0 Mobile Safari/537.36"
197.211.59.68 - - [13/May/2025:04:38:23 -0400] "GET /plugins/filepreviewer/assets/players/ultimate/content/minimal_skin_white/playback-rate-normal.png HTTP/1.1" 304 0 "https://ideyshare.name.ng/04f50abbb8e1a241" "Mozilla/5.0 (Linux; Android 10; K) AppleWebKit/537.36 (KHTML, like Gecko) Chrome/136.0.0.0 Mobile Safari/537.36"
197.211.59.68 - - [13/May/2025:04:38:24 -0400] "GET /plugins/filepreviewer/assets/players/ultimate/content/minimal_skin_white/controller-background.png HTTP/1.1" 304 0 "https://ideyshare.name.ng/04f50abbb8e1a241" "Mozilla/5.0 (Linux; Android 10; K) AppleWebKit/537.36 (KHTML, like Gecko) Chrome/136.0.0.0 Mobile Safari/537.36"
197.211.59.68 - - [13/May/2025:04:38:25 -0400] "GET /plugins/filepreviewer/assets/players/ultimate/content/minimal_skin_white/volume-scrubber-middle-background.png HTTP/1.1" 304 0 "https://ideyshare.name.ng/04f50abbb8e1a241" "Mozilla/5.0 (Linux; Android 10; K) AppleWebKit/537.36 (KHTML, like Gecko) Chrome/136.0.0.0 Mobile Safari/537.36"
197.211.59.68 - - [13/May/2025:04:38:25 -0400] "GET /plugins/filepreviewer/assets/players/ultimate/content/minimal_skin_white/scrubber-middle-drag.png HTTP/1.1" 304 0 "https://ideyshare.name.ng/04f50abbb8e1a241" "Mozilla/5.0 (Linux; Android 10; K) AppleWebKit/537.36 (KHTML, like Gecko) Chrome/136.0.0.0 Mobile Safari/537.36"
197.211.59.68 - - [13/May/2025:04:38:25 -0400] "GET /plugins/filepreviewer/assets/players/ultimate/content/minimal_skin_white/embed-window-background.png HTTP/1.1" 304 0 "https://ideyshare.name.ng/04f50abbb8e1a241" "Mozilla/5.0 (Linux; Android 10; K) AppleWebKit/537.36 (KHTML, like Gecko) Chrome/136.0.0.0 Mobile Safari/537.36"
197.211.59.68 - - [13/May/2025:04:38:25 -0400] "GET /plugins/filepreviewer/assets/players/ultimate/content/minimal_skin_white/progress-middle.png HTTP/1.1" 304 0 "https://ideyshare.name.ng/04f50abbb8e1a241" "Mozilla/5.0 (Linux; Android 10; K) AppleWebKit/537.36 (KHTML, like Gecko) Chrome/136.0.0.0 Mobile Safari/537.36"
197.211.59.68 - - [13/May/2025:04:38:25 -0400] "GET /plugins/filepreviewer/assets/players/ultimate/content/minimal_skin_white/ads-background.png HTTP/1.1" 304 0 "https://ideyshare.name.ng/04f50abbb8e1a241" "Mozilla/5.0 (Linux; Android 10; K) AppleWebKit/537.36 (KHTML, like Gecko) Chrome/136.0.0.0 Mobile Safari/537.36"
197.211.59.68 - - [13/May/2025:04:38:25 -0400] "GET /plugins/filepreviewer/assets/players/ultimate/content/minimal_skin_white/scrubber-middle-background.png HTTP/1.1" 304 0 "https://ideyshare.name.ng/04f50abbb8e1a241" "Mozilla/5.0 (Linux; Android 10; K) AppleWebKit/537.36 (KHTML, like Gecko) Chrome/136.0.0.0 Mobile Safari/537.36"
197.211.59.68 - - [13/May/2025:04:38:25 -0400] "GET /plugins/filepreviewer/assets/players/ultimate/content/minimal_skin_white/embed-close-button-over.png HTTP/1.1" 304 0 "https://ideyshare.name.ng/04f50abbb8e1a241" "Mozilla/5.0 (Linux; Android 10; K) AppleWebKit/537.36 (KHTML, like Gecko) Chrome/136.0.0.0 Mobile Safari/537.36"
197.211.59.68 - - [13/May/2025:04:38:25 -0400] "GET /plugins/filepreviewer/assets/players/ultimate/content/minimal_skin_white/youtube-quality-arrow.png HTTP/1.1" 304 0 "https://ideyshare.name.ng/04f50abbb8e1a241" "Mozilla/5.0 (Linux; Android 10; K) AppleWebKit/537.36 (KHTML, like Gecko) Chrome/136.0.0.0 Mobile Safari/537.36"
197.211.59.68 - - [13/May/2025:04:38:25 -0400] "GET /plugins/filepreviewer/assets/players/ultimate/content/minimal_skin_white/playback-rate-selected.png HTTP/1.1" 304 0 "https://ideyshare.name.ng/04f50abbb8e1a241" "Mozilla/5.0 (Linux; Android 10; K) AppleWebKit/537.36 (KHTML, like Gecko) Chrome/136.0.0.0 Mobile Safari/537.36"
197.211.59.68 - - [13/May/2025:04:38:25 -0400] "GET /plugins/filepreviewer/assets/players/ultimate/content/minimal_skin_white/volume-disabled.png HTTP/1.1" 304 0 "https://ideyshare.name.ng/04f50abbb8e1a241" "Mozilla/5.0 (Linux; Android 10; K) AppleWebKit/537.36 (KHTML, like Gecko) Chrome/136.0.0.0 Mobile Safari/537.36"
66.249.93.9 - - [13/May/2025:04:38:24 -0400] "POST /account/ajax/file_details HTTP/1.1" 200 20083 "https://ideyshare.name.ng/04f50abbb8e1a241" "Mozilla/5.0 (Linux; Android 7.0; SM-G930V Build/NRD90M) AppleWebKit/537.36 (KHTML, like Gecko) Chrome/59.0.3071.125 Mobile Safari/537.36 (compatible; Google-Read-Aloud; +https://support.google.com/webmasters/answer/1061943)"
66.249.93.9 - - [13/May/2025:04:38:26 -0400] "GET /account/ajax/file_details_similar_files?u=1395 HTTP/1.1" 200 60653 "https://ideyshare.name.ng/04f50abbb8e1a241" "Mozilla/5.0 (Linux; Android 7.0; SM-G930V Build/NRD90M) AppleWebKit/537.36 (KHTML, like Gecko) Chrome/59.0.3071.125 Mobile Safari/537.36 (compatible; Google-Read-Aloud; +https://support.google.com/webmasters/answer/1061943)"
197.211.59.68 - - [13/May/2025:04:38:26 -0400] "GET /plugins/filepreviewer/assets/players/ultimate/content/minimal_skin_white/volume-scrubber-line.png HTTP/1.1" 304 0 "https://ideyshare.name.ng/04f50abbb8e1a241" "Mozilla/5.0 (Linux; Android 10; K) AppleWebKit/537.36 (KHTML, like Gecko) Chrome/136.0.0.0 Mobile Safari/537.36"
197.211.59.68 - - [13/May/2025:04:38:26 -0400] "GET /plugins/filepreviewer/assets/players/ultimate/content/minimal_skin_white/large-play-over.png HTTP/1.1" 304 0 "https://ideyshare.name.ng/04f50abbb8e1a241" "Mozilla/5.0 (Linux; Android 10; K) AppleWebKit/537.36 (KHTML, like Gecko) Chrome/136.0.0.0 Mobile Safari/537.36"
197.211.59.68 - - [13/May/2025:04:38:26 -0400] "GET /plugins/filepreviewer/assets/players/ultimate/content/minimal_skin_white/rewind-over.png HTTP/1.1" 304 0 "https://ideyshare.name.ng/04f50abbb8e1a241" "Mozilla/5.0 (Linux; Android 10; K) AppleWebKit/537.36 (KHTML, like Gecko) Chrome/136.0.0.0 Mobile Safari/537.36"
197.211.59.68 - - [13/May/2025:04:38:26 -0400] "GET /plugins/filepreviewer/assets/players/ultimate/content/minimal_skin_white/volume-over.png HTTP/1.1" 304 0 "https://ideyshare.name.ng/04f50abbb8e1a241" "Mozilla/5.0 (Linux; Android 10; K) AppleWebKit/537.36 (KHTML, like Gecko) Chrome/136.0.0.0 Mobile Safari/537.36"
197.211.59.68 - - [13/May/2025:04:38:26 -0400] "GET /plugins/filepreviewer/assets/players/ultimate/content/minimal_skin_white/youtube-quality-pointer.png HTTP/1.1" 304 0 "https://ideyshare.name.ng/04f50abbb8e1a241" "Mozilla/5.0 (Linux; Android 10; K) AppleWebKit/537.36 (KHTML, like Gecko) Chrome/136.0.0.0 Mobile Safari/537.36"
197.211.59.68 - - [13/May/2025:04:38:26 -0400] "GET /plugins/filepreviewer/assets/players/ultimate/content/minimal_skin_white/volume-scrubber-middle-drag.png HTTP/1.1" 304 0 "https://ideyshare.name.ng/04f50abbb8e1a241" "Mozilla/5.0 (Linux; Android 10; K) AppleWebKit/537.36 (KHTML, like Gecko) Chrome/136.0.0.0 Mobile Safari/537.36"
197.211.59.68 - - [13/May/2025:04:38:26 -0400] "GET /plugins/filepreviewer/assets/players/ultimate/content/minimal_skin_white/hd.png HTTP/1.1" 304 0 "https://ideyshare.name.ng/04f50abbb8e1a241" "Mozilla/5.0 (Linux; Android 10; K) AppleWebKit/537.36 (KHTML, like Gecko) Chrome/136.0.0.0 Mobile Safari/537.36"
197.211.59.68 - - [13/May/2025:04:38:26 -0400] "GET /plugins/filepreviewer/assets/players/ultimate/content/minimal_skin_white/volume-scrubber-top-background.png HTTP/1.1" 304 0 "https://ideyshare.name.ng/04f50abbb8e1a241" "Mozilla/5.0 (Linux; Android 10; K) AppleWebKit/537.36 (KHTML, like Gecko) Chrome/136.0.0.0 Mobile Safari/537.36"
197.211.59.68 - - [13/May/2025:04:38:26 -0400] "GET /plugins/filepreviewer/assets/players/ultimate/content/minimal_skin_white/scrubber-right-background.png HTTP/1.1" 304 0 "https://ideyshare.name.ng/04f50abbb8e1a241" "Mozilla/5.0 (Linux; Android 10; K) AppleWebKit/537.36 (KHTML, like Gecko) Chrome/136.0.0.0 Mobile Safari/537.36"
66.249.93.7 - - [13/May/2025:04:38:27 -0400] "GET /themes/evolution/assets/fonts/nato-sans-normal.woff HTTP/1.1" 200 19216 "https://ideyshare.name.ng/themes/evolution/assets/styles/fonts.css" "Mozilla/5.0 (Linux; Android 7.0; SM-G930V Build/NRD90M) AppleWebKit/537.36 (KHTML, like Gecko) Chrome/59.0.3071.125 Mobile Safari/537.36 (compatible; Google-Read-Aloud; +https://support.google.com/webmasters/answer/1061943)"
197.211.59.68 - - [13/May/2025:04:38:28 -0400] "GET /plugins/filepreviewer/assets/players/ultimate/content/minimal_skin_white/youtube-quality-over.png HTTP/1.1" 304 0 "https://ideyshare.name.ng/04f50abbb8e1a241" "Mozilla/5.0 (Linux; Android 10; K) AppleWebKit/537.36 (KHTML, like Gecko) Chrome/136.0.0.0 Mobile Safari/537.36"
197.211.59.68 - - [13/May/2025:04:38:28 -0400] "GET /plugins/filepreviewer/assets/players/ultimate/content/minimal_skin_white/vis.png HTTP/1.1" 304 0 "https://ideyshare.name.ng/04f50abbb8e1a241" "Mozilla/5.0 (Linux; Android 10; K) AppleWebKit/537.36 (KHTML, like Gecko) Chrome/136.0.0.0 Mobile Safari/537.36"
197.211.59.68 - - [13/May/2025:04:38:29 -0400] "GET /plugins/filepreviewer/assets/players/ultimate/content/minimal_skin_white/skip-icon-over.png HTTP/1.1" 304 0 "https://ideyshare.name.ng/04f50abbb8e1a241" "Mozilla/5.0 (Linux; Android 10; K) AppleWebKit/537.36 (KHTML, like Gecko) Chrome/136.0.0.0 Mobile Safari/537.36"
197.211.59.68 - - [13/May/2025:04:38:29 -0400] "GET /plugins/filepreviewer/assets/players/ultimate/content/minimal_skin_white/popw-close-button-over.png HTTP/1.1" 304 0 "https://ideyshare.name.ng/04f50abbb8e1a241" "Mozilla/5.0 (Linux; Android 10; K) AppleWebKit/537.36 (KHTML, like Gecko) Chrome/136.0.0.0 Mobile Safari/537.36"
197.211.59.68 - - [13/May/2025:04:38:29 -0400] "GET /plugins/filepreviewer/assets/players/ultimate/content/minimal_skin_white/volume-scrubber-bottom-background.png HTTP/1.1" 304 0 "https://ideyshare.name.ng/04f50abbb8e1a241" "Mozilla/5.0 (Linux; Android 10; K) AppleWebKit/537.36 (KHTML, like Gecko) Chrome/136.0.0.0 Mobile Safari/537.36"
197.211.59.68 - - [13/May/2025:04:38:29 -0400] "GET /plugins/filepreviewer/assets/players/ultimate/content/minimal_skin_white/info-button-over.png HTTP/1.1" 304 0 "https://ideyshare.name.ng/04f50abbb8e1a241" "Mozilla/5.0 (Linux; Android 10; K) AppleWebKit/537.36 (KHTML, like Gecko) Chrome/136.0.0.0 Mobile Safari/537.36"
197.211.59.68 - - [13/May/2025:04:38:29 -0400] "GET /plugins/filepreviewer/assets/players/ultimate/content/minimal_skin_white/youtube-quality-hd.png HTTP/1.1" 304 0 "https://ideyshare.name.ng/04f50abbb8e1a241" "Mozilla/5.0 (Linux; Android 10; K) AppleWebKit/537.36 (KHTML, like Gecko) Chrome/136.0.0.0 Mobile Safari/537.36"
197.211.59.68 - - [13/May/2025:04:38:29 -0400] "GET /04f50abbb8e1a241/Double_Threat_(2022)_WEB-DL_high_(Netxie.com.ng).mp4?download_token=913545259b5f8c8ce8d1de621adb763df1f10be88b3a71f096a984d767d964a6 HTTP/1.1" 200 13927326 "https://ideyshare.name.ng/04f50abbb8e1a241" "Mozilla/5.0 (Linux; Android 10; K) AppleWebKit/537.36 (KHTML, like Gecko) Chrome/136.0.0.0 Mobile Safari/537.36"
197.211.59.68 - - [13/May/2025:04:39:20 -0400] "GET /04f50abbb8e1a241/Double_Threat_(2022)_WEB-DL_high_(Netxie.com.ng).mp4?download_token=913545259b5f8c8ce8d1de621adb763df1f10be88b3a71f096a984d767d964a6 HTTP/1.1" 206 15801791 "https://ideyshare.name.ng/04f50abbb8e1a241" "Mozilla/5.0 (Linux; Android 10; K) AppleWebKit/537.36 (KHTML, like Gecko) Chrome/136.0.0.0 Mobile Safari/537.36"
85.208.96.195 - - [13/May/2025:04:41:35 -0400] "GET /9ccd05e9280eda65 HTTP/1.1" 200 14857 "-" "Mozilla/5.0 (compatible; SemrushBot/7~bl; +http://www.semrush.com/bot.html)"
197.211.59.68 - - [13/May/2025:04:36:46 -0400] "GET /45b15b8fe448a477/Wick.Is.Pain.2025.540p.x265.AAC.[Netxie.com.ng].mkv?download_token=e03057021169101a37019f1f8de13ceba1063a45e3d870c5725bea3499842e65 HTTP/1.1" 200 412641470 "https://ideyshare.name.ng/45b15b8fe448a477" "Mozilla/5.0 (Linux; Android 10; K) AppleWebKit/537.36 (KHTML, like Gecko) Chrome/136.0.0.0 Mobile Safari/537.36"
85.208.96.207 - - [13/May/2025:04:44:51 -0400] "GET /aa8172f484b96956 HTTP/1.1" 200 14849 "-" "Mozilla/5.0 (compatible; SemrushBot/7~bl; +http://www.semrush.com/bot.html)"
85.208.96.206 - - [13/May/2025:04:57:54 -0400] "GET /341a7f645ced9c98 HTTP/1.1" 200 14859 "-" "Mozilla/5.0 (compatible; SemrushBot/7~bl; +http://www.semrush.com/bot.html)"
57.141.4.12 - - [13/May/2025:05:05:14 -0400] "GET /sitemap-11.xml HTTP/1.1" 404 1554 "-" "meta-externalagent/1.1 (+https://developers.facebook.com/docs/sharing/webmasters/crawler)"
85.208.96.200 - - [13/May/2025:05:06:15 -0400] "GET /robots.txt HTTP/1.1" 200 192 "-" "Mozilla/5.0 (compatible; SemrushBot/7~bl; +http://www.semrush.com/bot.html)"
85.208.96.199 - - [13/May/2025:05:06:16 -0400] "GET /e719b8b99d76bcd8 HTTP/1.1" 200 14874 "-" "Mozilla/5.0 (compatible; SemrushBot/7~bl; +http://www.semrush.com/bot.html)"
23.23.213.182 - - [13/May/2025:05:10:41 -0400] "GET /robots.txt HTTP/1.1" 200 192 "-" "Mozilla/5.0 AppleWebKit/537.36 (KHTML, like Gecko; compatible; Amazonbot/0.1; +https://developer.amazon.com/support/amazonbot) Chrome/119.0.6045.214 Safari/537.36"
34.194.14.255 - - [13/May/2025:05:10:42 -0400] "GET /5d4ff5877556c445 HTTP/1.1" 200 14864 "-" "Mozilla/5.0 AppleWebKit/537.36 (KHTML, like Gecko; compatible; Amazonbot/0.1; +https://developer.amazon.com/support/amazonbot) Chrome/119.0.6045.214 Safari/537.36"
185.191.171.6 - - [13/May/2025:05:11:26 -0400] "GET /d394fb6fbf28987c HTTP/1.1" 200 14856 "-" "Mozilla/5.0 (compatible; SemrushBot/7~bl; +http://www.semrush.com/bot.html)"
57.141.4.23 - - [13/May/2025:05:14:41 -0400] "GET /sitemap-8.xml HTTP/1.1" 404 1554 "-" "meta-externalagent/1.1 (+https://developers.facebook.com/docs/sharing/webmasters/crawler)"
85.208.96.203 - - [13/May/2025:05:15:56 -0400] "GET /7679a7748400d84f HTTP/1.1" 200 14853 "-" "Mozilla/5.0 (compatible; SemrushBot/7~bl; +http://www.semrush.com/bot.html)"
185.191.171.12 - - [13/May/2025:05:17:06 -0400] "GET /55e68000a5a4ea80 HTTP/1.1" 200 14868 "-" "Mozilla/5.0 (compatible; SemrushBot/7~bl; +http://www.semrush.com/bot.html)"
85.208.96.202 - - [13/May/2025:05:26:46 -0400] "GET /92ee1882b0621ffc HTTP/1.1" 200 14882 "-" "Mozilla/5.0 (compatible; SemrushBot/7~bl; +http://www.semrush.com/bot.html)"
85.208.96.205 - - [13/May/2025:05:27:39 -0400] "GET /02964f3950052801 HTTP/1.1" 200 14857 "-" "Mozilla/5.0 (compatible; SemrushBot/7~bl; +http://www.semrush.com/bot.html)"
185.191.171.8 - - [13/May/2025:05:28:27 -0400] "GET /b86906466c4108c9 HTTP/1.1" 200 14893 "-" "Mozilla/5.0 (compatible; SemrushBot/7~bl; +http://www.semrush.com/bot.html)"
185.191.171.1 - - [13/May/2025:05:28:42 -0400] "GET /50eeed17bc60af88 HTTP/1.1" 200 14853 "-" "Mozilla/5.0 (compatible; SemrushBot/7~bl; +http://www.semrush.com/bot.html)"
185.191.171.9 - - [13/May/2025:05:29:49 -0400] "GET /0177b6ce58b1f92f HTTP/1.1" 200 14864 "-" "Mozilla/5.0 (compatible; SemrushBot/7~bl; +http://www.semrush.com/bot.html)"
85.208.96.204 - - [13/May/2025:05:29:58 -0400] "GET /acc4ecc31b96594c HTTP/1.1" 200 14856 "-" "Mozilla/5.0 (compatible; SemrushBot/7~bl; +http://www.semrush.com/bot.html)"
173.252.83.5 - - [13/May/2025:05:32:00 -0400] "GET /robots.txt HTTP/1.1" 206 1284 "-" "facebookexternalhit/1.1 (+http://www.facebook.com/externalhit_uatext.php)"
173.252.83.115 - - [13/May/2025:05:38:47 -0400] "GET /robots.txt HTTP/1.1" 206 1284 "-" "facebookexternalhit/1.1 (+http://www.facebook.com/externalhit_uatext.php)"
57.141.4.11 - - [13/May/2025:05:38:51 -0400] "GET /sitemap-index-1.xml HTTP/1.1" 404 1554 "-" "meta-externalagent/1.1 (+https://developers.facebook.com/docs/sharing/webmasters/crawler)"
197.211.59.68 - - [13/May/2025:05:39:00 -0400] "GET /04f50abbb8e1a241 HTTP/1.1" 200 12394 "https://netxie.com.ng/" "Mozilla/5.0 (Linux; Android 10; K) AppleWebKit/537.36 (KHTML, like Gecko) Chrome/136.0.0.0 Mobile Safari/537.36"
197.211.59.68 - - [13/May/2025:05:39:02 -0400] "GET /assets/js/uploader.js?r=1747129141 HTTP/1.1" 200 7386 "https://ideyshare.name.ng/04f50abbb8e1a241" "Mozilla/5.0 (Linux; Android 10; K) AppleWebKit/537.36 (KHTML, like Gecko) Chrome/136.0.0.0 Mobile Safari/537.36"
197.211.59.68 - - [13/May/2025:05:39:02 -0400] "GET /js/translations.js HTTP/1.1" 200 41275 "https://ideyshare.name.ng/04f50abbb8e1a241" "Mozilla/5.0 (Linux; Android 10; K) AppleWebKit/537.36 (KHTML, like Gecko) Chrome/136.0.0.0 Mobile Safari/537.36"
197.211.59.68 - - [13/May/2025:05:39:06 -0400] "POST /account/ajax/file_details HTTP/1.1" 200 20083 "https://ideyshare.name.ng/04f50abbb8e1a241" "Mozilla/5.0 (Linux; Android 10; K) AppleWebKit/537.36 (KHTML, like Gecko) Chrome/136.0.0.0 Mobile Safari/537.36"
197.211.59.68 - - [13/May/2025:05:39:06 -0400] "GET /android-icon-96x96.png HTTP/1.1" 404 466 "https://ideyshare.name.ng/04f50abbb8e1a241" "Mozilla/5.0 (Linux; Android 10; K) AppleWebKit/537.36 (KHTML, like Gecko) Chrome/136.0.0.0 Mobile Safari/537.36"
197.211.59.68 - - [13/May/2025:05:39:08 -0400] "GET /account/ajax/file_details_similar_files?u=1395 HTTP/1.1" 200 60653 "https://ideyshare.name.ng/04f50abbb8e1a241" "Mozilla/5.0 (Linux; Android 10; K) AppleWebKit/537.36 (KHTML, like Gecko) Chrome/136.0.0.0 Mobile Safari/537.36"
197.211.59.68 - - [13/May/2025:05:39:08 -0400] "GET /account/avatar/1/110x110.png?r=1747129147 HTTP/1.1" 302 203 "https://ideyshare.name.ng/04f50abbb8e1a241" "Mozilla/5.0 (Linux; Android 10; K) AppleWebKit/537.36 (KHTML, like Gecko) Chrome/136.0.0.0 Mobile Safari/537.36"
197.211.59.68 - - [13/May/2025:05:39:09 -0400] "GET /themes/evolution/assets/images/avatar_default.png?r=1747129149 HTTP/1.1" 200 3230 "https://ideyshare.name.ng/04f50abbb8e1a241" "Mozilla/5.0 (Linux; Android 10; K) AppleWebKit/537.36 (KHTML, like Gecko) Chrome/136.0.0.0 Mobile Safari/537.36"
197.211.59.68 - - [13/May/2025:05:39:09 -0400] "GET /04f50abbb8e1a241/Double_Threat_(2022)_WEB-DL_high_(Netxie.com.ng).mp4?download_token=2069d743dc79c66452ebfd16d0389e08c9a4acfb5ff81ab41bc8d060c8e6bd9d HTTP/1.1" 200 15024228 "https://ideyshare.name.ng/04f50abbb8e1a241" "Mozilla/5.0 (Linux; Android 10; K) AppleWebKit/537.36 (KHTML, like Gecko) Chrome/136.0.0.0 Mobile Safari/537.36"
197.211.59.68 - - [13/May/2025:05:39:15 -0400] "GET /04f50abbb8e1a241/Double_Threat_(2022)_WEB-DL_high_(Netxie.com.ng).mp4?download_token=2069d743dc79c66452ebfd16d0389e08c9a4acfb5ff81ab41bc8d060c8e6bd9d HTTP/1.1" 206 10851547 "https://ideyshare.name.ng/04f50abbb8e1a241" "Mozilla/5.0 (Linux; Android 10; K) AppleWebKit/537.36 (KHTML, like Gecko) Chrome/136.0.0.0 Mobile Safari/537.36"
85.208.96.211 - - [13/May/2025:05:39:34 -0400] "GET /6a6a77b00bf2ceda HTTP/1.1" 200 14848 "-" "Mozilla/5.0 (compatible; SemrushBot/7~bl; +http://www.semrush.com/bot.html)"
85.208.96.210 - - [13/May/2025:05:40:16 -0400] "GET /988a5b763f2ec197 HTTP/1.1" 200 14854 "-" "Mozilla/5.0 (compatible; SemrushBot/7~bl; +http://www.semrush.com/bot.html)"
85.208.96.212 - - [13/May/2025:05:43:00 -0400] "GET /07e8b18b825975b0 HTTP/1.1" 200 14844 "-" "Mozilla/5.0 (compatible; SemrushBot/7~bl; +http://www.semrush.com/bot.html)"
197.211.59.68 - - [13/May/2025:05:39:10 -0400] "GET /04f50abbb8e1a241/Double_Threat_(2022)_WEB-DL_high_(Netxie.com.ng).mp4?download_token=97dfff76d81d733dde53ba506b67ffbfc7eba5cc374e1ca98a7cdaadeab76394 HTTP/1.1" 200 256928184 "https://ideyshare.name.ng/04f50abbb8e1a241" "Mozilla/5.0 (Linux; Android 10; K) AppleWebKit/537.36 (KHTML, like Gecko) Chrome/136.0.0.0 Mobile Safari/537.36"
185.191.171.16 - - [13/May/2025:05:43:10 -0400] "GET /c00bad6871e6e282 HTTP/1.1" 200 14853 "-" "Mozilla/5.0 (compatible; SemrushBot/7~bl; +http://www.semrush.com/bot.html)"
85.208.96.209 - - [13/May/2025:05:44:40 -0400] "GET /0b6d4e43eee43fb6 HTTP/1.1" 200 14854 "-" "Mozilla/5.0 (compatible; SemrushBot/7~bl; +http://www.semrush.com/bot.html)"
173.252.83.112 - - [13/May/2025:05:47:32 -0400] "GET /robots.txt HTTP/1.1" 206 1284 "-" "facebookexternalhit/1.1 (+http://www.facebook.com/externalhit_uatext.php)"
57.141.4.1 - - [13/May/2025:05:47:37 -0400] "GET /sitemap-16.xml HTTP/1.1" 404 1554 "-" "meta-externalagent/1.1 (+https://developers.facebook.com/docs/sharing/webmasters/crawler)"
57.141.4.12 - - [13/May/2025:05:47:40 -0400] "GET /sitemap-5.xml HTTP/1.1" 404 1554 "-" "meta-externalagent/1.1 (+https://developers.facebook.com/docs/sharing/webmasters/crawler)"
85.208.96.200 - - [13/May/2025:05:48:17 -0400] "GET /5d4ff5877556c445 HTTP/1.1" 200 14864 "-" "Mozilla/5.0 (compatible; SemrushBot/7~bl; +http://www.semrush.com/bot.html)"
85.208.96.205 - - [13/May/2025:05:50:30 -0400] "GET /ace101bb2682614e HTTP/1.1" 200 14842 "-" "Mozilla/5.0 (compatible; SemrushBot/7~bl; +http://www.semrush.com/bot.html)"
85.208.96.202 - - [13/May/2025:05:52:49 -0400] "GET /16a06ce4c60ffa8b HTTP/1.1" 200 14863 "-" "Mozilla/5.0 (compatible; SemrushBot/7~bl; +http://www.semrush.com/bot.html)"
23.137.105.52 - - [13/May/2025:06:06:06 -0400] "POST /wp-admin HTTP/1.1" 404 627 "https://ideyshare.name.ng/wp-admin/" "Mozilla/5.0 (Windows NT 10.0; Win64; x64) AppleWebKit/537.36 (KHTML, like Gecko) Chrome/90.0.4430.85 Safari/537.36"
23.137.105.52 - - [13/May/2025:06:06:09 -0400] "POST /wp-login.php HTTP/1.1" 404 627 "https://ideyshare.name.ng/wp-admin/" "Mozilla/5.0 (Windows NT 10.0; Win64; x64) AppleWebKit/537.36 (KHTML, like Gecko) Chrome/90.0.4430.85 Safari/537.36"
23.137.105.52 - - [13/May/2025:06:06:12 -0400] "POST /admin HTTP/1.1" 404 627 "https://ideyshare.name.ng/wp-admin/" "Mozilla/5.0 (Windows NT 10.0; Win64; x64) AppleWebKit/537.36 (KHTML, like Gecko) Chrome/90.0.4430.85 Safari/537.36"
23.137.105.52 - - [13/May/2025:06:06:14 -0400] "POST /user/login HTTP/1.1" 404 627 "https://ideyshare.name.ng/wp-admin/" "Mozilla/5.0 (Windows NT 10.0; Win64; x64) AppleWebKit/537.36 (KHTML, like Gecko) Chrome/90.0.4430.85 Safari/537.36"
23.137.105.52 - - [13/May/2025:06:06:16 -0400] "POST /login HTTP/1.1" 404 627 "https://ideyshare.name.ng/wp-admin/" "Mozilla/5.0 (Windows NT 10.0; Win64; x64) AppleWebKit/537.36 (KHTML, like Gecko) Chrome/90.0.4430.85 Safari/537.36"
23.137.105.52 - - [13/May/2025:06:06:32 -0400] "POST /dashboard HTTP/1.1" 404 627 "https://ideyshare.name.ng/wp-admin/" "Mozilla/5.0 (Windows NT 10.0; Win64; x64) AppleWebKit/537.36 (KHTML, like Gecko) Chrome/90.0.4430.85 Safari/537.36"
23.137.105.52 - - [13/May/2025:06:06:34 -0400] "POST /cms HTTP/1.1" 404 627 "https://ideyshare.name.ng/wp-admin/" "Mozilla/5.0 (Windows NT 10.0; Win64; x64) AppleWebKit/537.36 (KHTML, like Gecko) Chrome/90.0.4430.85 Safari/537.36"
23.137.105.52 - - [13/May/2025:06:06:34 -0400] "POST /panel HTTP/1.1" 404 627 "https://ideyshare.name.ng/wp-admin/" "Mozilla/5.0 (Windows NT 10.0; Win64; x64) AppleWebKit/537.36 (KHTML, like Gecko) Chrome/90.0.4430.85 Safari/537.36"
23.137.105.52 - - [13/May/2025:06:06:35 -0400] "POST /backend HTTP/1.1" 404 627 "https://ideyshare.name.ng/wp-admin/" "Mozilla/5.0 (Windows NT 10.0; Win64; x64) AppleWebKit/537.36 (KHTML, like Gecko) Chrome/90.0.4430.85 Safari/537.36"
85.208.96.197 - - [13/May/2025:06:06:50 -0400] "GET /robots.txt HTTP/1.1" 200 192 "-" "Mozilla/5.0 (compatible; SemrushBot/7~bl; +http://www.semrush.com/bot.html)"
185.191.171.6 - - [13/May/2025:06:06:51 -0400] "GET /fefe1f27b77fb8ae HTTP/1.1" 200 14843 "-" "Mozilla/5.0 (compatible; SemrushBot/7~bl; +http://www.semrush.com/bot.html)"
85.208.96.207 - - [13/May/2025:06:08:05 -0400] "GET /6e6732b61e314067 HTTP/1.1" 200 14845 "-" "Mozilla/5.0 (compatible; SemrushBot/7~bl; +http://www.semrush.com/bot.html)"
23.137.105.52 - - [13/May/2025:06:10:03 -0400] "POST /wp-admin HTTP/1.1" 404 627 "https://ideyshare.name.ng/wp-admin/" "Mozilla/5.0 (Windows NT 10.0; Win64; x64) AppleWebKit/537.36 (KHTML, like Gecko) Chrome/90.0.4430.85 Safari/537.36"
23.137.105.52 - - [13/May/2025:06:10:04 -0400] "POST /wp-login.php HTTP/1.1" 404 627 "https://ideyshare.name.ng/wp-admin/" "Mozilla/5.0 (Windows NT 10.0; Win64; x64) AppleWebKit/537.36 (KHTML, like Gecko) Chrome/90.0.4430.85 Safari/537.36"
23.137.105.52 - - [13/May/2025:06:10:05 -0400] "POST /admin HTTP/1.1" 404 627 "https://ideyshare.name.ng/wp-admin/" "Mozilla/5.0 (Windows NT 10.0; Win64; x64) AppleWebKit/537.36 (KHTML, like Gecko) Chrome/90.0.4430.85 Safari/537.36"
23.137.105.52 - - [13/May/2025:06:10:06 -0400] "POST /user/login HTTP/1.1" 404 627 "https://ideyshare.name.ng/wp-admin/" "Mozilla/5.0 (Windows NT 10.0; Win64; x64) AppleWebKit/537.36 (KHTML, like Gecko) Chrome/90.0.4430.85 Safari/537.36"
23.137.105.52 - - [13/May/2025:06:10:07 -0400] "POST /login HTTP/1.1" 404 627 "https://ideyshare.name.ng/wp-admin/" "Mozilla/5.0 (Windows NT 10.0; Win64; x64) AppleWebKit/537.36 (KHTML, like Gecko) Chrome/90.0.4430.85 Safari/537.36"
23.137.105.52 - - [13/May/2025:06:10:07 -0400] "POST /dashboard HTTP/1.1" 404 627 "https://ideyshare.name.ng/wp-admin/" "Mozilla/5.0 (Windows NT 10.0; Win64; x64) AppleWebKit/537.36 (KHTML, like Gecko) Chrome/90.0.4430.85 Safari/537.36"
23.137.105.52 - - [13/May/2025:06:10:09 -0400] "POST /cms HTTP/1.1" 404 627 "https://ideyshare.name.ng/wp-admin/" "Mozilla/5.0 (Windows NT 10.0; Win64; x64) AppleWebKit/537.36 (KHTML, like Gecko) Chrome/90.0.4430.85 Safari/537.36"
23.137.105.52 - - [13/May/2025:06:10:09 -0400] "POST /panel HTTP/1.1" 404 627 "https://ideyshare.name.ng/wp-admin/" "Mozilla/5.0 (Windows NT 10.0; Win64; x64) AppleWebKit/537.36 (KHTML, like Gecko) Chrome/90.0.4430.85 Safari/537.36"
23.137.105.52 - - [13/May/2025:06:10:09 -0400] "POST /backend HTTP/1.1" 404 627 "https://ideyshare.name.ng/wp-admin/" "Mozilla/5.0 (Windows NT 10.0; Win64; x64) AppleWebKit/537.36 (KHTML, like Gecko) Chrome/90.0.4430.85 Safari/537.36"
85.208.96.201 - - [13/May/2025:06:11:49 -0400] "GET /50cddd6d596e3b34 HTTP/1.1" 200 14865 "-" "Mozilla/5.0 (compatible; SemrushBot/7~bl; +http://www.semrush.com/bot.html)"
185.191.171.9 - - [13/May/2025:06:14:59 -0400] "GET /228a72b9572c7314 HTTP/1.1" 200 14872 "-" "Mozilla/5.0 (compatible; SemrushBot/7~bl; +http://www.semrush.com/bot.html)"
216.244.66.241 - - [13/May/2025:06:17:40 -0400] "GET /robots.txt HTTP/1.1" 200 1284 "-" "Mozilla/5.0 (compatible; DotBot/1.2; +https://opensiteexplorer.org/dotbot; help@moz.com)"
23.137.105.52 - - [13/May/2025:06:22:52 -0400] "POST /wp-admin HTTP/1.1" 404 627 "https://ideyshare.name.ng/wp-admin/" "Mozilla/5.0 (Windows NT 10.0; Win64; x64) AppleWebKit/537.36 (KHTML, like Gecko) Chrome/90.0.4430.85 Safari/537.36"
23.137.105.52 - - [13/May/2025:06:22:54 -0400] "POST /wp-login.php HTTP/1.1" 404 627 "https://ideyshare.name.ng/wp-admin/" "Mozilla/5.0 (Windows NT 10.0; Win64; x64) AppleWebKit/537.36 (KHTML, like Gecko) Chrome/90.0.4430.85 Safari/537.36"
23.137.105.52 - - [13/May/2025:06:22:54 -0400] "POST /admin HTTP/1.1" 404 627 "https://ideyshare.name.ng/wp-admin/" "Mozilla/5.0 (Windows NT 10.0; Win64; x64) AppleWebKit/537.36 (KHTML, like Gecko) Chrome/90.0.4430.85 Safari/537.36"
23.137.105.52 - - [13/May/2025:06:22:54 -0400] "POST /user/login HTTP/1.1" 404 627 "https://ideyshare.name.ng/wp-admin/" "Mozilla/5.0 (Windows NT 10.0; Win64; x64) AppleWebKit/537.36 (KHTML, like Gecko) Chrome/90.0.4430.85 Safari/537.36"
23.137.105.52 - - [13/May/2025:06:22:55 -0400] "POST /login HTTP/1.1" 404 627 "https://ideyshare.name.ng/wp-admin/" "Mozilla/5.0 (Windows NT 10.0; Win64; x64) AppleWebKit/537.36 (KHTML, like Gecko) Chrome/90.0.4430.85 Safari/537.36"
23.137.105.52 - - [13/May/2025:06:22:55 -0400] "POST /dashboard HTTP/1.1" 404 627 "https://ideyshare.name.ng/wp-admin/" "Mozilla/5.0 (Windows NT 10.0; Win64; x64) AppleWebKit/537.36 (KHTML, like Gecko) Chrome/90.0.4430.85 Safari/537.36"
23.137.105.52 - - [13/May/2025:06:22:56 -0400] "POST /cms HTTP/1.1" 404 627 "https://ideyshare.name.ng/wp-admin/" "Mozilla/5.0 (Windows NT 10.0; Win64; x64) AppleWebKit/537.36 (KHTML, like Gecko) Chrome/90.0.4430.85 Safari/537.36"
23.137.105.52 - - [13/May/2025:06:22:56 -0400] "POST /panel HTTP/1.1" 404 627 "https://ideyshare.name.ng/wp-admin/" "Mozilla/5.0 (Windows NT 10.0; Win64; x64) AppleWebKit/537.36 (KHTML, like Gecko) Chrome/90.0.4430.85 Safari/537.36"
23.137.105.52 - - [13/May/2025:06:22:56 -0400] "POST /backend HTTP/1.1" 404 627 "https://ideyshare.name.ng/wp-admin/" "Mozilla/5.0 (Windows NT 10.0; Win64; x64) AppleWebKit/537.36 (KHTML, like Gecko) Chrome/90.0.4430.85 Safari/537.36"
85.208.96.210 - - [13/May/2025:06:23:41 -0400] "GET /fd4b990be9d4c4d6 HTTP/1.1" 200 14866 "-" "Mozilla/5.0 (compatible; SemrushBot/7~bl; +http://www.semrush.com/bot.html)"
216.244.66.241 - - [13/May/2025:06:26:32 -0400] "GET /56da4573c11d2ff0 HTTP/1.1" 200 68157 "-" "Mozilla/5.0 (compatible; DotBot/1.2; +https://opensiteexplorer.org/dotbot; help@moz.com)"
23.137.105.52 - - [13/May/2025:06:33:47 -0400] "POST /wp-admin HTTP/1.1" 404 627 "https://ideyshare.name.ng/wp-admin/" "Mozilla/5.0 (Windows NT 10.0; Win64; x64) AppleWebKit/537.36 (KHTML, like Gecko) Chrome/90.0.4430.85 Safari/537.36"
23.137.105.52 - - [13/May/2025:06:33:50 -0400] "POST /wp-login.php HTTP/1.1" 404 627 "https://ideyshare.name.ng/wp-admin/" "Mozilla/5.0 (Windows NT 10.0; Win64; x64) AppleWebKit/537.36 (KHTML, like Gecko) Chrome/90.0.4430.85 Safari/537.36"
23.137.105.52 - - [13/May/2025:06:33:53 -0400] "POST /admin HTTP/1.1" 404 627 "https://ideyshare.name.ng/wp-admin/" "Mozilla/5.0 (Windows NT 10.0; Win64; x64) AppleWebKit/537.36 (KHTML, like Gecko) Chrome/90.0.4430.85 Safari/537.36"
23.137.105.52 - - [13/May/2025:06:33:54 -0400] "POST /user/login HTTP/1.1" 404 627 "https://ideyshare.name.ng/wp-admin/" "Mozilla/5.0 (Windows NT 10.0; Win64; x64) AppleWebKit/537.36 (KHTML, like Gecko) Chrome/90.0.4430.85 Safari/537.36"
23.137.105.52 - - [13/May/2025:06:33:55 -0400] "POST /login HTTP/1.1" 404 627 "https://ideyshare.name.ng/wp-admin/" "Mozilla/5.0 (Windows NT 10.0; Win64; x64) AppleWebKit/537.36 (KHTML, like Gecko) Chrome/90.0.4430.85 Safari/537.36"
23.137.105.52 - - [13/May/2025:06:33:55 -0400] "POST /dashboard HTTP/1.1" 404 627 "https://ideyshare.name.ng/wp-admin/" "Mozilla/5.0 (Windows NT 10.0; Win64; x64) AppleWebKit/537.36 (KHTML, like Gecko) Chrome/90.0.4430.85 Safari/537.36"
23.137.105.52 - - [13/May/2025:06:33:57 -0400] "POST /cms HTTP/1.1" 404 627 "https://ideyshare.name.ng/wp-admin/" "Mozilla/5.0 (Windows NT 10.0; Win64; x64) AppleWebKit/537.36 (KHTML, like Gecko) Chrome/90.0.4430.85 Safari/537.36"
23.137.105.52 - - [13/May/2025:06:33:58 -0400] "POST /panel HTTP/1.1" 404 627 "https://ideyshare.name.ng/wp-admin/" "Mozilla/5.0 (Windows NT 10.0; Win64; x64) AppleWebKit/537.36 (KHTML, like Gecko) Chrome/90.0.4430.85 Safari/537.36"
23.137.105.52 - - [13/May/2025:06:33:58 -0400] "POST /backend HTTP/1.1" 404 627 "https://ideyshare.name.ng/wp-admin/" "Mozilla/5.0 (Windows NT 10.0; Win64; x64) AppleWebKit/537.36 (KHTML, like Gecko) Chrome/90.0.4430.85 Safari/537.36"
85.208.96.193 - - [13/May/2025:06:56:20 -0400] "GET /ea959811c571bd9f HTTP/1.1" 200 14850 "-" "Mozilla/5.0 (compatible; SemrushBot/7~bl; +http://www.semrush.com/bot.html)"
185.191.171.19 - - [13/May/2025:07:03:20 -0400] "GET /8d5407828f9a2387 HTTP/1.1" 200 14857 "-" "Mozilla/5.0 (compatible; SemrushBot/7~bl; +http://www.semrush.com/bot.html)"
185.191.171.18 - - [13/May/2025:07:08:03 -0400] "GET /robots.txt HTTP/1.1" 200 192 "-" "Mozilla/5.0 (compatible; SemrushBot/7~bl; +http://www.semrush.com/bot.html)"
185.191.171.17 - - [13/May/2025:07:08:05 -0400] "GET /62a9f8997ab70f50 HTTP/1.1" 200 14865 "-" "Mozilla/5.0 (compatible; SemrushBot/7~bl; +http://www.semrush.com/bot.html)"
85.208.96.202 - - [13/May/2025:07:09:58 -0400] "GET /f5d442a33beda8a6 HTTP/1.1" 200 14849 "-" "Mozilla/5.0 (compatible; SemrushBot/7~bl; +http://www.semrush.com/bot.html)"
185.191.171.11 - - [13/May/2025:07:18:39 -0400] "GET /566c2f9cac0f88a3 HTTP/1.1" 200 14885 "-" "Mozilla/5.0 (compatible; SemrushBot/7~bl; +http://www.semrush.com/bot.html)"
85.208.96.201 - - [13/May/2025:07:21:48 -0400] "GET /51f5a9be61b6b3d1 HTTP/1.1" 200 14851 "-" "Mozilla/5.0 (compatible; SemrushBot/7~bl; +http://www.semrush.com/bot.html)"
196.251.115.39 - - [13/May/2025:07:31:30 -0400] "GET /ss.php HTTP/1.1" 404 627 "-" "python-requests/2.27.1"
40.77.167.12 - - [13/May/2025:07:33:52 -0400] "GET /themes/evolution/views/account/partial/_uploader_javascript.html.twig HTTP/1.1" 200 32071 "-" "Mozilla/5.0 AppleWebKit/537.36 (KHTML, like Gecko; compatible; bingbot/2.0; +http://www.bing.com/bingbot.htm) Chrome/116.0.1938.76 Safari/537.36"
85.208.96.194 - - [13/May/2025:07:35:50 -0400] "GET /4dcd9c8792f0a993 HTTP/1.1" 200 14853 "-" "Mozilla/5.0 (compatible; SemrushBot/7~bl; +http://www.semrush.com/bot.html)"
85.208.96.210 - - [13/May/2025:07:39:18 -0400] "GET /a4de1832c4d0ae80 HTTP/1.1" 200 14855 "-" "Mozilla/5.0 (compatible; SemrushBot/7~bl; +http://www.semrush.com/bot.html)"
185.191.171.6 - - [13/May/2025:07:40:15 -0400] "GET /b586ca934f92a410 HTTP/1.1" 200 14867 "-" "Mozilla/5.0 (compatible; SemrushBot/7~bl; +http://www.semrush.com/bot.html)"
185.191.171.12 - - [13/May/2025:07:44:38 -0400] "GET /aaad2263feb490d8 HTTP/1.1" 200 14865 "-" "Mozilla/5.0 (compatible; SemrushBot/7~bl; +http://www.semrush.com/bot.html)"
185.191.171.9 - - [13/May/2025:07:53:47 -0400] "GET /69c56e429863de83 HTTP/1.1" 200 14848 "-" "Mozilla/5.0 (compatible; SemrushBot/7~bl; +http://www.semrush.com/bot.html)"
85.208.96.200 - - [13/May/2025:08:05:52 -0400] "GET /c11adff8937c2e91 HTTP/1.1" 200 14880 "-" "Mozilla/5.0 (compatible; SemrushBot/7~bl; +http://www.semrush.com/bot.html)"
85.208.96.207 - - [13/May/2025:08:11:24 -0400] "GET /robots.txt HTTP/1.1" 200 192 "-" "Mozilla/5.0 (compatible; SemrushBot/7~bl; +http://www.semrush.com/bot.html)"
185.191.171.16 - - [13/May/2025:08:11:25 -0400] "GET /d701eafaf4e88914 HTTP/1.1" 200 14851 "-" "Mozilla/5.0 (compatible; SemrushBot/7~bl; +http://www.semrush.com/bot.html)"
185.191.171.12 - - [13/May/2025:08:18:06 -0400] "GET /c5d1559120c9b7fb HTTP/1.1" 200 14919 "-" "Mozilla/5.0 (compatible; SemrushBot/7~bl; +http://www.semrush.com/bot.html)"
196.251.86.86 - - [13/May/2025:08:20:38 -0400] "GET / HTTP/1.1" 200 0 "-" "-"
196.251.86.86 - - [13/May/2025:08:20:41 -0400] "GET / HTTP/1.1" 302 0 "-" "-"
196.251.86.86 - - [13/May/2025:08:20:48 -0400] "GET / HTTP/1.1" 200 0 "-" "-"
196.251.86.86 - - [13/May/2025:08:20:57 -0400] "GET / HTTP/1.1" 200 0 "-" "-"
196.251.86.86 - - [13/May/2025:08:21:03 -0400] "GET / HTTP/1.1" 200 0 "-" "-"
185.191.171.5 - - [13/May/2025:08:34:16 -0400] "GET /fd5d5ffc63cdab80 HTTP/1.1" 200 14875 "-" "Mozilla/5.0 (compatible; SemrushBot/7~bl; +http://www.semrush.com/bot.html)"
85.208.96.206 - - [13/May/2025:08:38:31 -0400] "GET /5dd0db611319412a HTTP/1.1" 200 14888 "-" "Mozilla/5.0 (compatible; SemrushBot/7~bl; +http://www.semrush.com/bot.html)"
197.211.59.68 - - [13/May/2025:08:49:54 -0400] "GET /04f50abbb8e1a241 HTTP/1.1" 200 12394 "https://netxie.com.ng/" "Mozilla/5.0 (Linux; Android 10; K) AppleWebKit/537.36 (KHTML, like Gecko) Chrome/136.0.0.0 Mobile Safari/537.36"
