51.222.253.3 - - [10/May/2025:01:15:40 -0400] "GET /187906956.html HTTP/1.1" 404 1251 "-" "Mozilla/5.0 (compatible; AhrefsBot/7.0; +http://ahrefs.com/robot/)"
51.222.253.13 - - [10/May/2025:01:22:15 -0400] "GET /214851948.html HTTP/1.1" 404 1251 "-" "Mozilla/5.0 (compatible; AhrefsBot/7.0; +http://ahrefs.com/robot/)"
51.222.253.3 - - [10/May/2025:01:28:02 -0400] "GET /245285196.html HTTP/1.1" 404 1251 "-" "Mozilla/5.0 (compatible; AhrefsBot/7.0; +http://ahrefs.com/robot/)"
51.222.253.9 - - [10/May/2025:01:34:18 -0400] "GET /274697772.html HTTP/1.1" 404 1251 "-" "Mozilla/5.0 (compatible; AhrefsBot/7.0; +http://ahrefs.com/robot/)"
51.222.253.19 - - [10/May/2025:01:40:23 -0400] "GET /278115468.html HTTP/1.1" 404 1251 "-" "Mozilla/5.0 (compatible; AhrefsBot/7.0; +http://ahrefs.com/robot/)"
51.222.253.12 - - [10/May/2025:01:46:28 -0400] "GET /292346412.html HTTP/1.1" 404 1251 "-" "Mozilla/5.0 (compatible; AhrefsBot/7.0; +http://ahrefs.com/robot/)"
195.2.70.209 - - [10/May/2025:01:48:01 -0400] "GET / HTTP/1.1" 200 9266 "-" "Mozilla/5.0 (Macintosh; Intel Mac OS X 10_15_7) AppleWebKit/537.36 (KHTML, like Gecko) Chrome/133.0.0.0 Safari/537.36"
202.178.127.53 - - [10/May/2025:01:48:04 -0400] "POST / HTTP/1.1" 200 9266 "-" "Mozilla/5.0 (Macintosh; Intel Mac OS X 10_15_7) AppleWebKit/537.36 (KHTML, like Gecko) Chrome/133.0.0.0 Safari/537.36"
202.178.127.53 - - [10/May/2025:01:48:06 -0400] "POST / HTTP/1.1" 200 9266 "-" "Mozilla/5.0 (Windows NT 10.0; Win64; x64) AppleWebKit/537.36 (KHTML, like Gecko) Chrome/120.0.0.0 Safari/537.36"
195.2.70.209 - - [10/May/2025:01:48:06 -0400] "GET /page/blog HTTP/1.1" 404 1251 "-" "Mozilla/5.0 (Macintosh; Intel Mac OS X 10_15_7) AppleWebKit/537.36 (KHTML, like Gecko) Chrome/133.0.0.0 Safari/537.36"
195.2.70.209 - - [10/May/2025:01:48:07 -0400] "GET /news/flutterwave-loses-11-billion-in-security-breach HTTP/1.1" 404 1251 "-" "Mozilla/5.0 (Macintosh; Intel Mac OS X 10_15_7) AppleWebKit/537.36 (KHTML, like Gecko) Chrome/133.0.0.0 Safari/537.36"
195.2.70.209 - - [10/May/2025:01:48:07 -0400] "GET /news/how-to-protect-yourself-from-cyber-attacks HTTP/1.1" 404 1251 "-" "Mozilla/5.0 (Macintosh; Intel Mac OS X 10_15_7) AppleWebKit/537.36 (KHTML, like Gecko) Chrome/133.0.0.0 Safari/537.36"
195.2.70.209 - - [10/May/2025:01:48:11 -0400] "GET /news/phishing-scams-are-becoming-more-prevalent-in-africa HTTP/1.1" 404 1251 "-" "Mozilla/5.0 (Macintosh; Intel Mac OS X 10_15_7) AppleWebKit/537.36 (KHTML, like Gecko) Chrome/133.0.0.0 Safari/537.36"
195.2.70.209 - - [10/May/2025:01:48:11 -0400] "GET /contact.html HTTP/1.1" 404 1251 "-" "Mozilla/5.0 (Macintosh; Intel Mac OS X 10_15_7) AppleWebKit/537.36 (KHTML, like Gecko) Chrome/133.0.0.0 Safari/537.36"
51.222.253.10 - - [10/May/2025:01:54:04 -0400] "GET /331860588.html HTTP/1.1" 404 1251 "-" "Mozilla/5.0 (compatible; AhrefsBot/7.0; +http://ahrefs.com/robot/)"
185.157.214.24 - - [10/May/2025:01:59:26 -0400] "GET / HTTP/1.1" 200 9266 "-" "Mozilla/5.0 (Macintosh; Intel Mac OS X 10_15_7) AppleWebKit/537.36 (KHTML, like Gecko) Chrome/133.0.0.0 Safari/537.36"
81.216.9.110 - - [10/May/2025:01:59:28 -0400] "POST / HTTP/1.1" 200 9266 "-" "Mozilla/5.0 (Macintosh; Intel Mac OS X 10_15_7) AppleWebKit/537.36 (KHTML, like Gecko) Chrome/133.0.0.0 Safari/537.36"
81.216.9.110 - - [10/May/2025:01:59:28 -0400] "POST / HTTP/1.1" 200 9266 "-" "Mozilla/5.0 (Windows NT 10.0; Win64; x64) AppleWebKit/537.36 (KHTML, like Gecko) Chrome/120.0.0.0 Safari/537.36"
185.157.214.24 - - [10/May/2025:01:59:32 -0400] "GET /page/blog HTTP/1.1" 404 1251 "-" "Mozilla/5.0 (Macintosh; Intel Mac OS X 10_15_7) AppleWebKit/537.36 (KHTML, like Gecko) Chrome/133.0.0.0 Safari/537.36"
185.157.214.24 - - [10/May/2025:01:59:33 -0400] "GET /news/flutterwave-loses-11-billion-in-security-breach HTTP/1.1" 404 1251 "-" "Mozilla/5.0 (Macintosh; Intel Mac OS X 10_15_7) AppleWebKit/537.36 (KHTML, like Gecko) Chrome/133.0.0.0 Safari/537.36"
185.157.214.24 - - [10/May/2025:01:59:36 -0400] "GET /news/how-to-protect-yourself-from-cyber-attacks HTTP/1.1" 404 1251 "-" "Mozilla/5.0 (Macintosh; Intel Mac OS X 10_15_7) AppleWebKit/537.36 (KHTML, like Gecko) Chrome/133.0.0.0 Safari/537.36"
185.157.214.24 - - [10/May/2025:01:59:37 -0400] "GET /news/phishing-scams-are-becoming-more-prevalent-in-africa HTTP/1.1" 404 1251 "-" "Mozilla/5.0 (Macintosh; Intel Mac OS X 10_15_7) AppleWebKit/537.36 (KHTML, like Gecko) Chrome/133.0.0.0 Safari/537.36"
185.157.214.24 - - [10/May/2025:01:59:38 -0400] "GET /contact.html HTTP/1.1" 404 1251 "-" "Mozilla/5.0 (Macintosh; Intel Mac OS X 10_15_7) AppleWebKit/537.36 (KHTML, like Gecko) Chrome/133.0.0.0 Safari/537.36"
51.222.253.7 - - [10/May/2025:02:00:30 -0400] "GET /331869804.html HTTP/1.1" 404 1251 "-" "Mozilla/5.0 (compatible; AhrefsBot/7.0; +http://ahrefs.com/robot/)"
51.222.253.1 - - [10/May/2025:02:07:05 -0400] "GET /350159532.html HTTP/1.1" 404 1251 "-" "Mozilla/5.0 (compatible; AhrefsBot/7.0; +http://ahrefs.com/robot/)"
52.167.144.173 - - [10/May/2025:02:11:30 -0400] "GET /search?category=5000000 HTTP/1.1" 404 1251 "-" "Mozilla/5.0 AppleWebKit/537.36 (KHTML, like Gecko; compatible; bingbot/2.0; +http://www.bing.com/bingbot.htm) Chrome/116.0.1938.76 Safari/537.36"
157.55.39.60 - - [10/May/2025:02:12:58 -0400] "GET /search?category=65202 HTTP/1.1" 404 1251 "-" "Mozilla/5.0 AppleWebKit/537.36 (KHTML, like Gecko; compatible; bingbot/2.0; +http://www.bing.com/bingbot.htm) Chrome/116.0.1938.76 Safari/537.36"
51.222.253.14 - - [10/May/2025:02:14:15 -0400] "GET /350366604.html HTTP/1.1" 404 1251 "-" "Mozilla/5.0 (compatible; AhrefsBot/7.0; +http://ahrefs.com/robot/)"
51.222.253.1 - - [10/May/2025:02:20:36 -0400] "GET /353729292.html HTTP/1.1" 404 1251 "-" "Mozilla/5.0 (compatible; AhrefsBot/7.0; +http://ahrefs.com/robot/)"
51.222.253.13 - - [10/May/2025:02:26:56 -0400] "GET /356488620.html HTTP/1.1" 404 1251 "-" "Mozilla/5.0 (compatible; AhrefsBot/7.0; +http://ahrefs.com/robot/)"
51.222.253.5 - - [10/May/2025:02:33:26 -0400] "GET /362096556.html HTTP/1.1" 404 1251 "-" "Mozilla/5.0 (compatible; AhrefsBot/7.0; +http://ahrefs.com/robot/)"
51.222.253.2 - - [10/May/2025:02:39:55 -0400] "GET /365172684.html HTTP/1.1" 404 1251 "-" "Mozilla/5.0 (compatible; AhrefsBot/7.0; +http://ahrefs.com/robot/)"
51.222.253.11 - - [10/May/2025:02:46:14 -0400] "GET /102967404.html HTTP/1.1" 404 1251 "-" "Mozilla/5.0 (compatible; AhrefsBot/7.0; +http://ahrefs.com/robot/)"
51.222.253.17 - - [10/May/2025:02:53:13 -0400] "GET /106433196.html HTTP/1.1" 404 1251 "-" "Mozilla/5.0 (compatible; AhrefsBot/7.0; +http://ahrefs.com/robot/)"
51.222.253.3 - - [10/May/2025:02:58:48 -0400] "GET /110731308.html HTTP/1.1" 404 1251 "-" "Mozilla/5.0 (compatible; AhrefsBot/7.0; +http://ahrefs.com/robot/)"
51.222.253.19 - - [10/May/2025:03:04:29 -0400] "GET /126265164.html HTTP/1.1" 404 1251 "-" "Mozilla/5.0 (compatible; AhrefsBot/7.0; +http://ahrefs.com/robot/)"
51.222.253.2 - - [10/May/2025:03:11:24 -0400] "GET /128108940.html HTTP/1.1" 404 1251 "-" "Mozilla/5.0 (compatible; AhrefsBot/7.0; +http://ahrefs.com/robot/)"
222.79.103.59 - - [10/May/2025:03:14:48 -0400] "GET / HTTP/1.1" 200 9266 "http://gltechlimited.com" "Mozilla/5.0 (iPhone; CPU iPhone OS 13_2_3 like Mac OS X) AppleWebKit/605.1.15 (KHTML, like Gecko) Version/13.0.3 Mobile/15E148 Safari/604.1"
51.222.253.8 - - [10/May/2025:03:17:33 -0400] "GET /155219820.html HTTP/1.1" 404 1251 "-" "Mozilla/5.0 (compatible; AhrefsBot/7.0; +http://ahrefs.com/robot/)"
2602:fb54:9af:: - - [10/May/2025:03:20:16 -0400] "POST /wp-admin HTTP/1.1" 404 1251 "https://gltechlimited.com/wp-admin/" "Mozilla/5.0 (Windows NT 10.0; Win64; x64) AppleWebKit/537.36 (KHTML, like Gecko) Chrome/90.0.4430.85 Safari/537.36"
2602:fb54:9af:: - - [10/May/2025:03:20:16 -0400] "POST /wp-login.php HTTP/1.1" 404 1251 "https://gltechlimited.com/wp-admin/" "Mozilla/5.0 (Windows NT 10.0; Win64; x64) AppleWebKit/537.36 (KHTML, like Gecko) Chrome/90.0.4430.85 Safari/537.36"
2602:fb54:9af:: - - [10/May/2025:03:20:16 -0400] "POST /admin HTTP/1.1" 404 1251 "https://gltechlimited.com/wp-admin/" "Mozilla/5.0 (Windows NT 10.0; Win64; x64) AppleWebKit/537.36 (KHTML, like Gecko) Chrome/90.0.4430.85 Safari/537.36"
2602:fb54:9af:: - - [10/May/2025:03:20:16 -0400] "POST /user/login HTTP/1.1" 404 1251 "https://gltechlimited.com/wp-admin/" "Mozilla/5.0 (Windows NT 10.0; Win64; x64) AppleWebKit/537.36 (KHTML, like Gecko) Chrome/90.0.4430.85 Safari/537.36"
2602:fb54:9af:: - - [10/May/2025:03:20:17 -0400] "POST /login HTTP/1.1" 404 1251 "https://gltechlimited.com/wp-admin/" "Mozilla/5.0 (Windows NT 10.0; Win64; x64) AppleWebKit/537.36 (KHTML, like Gecko) Chrome/90.0.4430.85 Safari/537.36"
2602:fb54:9af:: - - [10/May/2025:03:20:17 -0400] "POST /dashboard HTTP/1.1" 404 1251 "https://gltechlimited.com/wp-admin/" "Mozilla/5.0 (Windows NT 10.0; Win64; x64) AppleWebKit/537.36 (KHTML, like Gecko) Chrome/90.0.4430.85 Safari/537.36"
2602:fb54:9af:: - - [10/May/2025:03:20:17 -0400] "POST /cms HTTP/1.1" 404 1251 "https://gltechlimited.com/wp-admin/" "Mozilla/5.0 (Windows NT 10.0; Win64; x64) AppleWebKit/537.36 (KHTML, like Gecko) Chrome/90.0.4430.85 Safari/537.36"
2602:fb54:9af:: - - [10/May/2025:03:20:17 -0400] "POST /panel HTTP/1.1" 404 1251 "https://gltechlimited.com/wp-admin/" "Mozilla/5.0 (Windows NT 10.0; Win64; x64) AppleWebKit/537.36 (KHTML, like Gecko) Chrome/90.0.4430.85 Safari/537.36"
2602:fb54:9af:: - - [10/May/2025:03:20:17 -0400] "POST /backend HTTP/1.1" 404 1251 "https://gltechlimited.com/wp-admin/" "Mozilla/5.0 (Windows NT 10.0; Win64; x64) AppleWebKit/537.36 (KHTML, like Gecko) Chrome/90.0.4430.85 Safari/537.36"
2a03:2880:2ff:: - - [10/May/2025:03:20:57 -0400] "GET /robots.txt HTTP/1.1" 200 84 "-" "facebookexternalhit/1.1 (+http://www.facebook.com/externalhit_uatext.php)"
2a03:2880:22ff:9:: - - [10/May/2025:03:21:01 -0400] "GET /robots.txt HTTP/1.1" 200 84 "-" "facebookexternalhit/1.1 (+http://www.facebook.com/externalhit_uatext.php)"
2a03:2880:f800:e:: - - [10/May/2025:03:21:02 -0400] "GET /sitemap.xml HTTP/1.1" 404 1251 "-" "meta-externalagent/1.1 (+https://developers.facebook.com/docs/sharing/webmasters/crawler)"
51.222.253.11 - - [10/May/2025:03:25:04 -0400] "GET /169560780.html HTTP/1.1" 404 1251 "-" "Mozilla/5.0 (compatible; AhrefsBot/7.0; +http://ahrefs.com/robot/)"
54.36.148.171 - - [10/May/2025:03:31:31 -0400] "GET /robots.txt HTTP/1.1" 304 0 "-" "Mozilla/5.0 (compatible; AhrefsBot/7.0; +http://ahrefs.com/robot/)"
51.222.253.12 - - [10/May/2025:03:31:34 -0400] "GET /174825420.html HTTP/1.1" 404 1251 "-" "Mozilla/5.0 (compatible; AhrefsBot/7.0; +http://ahrefs.com/robot/)"
91.219.23.168 - - [10/May/2025:03:39:14 -0400] "GET /administrator/ HTTP/1.1" 404 1251 "-" "Mozilla/5.0 (Windows NT 10.0; Win64; x64) AppleWebKit/537.36 (KHTML, like Gecko) Chrome/108.0.0.0 Safari/537.36"
91.219.23.168 - - [10/May/2025:03:39:14 -0400] "GET / HTTP/1.1" 200 9266 "-" "Mozilla/5.0 (Windows NT 10.0; Win64; x64) AppleWebKit/537.36 (KHTML, like Gecko) Chrome/108.0.0.0 Safari/537.36"
91.219.23.168 - - [10/May/2025:03:39:14 -0400] "GET / HTTP/1.1" 200 9266 "-" "Mozilla/5.0 (Windows NT 10.0; Win64; x64) AppleWebKit/537.36 (KHTML, like Gecko) Chrome/108.0.0.0 Safari/537.36"
51.222.253.13 - - [10/May/2025:03:39:23 -0400] "GET /198705804.html HTTP/1.1" 404 1251 "-" "Mozilla/5.0 (compatible; AhrefsBot/7.0; +http://ahrefs.com/robot/)"
205.210.31.56 - - [10/May/2025:03:44:45 -0400] "GET / HTTP/1.1" 200 57648 "-" "-"
51.222.253.16 - - [10/May/2025:03:47:51 -0400] "GET /200744268.html HTTP/1.1" 404 1251 "-" "Mozilla/5.0 (compatible; AhrefsBot/7.0; +http://ahrefs.com/robot/)"
185.248.85.38 - - [10/May/2025:03:49:00 -0400] "GET / HTTP/1.1" 200 9266 "-" "Mozilla/5.0 (Linux; Android 6.0; Nexus 5 Build/MRA58N) AppleWebKit/537.36 (KHTML, like Gecko) Chrome/128.0.0.0 Mobile Safari/537.36"
141.98.252.185 - - [10/May/2025:03:49:13 -0400] "GET / HTTP/1.1" 200 9266 "-" "Mozilla/5.0 (Linux; Android 6.0; Nexus 5 Build/MRA58N) AppleWebKit/537.36 (KHTML, like Gecko) Chrome/128.0.0.0 Mobile Safari/537.36"
185.248.85.38 - - [10/May/2025:03:50:12 -0400] "GET / HTTP/1.1" 200 9266 "-" "Mozilla/5.0 (Linux; Android 6.0; Nexus 5 Build/MRA58N) AppleWebKit/537.36 (KHTML, like Gecko) Chrome/128.0.0.0 Mobile Safari/537.36"
185.248.85.38 - - [10/May/2025:03:50:14 -0400] "GET / HTTP/1.1" 200 9266 "-" "Mozilla/5.0 (Linux; Android 6.0; Nexus 5 Build/MRA58N) AppleWebKit/537.36 (KHTML, like Gecko) Chrome/128.0.0.0 Mobile Safari/537.36"
51.222.253.8 - - [10/May/2025:03:54:44 -0400] "GET /216588876.html HTTP/1.1" 404 1251 "-" "Mozilla/5.0 (compatible; AhrefsBot/7.0; +http://ahrefs.com/robot/)"
2a02:4780:11:c0de::21 - - [10/May/2025:03:57:04 -0400] "HEAD / HTTP/1.1" 200 0 "-" "Go-http-client/2.0"
51.222.253.13 - - [10/May/2025:04:01:11 -0400] "GET /234314700.html HTTP/1.1" 404 1251 "-" "Mozilla/5.0 (compatible; AhrefsBot/7.0; +http://ahrefs.com/robot/)"
51.222.253.17 - - [10/May/2025:04:07:50 -0400] "GET /258687852.html HTTP/1.1" 404 1251 "-" "Mozilla/5.0 (compatible; AhrefsBot/7.0; +http://ahrefs.com/robot/)"
2602:fb54:9af:: - - [10/May/2025:04:12:43 -0400] "POST /wp-admin HTTP/1.1" 404 1251 "https://gltechlimited.com/wp-admin/" "Mozilla/5.0 (Windows NT 10.0; Win64; x64) AppleWebKit/537.36 (KHTML, like Gecko) Chrome/90.0.4430.85 Safari/537.36"
2602:fb54:9af:: - - [10/May/2025:04:12:43 -0400] "POST /wp-login.php HTTP/1.1" 404 1251 "https://gltechlimited.com/wp-admin/" "Mozilla/5.0 (Windows NT 10.0; Win64; x64) AppleWebKit/537.36 (KHTML, like Gecko) Chrome/90.0.4430.85 Safari/537.36"
2602:fb54:9af:: - - [10/May/2025:04:12:44 -0400] "POST /admin HTTP/1.1" 404 1251 "https://gltechlimited.com/wp-admin/" "Mozilla/5.0 (Windows NT 10.0; Win64; x64) AppleWebKit/537.36 (KHTML, like Gecko) Chrome/90.0.4430.85 Safari/537.36"
2602:fb54:9af:: - - [10/May/2025:04:12:44 -0400] "POST /user/login HTTP/1.1" 404 1251 "https://gltechlimited.com/wp-admin/" "Mozilla/5.0 (Windows NT 10.0; Win64; x64) AppleWebKit/537.36 (KHTML, like Gecko) Chrome/90.0.4430.85 Safari/537.36"
2602:fb54:9af:: - - [10/May/2025:04:12:44 -0400] "POST /login HTTP/1.1" 404 1251 "https://gltechlimited.com/wp-admin/" "Mozilla/5.0 (Windows NT 10.0; Win64; x64) AppleWebKit/537.36 (KHTML, like Gecko) Chrome/90.0.4430.85 Safari/537.36"
2602:fb54:9af:: - - [10/May/2025:04:12:45 -0400] "POST /dashboard HTTP/1.1" 404 1251 "https://gltechlimited.com/wp-admin/" "Mozilla/5.0 (Windows NT 10.0; Win64; x64) AppleWebKit/537.36 (KHTML, like Gecko) Chrome/90.0.4430.85 Safari/537.36"
2602:fb54:9af:: - - [10/May/2025:04:12:45 -0400] "POST /cms HTTP/1.1" 404 1251 "https://gltechlimited.com/wp-admin/" "Mozilla/5.0 (Windows NT 10.0; Win64; x64) AppleWebKit/537.36 (KHTML, like Gecko) Chrome/90.0.4430.85 Safari/537.36"
2602:fb54:9af:: - - [10/May/2025:04:12:45 -0400] "POST /panel HTTP/1.1" 404 1251 "https://gltechlimited.com/wp-admin/" "Mozilla/5.0 (Windows NT 10.0; Win64; x64) AppleWebKit/537.36 (KHTML, like Gecko) Chrome/90.0.4430.85 Safari/537.36"
2602:fb54:9af:: - - [10/May/2025:04:12:45 -0400] "POST /backend HTTP/1.1" 404 1251 "https://gltechlimited.com/wp-admin/" "Mozilla/5.0 (Windows NT 10.0; Win64; x64) AppleWebKit/537.36 (KHTML, like Gecko) Chrome/90.0.4430.85 Safari/537.36"
51.222.253.5 - - [10/May/2025:04:14:10 -0400] "GET /279012012.html HTTP/1.1" 404 1251 "-" "Mozilla/5.0 (compatible; AhrefsBot/7.0; +http://ahrefs.com/robot/)"
51.222.253.17 - - [10/May/2025:04:21:00 -0400] "GET /285836172.html HTTP/1.1" 404 1251 "-" "Mozilla/5.0 (compatible; AhrefsBot/7.0; +http://ahrefs.com/robot/)"
51.222.253.7 - - [10/May/2025:04:28:42 -0400] "GET /358025100.html HTTP/1.1" 404 1251 "-" "Mozilla/5.0 (compatible; AhrefsBot/7.0; +http://ahrefs.com/robot/)"
51.222.253.5 - - [10/May/2025:04:36:39 -0400] "GET /366955692.html HTTP/1.1" 404 1251 "-" "Mozilla/5.0 (compatible; AhrefsBot/7.0; +http://ahrefs.com/robot/)"
104.210.140.131 - - [10/May/2025:04:37:57 -0400] "GET /robots.txt HTTP/1.1" 200 84 "-" "Mozilla/5.0 (Macintosh; Intel Mac OS X 10_15_7) AppleWebKit/537.36 (KHTML, like Gecko) Chrome/131.0.0.0 Safari/537.36; compatible; OAI-SearchBot/1.0; +https://openai.com/searchbot"
2602:fb54:9af:: - - [10/May/2025:04:38:15 -0400] "POST /wp-admin HTTP/1.1" 404 1251 "https://gltechlimited.com/wp-admin/" "Mozilla/5.0 (Windows NT 10.0; Win64; x64) AppleWebKit/537.36 (KHTML, like Gecko) Chrome/90.0.4430.85 Safari/537.36"
2602:fb54:9af:: - - [10/May/2025:04:38:15 -0400] "POST /wp-login.php HTTP/1.1" 404 1251 "https://gltechlimited.com/wp-admin/" "Mozilla/5.0 (Windows NT 10.0; Win64; x64) AppleWebKit/537.36 (KHTML, like Gecko) Chrome/90.0.4430.85 Safari/537.36"
2602:fb54:9af:: - - [10/May/2025:04:38:15 -0400] "POST /admin HTTP/1.1" 404 1251 "https://gltechlimited.com/wp-admin/" "Mozilla/5.0 (Windows NT 10.0; Win64; x64) AppleWebKit/537.36 (KHTML, like Gecko) Chrome/90.0.4430.85 Safari/537.36"
2602:fb54:9af:: - - [10/May/2025:04:38:15 -0400] "POST /user/login HTTP/1.1" 404 1251 "https://gltechlimited.com/wp-admin/" "Mozilla/5.0 (Windows NT 10.0; Win64; x64) AppleWebKit/537.36 (KHTML, like Gecko) Chrome/90.0.4430.85 Safari/537.36"
2602:fb54:9af:: - - [10/May/2025:04:38:16 -0400] "POST /login HTTP/1.1" 404 1251 "https://gltechlimited.com/wp-admin/" "Mozilla/5.0 (Windows NT 10.0; Win64; x64) AppleWebKit/537.36 (KHTML, like Gecko) Chrome/90.0.4430.85 Safari/537.36"
2602:fb54:9af:: - - [10/May/2025:04:38:16 -0400] "POST /dashboard HTTP/1.1" 404 1251 "https://gltechlimited.com/wp-admin/" "Mozilla/5.0 (Windows NT 10.0; Win64; x64) AppleWebKit/537.36 (KHTML, like Gecko) Chrome/90.0.4430.85 Safari/537.36"
2602:fb54:9af:: - - [10/May/2025:04:38:16 -0400] "POST /cms HTTP/1.1" 404 1251 "https://gltechlimited.com/wp-admin/" "Mozilla/5.0 (Windows NT 10.0; Win64; x64) AppleWebKit/537.36 (KHTML, like Gecko) Chrome/90.0.4430.85 Safari/537.36"
2602:fb54:9af:: - - [10/May/2025:04:38:16 -0400] "POST /panel HTTP/1.1" 404 1251 "https://gltechlimited.com/wp-admin/" "Mozilla/5.0 (Windows NT 10.0; Win64; x64) AppleWebKit/537.36 (KHTML, like Gecko) Chrome/90.0.4430.85 Safari/537.36"
2602:fb54:9af:: - - [10/May/2025:04:38:16 -0400] "POST /backend HTTP/1.1" 404 1251 "https://gltechlimited.com/wp-admin/" "Mozilla/5.0 (Windows NT 10.0; Win64; x64) AppleWebKit/537.36 (KHTML, like Gecko) Chrome/90.0.4430.85 Safari/537.36"
51.222.253.3 - - [10/May/2025:04:44:26 -0400] "GET /378175308.html HTTP/1.1" 404 1251 "-" "Mozilla/5.0 (compatible; AhrefsBot/7.0; +http://ahrefs.com/robot/)"
51.222.253.16 - - [10/May/2025:04:53:31 -0400] "GET /382775820.html HTTP/1.1" 404 1251 "-" "Mozilla/5.0 (compatible; AhrefsBot/7.0; +http://ahrefs.com/robot/)"
119.156.228.168 - - [10/May/2025:04:56:40 -0400] "GET / HTTP/1.1" 200 9266 "-" "python-httpx/0.28.1"
119.156.228.168 - - [10/May/2025:04:56:42 -0400] "GET /assets/inc/js/animations.js HTTP/1.1" 200 163 "-" "python-httpx/0.28.1"
119.156.228.168 - - [10/May/2025:04:56:42 -0400] "GET /assets/inc/js/popper.min.js HTTP/1.1" 200 6644 "-" "python-httpx/0.28.1"
119.156.228.168 - - [10/May/2025:04:56:44 -0400] "GET /assets/inc/js/custom-script.js HTTP/1.1" 200 335 "-" "python-httpx/0.28.1"
119.156.228.168 - - [10/May/2025:04:56:45 -0400] "GET /assets/inc/js/owl.carousel.js HTTP/1.1" 200 19365 "-" "python-httpx/0.28.1"
119.156.228.168 - - [10/May/2025:04:56:46 -0400] "GET /assets/inc/js/text-animations.js HTTP/1.1" 200 80 "-" "python-httpx/0.28.1"
47.128.60.252 - - [10/May/2025:04:59:39 -0400] "GET / HTTP/1.1" 200 9266 "-" "Mozilla/5.0 (Linux; Android 5.0) AppleWebKit/537.36 (KHTML, like Gecko) Mobile Safari/537.36 (compatible; Bytespider; spider-feedback@bytedance.com)"
47.128.60.252 - - [10/May/2025:04:59:40 -0400] "GET /assets/uploads/partner-1.png HTTP/1.1" 200 2519 "https://www.gltechlimited.com/" "Mozilla/5.0 (Linux; Android 5.0) AppleWebKit/537.36 (KHTML, like Gecko) Mobile Safari/537.36 (compatible; Bytespider; spider-feedback@bytedance.com)"
47.128.60.252 - - [10/May/2025:04:59:40 -0400] "GET /assets/inc/images/about-section2-left-img.png HTTP/1.1" 200 20086 "https://www.gltechlimited.com/" "Mozilla/5.0 (Linux; Android 5.0) AppleWebKit/537.36 (KHTML, like Gecko) Mobile Safari/537.36 (compatible; Bytespider; spider-feedback@bytedance.com)"
47.128.60.252 - - [10/May/2025:04:59:41 -0400] "GET /assets/images/about-section2-left-img.png HTTP/1.1" 404 1251 "https://www.gltechlimited.com/" "Mozilla/5.0 (Linux; Android 5.0) AppleWebKit/537.36 (KHTML, like Gecko) Mobile Safari/537.36 (compatible; Bytespider; spider-feedback@bytedance.com)"
47.128.60.252 - - [10/May/2025:04:59:41 -0400] "GET /assets/uploads/service-5.png HTTP/1.1" 200 1661 "https://www.gltechlimited.com/" "Mozilla/5.0 (Linux; Android 5.0) AppleWebKit/537.36 (KHTML, like Gecko) Mobile Safari/537.36 (compatible; Bytespider; spider-feedback@bytedance.com)"
47.128.60.252 - - [10/May/2025:04:59:40 -0400] "GET /assets/inc/images/cyber-security-right-img.png HTTP/1.1" 200 320861 "https://www.gltechlimited.com/" "Mozilla/5.0 (Linux; Android 5.0) AppleWebKit/537.36 (KHTML, like Gecko) Mobile Safari/537.36 (compatible; Bytespider; spider-feedback@bytedance.com)"
47.128.60.252 - - [10/May/2025:04:59:41 -0400] "GET /assets/uploads/news-16.jpg HTTP/1.1" 404 1251 "https://www.gltechlimited.com/" "Mozilla/5.0 (Linux; Android 5.0) AppleWebKit/537.36 (KHTML, like Gecko) Mobile Safari/537.36 (compatible; Bytespider; spider-feedback@bytedance.com)"
47.128.26.253 - - [10/May/2025:05:00:04 -0400] "GET /robots.txt HTTP/1.1" 304 0 "-" "Mozilla/5.0 (Linux; Android 5.0) AppleWebKit/537.36 (KHTML, like Gecko) Mobile Safari/537.36 (compatible; Bytespider; spider-feedback@bytedance.com)"
47.128.17.180 - - [10/May/2025:05:00:27 -0400] "GET /robots.txt HTTP/1.1" 200 84 "-" "Mozilla/5.0 (Linux; Android 5.0) AppleWebKit/537.36 (KHTML, like Gecko) Mobile Safari/537.36 (compatible; Bytespider; spider-feedback@bytedance.com)"
51.222.253.2 - - [10/May/2025:05:05:07 -0400] "GET /388015116.html HTTP/1.1" 404 1251 "-" "Mozilla/5.0 (compatible; AhrefsBot/7.0; +http://ahrefs.com/robot/)"
52.167.144.166 - - [10/May/2025:05:08:46 -0400] "GET /news/flutterwave-loses-11-billion-in-security-breach HTTP/1.1" 404 1251 "-" "Mozilla/5.0 AppleWebKit/537.36 (KHTML, like Gecko; compatible; bingbot/2.0; +http://www.bing.com/bingbot.htm) Chrome/116.0.1938.76 Safari/537.36"
51.222.253.10 - - [10/May/2025:05:16:34 -0400] "GET /394238220.html HTTP/1.1" 404 1251 "-" "Mozilla/5.0 (compatible; AhrefsBot/7.0; +http://ahrefs.com/robot/)"
66.249.64.234 - - [10/May/2025:05:17:07 -0400] "GET / HTTP/1.1" 200 9266 "-" "Mozilla/5.0 (Linux; Android 6.0.1; Nexus 5X Build/MMB29P) AppleWebKit/537.36 (KHTML, like Gecko) Chrome/136.0.7103.59 Mobile Safari/537.36 (compatible; Googlebot/2.1; +http://www.google.com/bot.html)"
45.134.79.115 - - [10/May/2025:05:18:02 -0400] "POST /wp-login.php HTTP/1.1" 404 1251 "https://gltechlimited.com/wp-admin/" "Mozilla/5.0 (Windows NT 10.0; Win64; x64) AppleWebKit/537.36 (KHTML, like Gecko) Chrome/90.0.4430.85 Safari/537.36"
45.134.79.115 - - [10/May/2025:05:18:02 -0400] "GET /wp-admin/ HTTP/1.1" 404 1251 "www.google.com" "Mozilla/5.0 (Windows NT 10.0; Win64; x64) AppleWebKit/537.36 (KHTML, like Gecko) Chrome/90.0.4430.85 Safari/537.36"
154.28.229.163 - - [10/May/2025:05:19:25 -0400] "GET / HTTP/1.1" 200 9266 "-" "Mozilla/5.0 (Macintosh; Intel Mac OS X 10_15_7) AppleWebKit/537.36 (KHTML, like Gecko) Chrome/117.0.0.0 Safari/537.36"
91.219.23.157 - - [10/May/2025:05:20:45 -0400] "GET /administrator/ HTTP/1.1" 404 1251 "-" "Mozilla/5.0 (Windows NT 10.0; Win64; x64) AppleWebKit/537.36 (KHTML, like Gecko) Chrome/108.0.0.0 Safari/537.36"
91.219.23.157 - - [10/May/2025:05:20:45 -0400] "GET / HTTP/1.1" 200 9266 "-" "Mozilla/5.0 (Windows NT 10.0; Win64; x64) AppleWebKit/537.36 (KHTML, like Gecko) Chrome/108.0.0.0 Safari/537.36"
91.219.23.157 - - [10/May/2025:05:20:45 -0400] "GET / HTTP/1.1" 200 9266 "-" "Mozilla/5.0 (Windows NT 10.0; Win64; x64) AppleWebKit/537.36 (KHTML, like Gecko) Chrome/108.0.0.0 Safari/537.36"
51.222.253.2 - - [10/May/2025:05:25:44 -0400] "GET /410190828.html HTTP/1.1" 404 1251 "-" "Mozilla/5.0 (compatible; AhrefsBot/7.0; +http://ahrefs.com/robot/)"
66.249.64.228 - - [10/May/2025:05:30:22 -0400] "GET /774300876.html HTTP/1.1" 404 1251 "-" "Mozilla/5.0 (Linux; Android 6.0.1; Nexus 5X Build/MMB29P) AppleWebKit/537.36 (KHTML, like Gecko) Chrome/136.0.7103.59 Mobile Safari/537.36 (compatible; Googlebot/2.1; +http://www.google.com/bot.html)"
51.222.253.14 - - [10/May/2025:05:33:35 -0400] "GET /421976364.html HTTP/1.1" 404 1251 "-" "Mozilla/5.0 (compatible; AhrefsBot/7.0; +http://ahrefs.com/robot/)"
107.170.27.157 - - [10/May/2025:05:39:44 -0400] "GET /wp-admin/css/ HTTP/1.1" 404 1251 "binance.com" "Mozilla/5.0 (Windows NT 10.0; Win64; x64) AppleWebKit/537.36 (KHTML, like Gecko) Chrome/90.0.4430.85 Safari/537.36"
107.170.27.157 - - [10/May/2025:05:39:48 -0400] "GET /.well-known/ HTTP/1.1" 200 657 "binance.com" "Mozilla/5.0 (Windows NT 10.0; Win64; x64) AppleWebKit/537.36 (KHTML, like Gecko) Chrome/90.0.4430.85 Safari/537.36"
107.170.27.157 - - [10/May/2025:05:39:51 -0400] "GET /sites/default/files/ HTTP/1.1" 404 1251 "binance.com" "Mozilla/5.0 (Windows NT 10.0; Win64; x64) AppleWebKit/537.36 (KHTML, like Gecko) Chrome/90.0.4430.85 Safari/537.36"
107.170.27.157 - - [10/May/2025:05:39:57 -0400] "GET /admin/controller/extension/extension/ HTTP/1.1" 404 1251 "binance.com" "Mozilla/5.0 (Windows NT 10.0; Win64; x64) AppleWebKit/537.36 (KHTML, like Gecko) Chrome/90.0.4430.85 Safari/537.36"
107.170.27.157 - - [10/May/2025:05:40:02 -0400] "GET /uploads/ HTTP/1.1" 404 1251 "binance.com" "Mozilla/5.0 (Windows NT 10.0; Win64; x64) AppleWebKit/537.36 (KHTML, like Gecko) Chrome/90.0.4430.85 Safari/537.36"
107.170.27.157 - - [10/May/2025:05:40:07 -0400] "GET /images/ HTTP/1.1" 200 620 "binance.com" "Mozilla/5.0 (Windows NT 10.0; Win64; x64) AppleWebKit/537.36 (KHTML, like Gecko) Chrome/90.0.4430.85 Safari/537.36"
107.170.27.157 - - [10/May/2025:05:40:13 -0400] "GET /files/ HTTP/1.1" 404 1251 "binance.com" "Mozilla/5.0 (Windows NT 10.0; Win64; x64) AppleWebKit/537.36 (KHTML, like Gecko) Chrome/90.0.4430.85 Safari/537.36"
51.222.253.2 - - [10/May/2025:05:41:01 -0400] "GET /432443148.html HTTP/1.1" 404 1251 "-" "Mozilla/5.0 (compatible; AhrefsBot/7.0; +http://ahrefs.com/robot/)"
51.222.253.18 - - [10/May/2025:05:49:13 -0400] "GET /458594412.html HTTP/1.1" 404 1251 "-" "Mozilla/5.0 (compatible; AhrefsBot/7.0; +http://ahrefs.com/robot/)"
80.85.246.71 - - [10/May/2025:05:50:01 -0400] "GET / HTTP/1.1" 200 9266 "-" "Mozilla/5.0 (Macintosh; Intel Mac OS X 10_15_7) AppleWebKit/537.36 (KHTML, like Gecko) Chrome/133.0.0.0 Safari/537.36"
92.46.22.98 - - [10/May/2025:05:50:07 -0400] "POST / HTTP/1.1" 200 9266 "-" "Mozilla/5.0 (Macintosh; Intel Mac OS X 10_15_7) AppleWebKit/537.36 (KHTML, like Gecko) Chrome/133.0.0.0 Safari/537.36"
92.46.22.98 - - [10/May/2025:05:50:10 -0400] "POST / HTTP/1.1" 200 9266 "-" "Mozilla/5.0 (Windows NT 10.0; Win64; x64) AppleWebKit/537.36 (KHTML, like Gecko) Chrome/120.0.0.0 Safari/537.36"
80.85.246.71 - - [10/May/2025:05:50:11 -0400] "GET /page/blog HTTP/1.1" 404 1251 "-" "Mozilla/5.0 (Macintosh; Intel Mac OS X 10_15_7) AppleWebKit/537.36 (KHTML, like Gecko) Chrome/133.0.0.0 Safari/537.36"
80.85.246.71 - - [10/May/2025:05:50:12 -0400] "GET /news/flutterwave-loses-11-billion-in-security-breach HTTP/1.1" 404 1251 "-" "Mozilla/5.0 (Macintosh; Intel Mac OS X 10_15_7) AppleWebKit/537.36 (KHTML, like Gecko) Chrome/133.0.0.0 Safari/537.36"
80.85.246.71 - - [10/May/2025:05:50:12 -0400] "GET /news/how-to-protect-yourself-from-cyber-attacks HTTP/1.1" 404 1251 "-" "Mozilla/5.0 (Macintosh; Intel Mac OS X 10_15_7) AppleWebKit/537.36 (KHTML, like Gecko) Chrome/133.0.0.0 Safari/537.36"
80.85.246.71 - - [10/May/2025:05:50:19 -0400] "GET /news/phishing-scams-are-becoming-more-prevalent-in-africa HTTP/1.1" 404 1251 "-" "Mozilla/5.0 (Macintosh; Intel Mac OS X 10_15_7) AppleWebKit/537.36 (KHTML, like Gecko) Chrome/133.0.0.0 Safari/537.36"
80.85.246.71 - - [10/May/2025:05:50:20 -0400] "GET /contact.html HTTP/1.1" 404 1251 "-" "Mozilla/5.0 (Macintosh; Intel Mac OS X 10_15_7) AppleWebKit/537.36 (KHTML, like Gecko) Chrome/133.0.0.0 Safari/537.36"
51.222.253.3 - - [10/May/2025:05:56:16 -0400] "GET /497776812.html HTTP/1.1" 404 1251 "-" "Mozilla/5.0 (compatible; AhrefsBot/7.0; +http://ahrefs.com/robot/)"
93.158.95.213 - - [10/May/2025:05:59:01 -0400] "GET / HTTP/1.1" 200 9266 "http://gltechlimited.com/" "Mozilla/5.0 (Windows NT 10.0; Win64; x64) AppleWebKit/537.36 (KHTML, like Gecko) Chrome/120.0.0.0 Safari/537.36 Viewer/99.9.8853.8"
2602:fb54:9af:: - - [10/May/2025:05:59:50 -0400] "POST /wp-admin HTTP/1.1" 404 1251 "https://gltechlimited.com/wp-admin/" "Mozilla/5.0 (Windows NT 10.0; Win64; x64) AppleWebKit/537.36 (KHTML, like Gecko) Chrome/90.0.4430.85 Safari/537.36"
2602:fb54:9af:: - - [10/May/2025:05:59:50 -0400] "POST /wp-login.php HTTP/1.1" 404 1251 "https://gltechlimited.com/wp-admin/" "Mozilla/5.0 (Windows NT 10.0; Win64; x64) AppleWebKit/537.36 (KHTML, like Gecko) Chrome/90.0.4430.85 Safari/537.36"
2602:fb54:9af:: - - [10/May/2025:05:59:50 -0400] "POST /admin HTTP/1.1" 404 1251 "https://gltechlimited.com/wp-admin/" "Mozilla/5.0 (Windows NT 10.0; Win64; x64) AppleWebKit/537.36 (KHTML, like Gecko) Chrome/90.0.4430.85 Safari/537.36"
2602:fb54:9af:: - - [10/May/2025:05:59:50 -0400] "POST /user/login HTTP/1.1" 404 1251 "https://gltechlimited.com/wp-admin/" "Mozilla/5.0 (Windows NT 10.0; Win64; x64) AppleWebKit/537.36 (KHTML, like Gecko) Chrome/90.0.4430.85 Safari/537.36"
2602:fb54:9af:: - - [10/May/2025:05:59:51 -0400] "POST /login HTTP/1.1" 404 1251 "https://gltechlimited.com/wp-admin/" "Mozilla/5.0 (Windows NT 10.0; Win64; x64) AppleWebKit/537.36 (KHTML, like Gecko) Chrome/90.0.4430.85 Safari/537.36"
2602:fb54:9af:: - - [10/May/2025:05:59:51 -0400] "POST /dashboard HTTP/1.1" 404 1251 "https://gltechlimited.com/wp-admin/" "Mozilla/5.0 (Windows NT 10.0; Win64; x64) AppleWebKit/537.36 (KHTML, like Gecko) Chrome/90.0.4430.85 Safari/537.36"
2602:fb54:9af:: - - [10/May/2025:05:59:51 -0400] "POST /cms HTTP/1.1" 404 1251 "https://gltechlimited.com/wp-admin/" "Mozilla/5.0 (Windows NT 10.0; Win64; x64) AppleWebKit/537.36 (KHTML, like Gecko) Chrome/90.0.4430.85 Safari/537.36"
2602:fb54:9af:: - - [10/May/2025:05:59:51 -0400] "POST /panel HTTP/1.1" 404 1251 "https://gltechlimited.com/wp-admin/" "Mozilla/5.0 (Windows NT 10.0; Win64; x64) AppleWebKit/537.36 (KHTML, like Gecko) Chrome/90.0.4430.85 Safari/537.36"
2602:fb54:9af:: - - [10/May/2025:05:59:51 -0400] "POST /backend HTTP/1.1" 404 1251 "https://gltechlimited.com/wp-admin/" "Mozilla/5.0 (Windows NT 10.0; Win64; x64) AppleWebKit/537.36 (KHTML, like Gecko) Chrome/90.0.4430.85 Safari/537.36"
51.222.253.7 - - [10/May/2025:06:03:35 -0400] "GET /558914604.html HTTP/1.1" 404 1251 "-" "Mozilla/5.0 (compatible; AhrefsBot/7.0; +http://ahrefs.com/robot/)"
51.222.253.9 - - [10/May/2025:06:09:32 -0400] "GET /562167852.html HTTP/1.1" 404 1251 "-" "Mozilla/5.0 (compatible; AhrefsBot/7.0; +http://ahrefs.com/robot/)"
51.222.253.20 - - [10/May/2025:06:15:13 -0400] "GET /582495756.html HTTP/1.1" 404 1251 "-" "Mozilla/5.0 (compatible; AhrefsBot/7.0; +http://ahrefs.com/robot/)"
51.222.253.1 - - [10/May/2025:06:23:03 -0400] "GET /586894092.html HTTP/1.1" 404 1251 "-" "Mozilla/5.0 (compatible; AhrefsBot/7.0; +http://ahrefs.com/robot/)"
51.222.253.17 - - [10/May/2025:06:30:12 -0400] "GET /614007852.html HTTP/1.1" 404 1251 "-" "Mozilla/5.0 (compatible; AhrefsBot/7.0; +http://ahrefs.com/robot/)"
132.232.144.200 - - [10/May/2025:06:34:04 -0400] "GET / HTTP/1.1" 200 9266 "http://www.gltechlimited.com" "Mozilla/5.0 (iPhone; CPU iPhone OS 13_2_3 like Mac OS X) AppleWebKit/605.1.15 (KHTML, like Gecko) Version/13.0.3 Mobile/15E148 Safari/604.1"
51.222.253.15 - - [10/May/2025:06:36:55 -0400] "GET /617928108.html HTTP/1.1" 404 1251 "-" "Mozilla/5.0 (compatible; AhrefsBot/7.0; +http://ahrefs.com/robot/)"
78.162.241.168 - - [10/May/2025:06:41:01 -0400] "GET /administrator/ HTTP/1.1" 404 1251 "-" "Mozilla/5.0 (Windows NT 6.3; Win64; x64) AppleWebKit/537.36 (KHTML, like Gecko) Chrome/108.0.5359.19 Safari/537.36"
78.162.241.168 - - [10/May/2025:06:41:02 -0400] "GET /administrator/ HTTP/1.1" 404 1251 "-" "Mozilla/5.0 (Windows NT 6.1; Win64; x64) AppleWebKit/537.36 (KHTML, like Gecko) Chrome/106.0.5249.65 Safari/537.36"
78.162.241.168 - - [10/May/2025:06:41:02 -0400] "GET /administrator/ HTTP/1.1" 404 1251 "-" "Mozilla/5.0 (Windows NT 10.0; Win64; x64) AppleWebKit/537.36 (KHTML, like Gecko) Chrome/106.0.5249.119 Safari/537.36"
78.162.241.168 - - [10/May/2025:06:41:02 -0400] "GET /administrator/ HTTP/1.1" 404 1251 "-" "Mozilla/5.0 (Windows NT 6.1; Win64; x64) AppleWebKit/537.36 (KHTML, like Gecko) Chrome/109.0.5384.0 Safari/537.36"
78.162.241.168 - - [10/May/2025:06:41:03 -0400] "GET /administrator/ HTTP/1.1" 404 1251 "-" "Mozilla/5.0 (Windows NT 10.0; Win64; x64) AppleWebKit/537.36 (KHTML, like Gecko) Chrome/106.0.5249.61 Safari/537.36"
78.162.241.168 - - [10/May/2025:06:41:03 -0400] "GET /administrator/ HTTP/1.1" 404 1251 "-" "Mozilla/5.0 (Windows NT 10.0; WOW64) AppleWebKit/537.36 (KHTML, like Gecko) Chrome/106.0.5249.60 Safari/537.36"
78.162.241.168 - - [10/May/2025:06:41:03 -0400] "GET /administrator/ HTTP/1.1" 404 1251 "-" "Mozilla/5.0 (Windows NT 10.0) AppleWebKit/537.36 (KHTML, like Gecko) Chrome/107.0.5304.91 Safari/537.36"
78.162.241.168 - - [10/May/2025:06:41:03 -0400] "GET /administrator/ HTTP/1.1" 404 1251 "-" "Mozilla/5.0 (Windows NT 6.1; Win64; x64) AppleWebKit/537.36 (KHTML, like Gecko) Chrome/102.0.5005.115 Safari/537.36"
78.162.241.168 - - [10/May/2025:06:41:04 -0400] "GET /administrator/ HTTP/1.1" 404 1251 "-" "Mozilla/5.0 (Windows NT 10.0; WOW64) AppleWebKit/537.36 (KHTML, like Gecko) Chrome/105.0.5195.53 Safari/537.36"
78.162.241.168 - - [10/May/2025:06:41:05 -0400] "GET /404.shtml HTTP/1.1" 500 1087 "-" "Mozilla/5.0 (Windows NT 6.1; Win64; x64) AppleWebKit/537.36 (KHTML, like Gecko) Chrome/102.0.5005.61 Safari/537.36"
51.222.253.5 - - [10/May/2025:06:44:15 -0400] "GET /625768044.html HTTP/1.1" 404 1251 "-" "Mozilla/5.0 (compatible; AhrefsBot/7.0; +http://ahrefs.com/robot/)"
51.222.253.17 - - [10/May/2025:06:51:50 -0400] "GET /642806988.html HTTP/1.1" 404 1251 "-" "Mozilla/5.0 (compatible; AhrefsBot/7.0; +http://ahrefs.com/robot/)"
51.222.253.5 - - [10/May/2025:06:57:53 -0400] "GET /644060652.html HTTP/1.1" 404 1251 "-" "Mozilla/5.0 (compatible; AhrefsBot/7.0; +http://ahrefs.com/robot/)"
87.250.224.88 - - [10/May/2025:07:01:48 -0400] "GET /robots.txt HTTP/1.1" 200 84 "-" "Mozilla/5.0 (compatible; YandexBot/3.0; +http://yandex.com/bots)"
87.250.224.85 - - [10/May/2025:07:01:49 -0400] "GET /assets/inc/images/favicons/apple-icon-180x180.png HTTP/1.1" 200 30953 "-" "Mozilla/5.0 (compatible; YandexFavicons/1.0; +http://yandex.com/bots)"
51.222.253.12 - - [10/May/2025:07:03:14 -0400] "GET /658136652.html HTTP/1.1" 404 1251 "-" "Mozilla/5.0 (compatible; AhrefsBot/7.0; +http://ahrefs.com/robot/)"
43.173.1.57 - - [10/May/2025:07:05:38 -0400] "GET / HTTP/1.1" 200 9266 "http://gltechlimited.com" "Mozilla/5.0 (iPhone; CPU iPhone OS 13_2_3 like Mac OS X) AppleWebKit/605.1.15 (KHTML, like Gecko) Version/13.0.3 Mobile/15E148 Safari/604.1"
17.241.75.150 - - [10/May/2025:07:07:44 -0400] "GET /robots.txt HTTP/1.1" 200 84 "-" "Mozilla/5.0 (Macintosh; Intel Mac OS X 10_15_7) AppleWebKit/605.1.15 (KHTML, like Gecko) Version/17.4 Safari/605.1.15 (Applebot/0.1; +http://www.apple.com/go/applebot)"
17.241.75.150 - - [10/May/2025:07:07:45 -0400] "GET / HTTP/1.1" 200 9266 "-" "Mozilla/5.0 (Macintosh; Intel Mac OS X 10_15_7) AppleWebKit/605.1.15 (KHTML, like Gecko) Version/17.4 Safari/605.1.15 (Applebot/0.1; +http://www.apple.com/go/applebot)"
51.222.253.5 - - [10/May/2025:07:09:57 -0400] "GET /668973516.html HTTP/1.1" 404 1251 "-" "Mozilla/5.0 (compatible; AhrefsBot/7.0; +http://ahrefs.com/robot/)"
205.169.39.112 - - [10/May/2025:07:12:36 -0400] "GET / HTTP/1.1" 200 9266 "-" "Mozilla/5.0 (Windows NT 6.1; Win64; x64) AppleWebKit/537.36 (KHTML, like Gecko) Chrome/83.0.4103.61 Safari/537.36"
205.169.39.112 - - [10/May/2025:07:12:37 -0400] "GET /assets/inc/js/animations.js HTTP/1.1" 200 163 "https://gltechlimited.com/" "Mozilla/5.0 (Windows NT 6.1; Win64; x64) AppleWebKit/537.36 (KHTML, like Gecko) Chrome/83.0.4103.61 Safari/537.36"
205.169.39.112 - - [10/May/2025:07:12:37 -0400] "GET /assets/inc/js/bootstrap.min.js HTTP/1.1" 304 0 "https://gltechlimited.com/" "Mozilla/5.0 (Windows NT 6.1; Win64; x64) AppleWebKit/537.36 (KHTML, like Gecko) Chrome/83.0.4103.61 Safari/537.36"
205.169.39.112 - - [10/May/2025:07:12:37 -0400] "GET /assets/inc/js/jquery-3.6.0.min.js HTTP/1.1" 304 0 "https://gltechlimited.com/" "Mozilla/5.0 (Windows NT 6.1; Win64; x64) AppleWebKit/537.36 (KHTML, like Gecko) Chrome/83.0.4103.61 Safari/537.36"
205.169.39.112 - - [10/May/2025:07:12:37 -0400] "GET /assets/inc/js/popper.min.js HTTP/1.1" 200 6644 "https://gltechlimited.com/" "Mozilla/5.0 (Windows NT 6.1; Win64; x64) AppleWebKit/537.36 (KHTML, like Gecko) Chrome/83.0.4103.61 Safari/537.36"
205.169.39.112 - - [10/May/2025:07:12:37 -0400] "GET /assets/inc/js/custom-script.js HTTP/1.1" 200 335 "https://gltechlimited.com/" "Mozilla/5.0 (Windows NT 6.1; Win64; x64) AppleWebKit/537.36 (KHTML, like Gecko) Chrome/83.0.4103.61 Safari/537.36"
205.169.39.112 - - [10/May/2025:07:12:38 -0400] "GET /assets/inc/js/owl.carousel.js HTTP/1.1" 200 19365 "https://gltechlimited.com/" "Mozilla/5.0 (Windows NT 6.1; Win64; x64) AppleWebKit/537.36 (KHTML, like Gecko) Chrome/83.0.4103.61 Safari/537.36"
205.169.39.112 - - [10/May/2025:07:12:38 -0400] "GET /assets/inc/js/text-animations.js HTTP/1.1" 200 80 "https://gltechlimited.com/" "Mozilla/5.0 (Windows NT 6.1; Win64; x64) AppleWebKit/537.36 (KHTML, like Gecko) Chrome/83.0.4103.61 Safari/537.36"
205.169.39.112 - - [10/May/2025:07:12:41 -0400] "GET / HTTP/1.1" 200 9266 "-" "Mozilla/5.0 (Windows NT 10.0; Win64; x64) AppleWebKit/537.36 (KHTML, like Gecko) Chrome/79.0.3945.79 Safari/537.36"
205.169.39.112 - - [10/May/2025:07:12:42 -0400] "GET /assets/images/about-section2-left-img.png HTTP/1.1" 404 1251 "https://gltechlimited.com/" "Mozilla/5.0 (Windows NT 10.0; Win64; x64) AppleWebKit/537.36 (KHTML, like Gecko) Chrome/79.0.3945.79 Safari/537.36"
205.169.39.112 - - [10/May/2025:07:12:42 -0400] "GET /assets/uploads/news-16.jpg HTTP/1.1" 404 1251 "https://gltechlimited.com/" "Mozilla/5.0 (Windows NT 10.0; Win64; x64) AppleWebKit/537.36 (KHTML, like Gecko) Chrome/79.0.3945.79 Safari/537.36"
205.169.39.112 - - [10/May/2025:07:12:42 -0400] "GET /assets/uploads/testimonial-1.png HTTP/1.1" 200 10399 "https://gltechlimited.com/" "Mozilla/5.0 (Windows NT 10.0; Win64; x64) AppleWebKit/537.36 (KHTML, like Gecko) Chrome/79.0.3945.79 Safari/537.36"
205.169.39.112 - - [10/May/2025:07:12:42 -0400] "GET /assets/uploads/news-15.jpeg HTTP/1.1" 200 129192 "https://gltechlimited.com/" "Mozilla/5.0 (Windows NT 10.0; Win64; x64) AppleWebKit/537.36 (KHTML, like Gecko) Chrome/79.0.3945.79 Safari/537.36"
205.169.39.112 - - [10/May/2025:07:12:42 -0400] "GET /assets/uploads/service-6.png HTTP/1.1" 200 1759 "https://gltechlimited.com/" "Mozilla/5.0 (Windows NT 10.0; Win64; x64) AppleWebKit/537.36 (KHTML, like Gecko) Chrome/79.0.3945.79 Safari/537.36"
205.169.39.112 - - [10/May/2025:07:12:42 -0400] "GET /assets/inc/images/about-section2-left-img.png HTTP/1.1" 200 20086 "https://gltechlimited.com/" "Mozilla/5.0 (Windows NT 10.0; Win64; x64) AppleWebKit/537.36 (KHTML, like Gecko) Chrome/79.0.3945.79 Safari/537.36"
205.169.39.112 - - [10/May/2025:07:12:42 -0400] "GET /assets/inc/images/glt.png HTTP/1.1" 200 66571 "https://gltechlimited.com/" "Mozilla/5.0 (Windows NT 10.0; Win64; x64) AppleWebKit/537.36 (KHTML, like Gecko) Chrome/79.0.3945.79 Safari/537.36"
205.169.39.112 - - [10/May/2025:07:12:42 -0400] "GET /assets/uploads/service-4.png HTTP/1.1" 200 2411 "https://gltechlimited.com/" "Mozilla/5.0 (Windows NT 10.0; Win64; x64) AppleWebKit/537.36 (KHTML, like Gecko) Chrome/79.0.3945.79 Safari/537.36"
205.169.39.112 - - [10/May/2025:07:12:42 -0400] "GET /assets/inc/images/quotes-icon.png HTTP/1.1" 200 1270 "https://gltechlimited.com/" "Mozilla/5.0 (Windows NT 10.0; Win64; x64) AppleWebKit/537.36 (KHTML, like Gecko) Chrome/79.0.3945.79 Safari/537.36"
205.169.39.112 - - [10/May/2025:07:12:42 -0400] "GET /assets/inc/images/footer-left.png HTTP/1.1" 200 20086 "https://gltechlimited.com/" "Mozilla/5.0 (Windows NT 10.0; Win64; x64) AppleWebKit/537.36 (KHTML, like Gecko) Chrome/79.0.3945.79 Safari/537.36"
205.169.39.112 - - [10/May/2025:07:12:42 -0400] "GET /assets/inc/images/cyber-security-right-img.png HTTP/1.1" 200 320861 "https://gltechlimited.com/" "Mozilla/5.0 (Windows NT 10.0; Win64; x64) AppleWebKit/537.36 (KHTML, like Gecko) Chrome/79.0.3945.79 Safari/537.36"
205.169.39.112 - - [10/May/2025:07:12:42 -0400] "GET /assets/uploads/service-5.png HTTP/1.1" 200 1661 "https://gltechlimited.com/" "Mozilla/5.0 (Windows NT 10.0; Win64; x64) AppleWebKit/537.36 (KHTML, like Gecko) Chrome/79.0.3945.79 Safari/537.36"
34.122.147.229 - - [10/May/2025:07:12:45 -0400] "GET / HTTP/1.1" 200 9266 "-" "Mozilla/5.0 (X11; Linux x86_64) AppleWebKit/537.36 (KHTML, like Gecko) HeadlessChrome/125.0.6422.60 Safari/537.36"
34.122.147.229 - - [10/May/2025:07:12:46 -0400] "GET /assets/inc/js/bootstrap.min.js HTTP/1.1" 304 0 "https://gltechlimited.com/" "Mozilla/5.0 (X11; Linux x86_64) AppleWebKit/537.36 (KHTML, like Gecko) HeadlessChrome/125.0.6422.60 Safari/537.36"
34.122.147.229 - - [10/May/2025:07:12:46 -0400] "GET /assets/inc/js/animations.js HTTP/1.1" 304 0 "https://gltechlimited.com/" "Mozilla/5.0 (X11; Linux x86_64) AppleWebKit/537.36 (KHTML, like Gecko) HeadlessChrome/125.0.6422.60 Safari/537.36"
34.122.147.229 - - [10/May/2025:07:12:46 -0400] "GET /assets/inc/js/popper.min.js HTTP/1.1" 200 6644 "https://gltechlimited.com/" "Mozilla/5.0 (X11; Linux x86_64) AppleWebKit/537.36 (KHTML, like Gecko) HeadlessChrome/125.0.6422.60 Safari/537.36"
34.122.147.229 - - [10/May/2025:07:12:46 -0400] "GET /assets/inc/css/bootstrap.min.css HTTP/1.1" 200 21521 "https://gltechlimited.com/" "Mozilla/5.0 (X11; Linux x86_64) AppleWebKit/537.36 (KHTML, like Gecko) HeadlessChrome/125.0.6422.60 Safari/537.36"
34.122.147.229 - - [10/May/2025:07:12:46 -0400] "GET /assets/inc/js/text-animations.js HTTP/1.1" 200 80 "https://gltechlimited.com/" "Mozilla/5.0 (X11; Linux x86_64) AppleWebKit/537.36 (KHTML, like Gecko) HeadlessChrome/125.0.6422.60 Safari/537.36"
34.122.147.229 - - [10/May/2025:07:12:46 -0400] "GET /assets/uploads/partner-6.png HTTP/1.1" 200 4380 "https://gltechlimited.com/" "Mozilla/5.0 (X11; Linux x86_64) AppleWebKit/537.36 (KHTML, like Gecko) HeadlessChrome/125.0.6422.60 Safari/537.36"
34.122.147.229 - - [10/May/2025:07:12:46 -0400] "GET /assets/inc/js/custom-script.js HTTP/1.1" 304 0 "https://gltechlimited.com/" "Mozilla/5.0 (X11; Linux x86_64) AppleWebKit/537.36 (KHTML, like Gecko) HeadlessChrome/125.0.6422.60 Safari/537.36"
34.122.147.229 - - [10/May/2025:07:12:46 -0400] "GET /assets/inc/images/footer-left.png HTTP/1.1" 200 20086 "https://gltechlimited.com/" "Mozilla/5.0 (X11; Linux x86_64) AppleWebKit/537.36 (KHTML, like Gecko) HeadlessChrome/125.0.6422.60 Safari/537.36"
34.122.147.229 - - [10/May/2025:07:12:46 -0400] "GET /assets/inc/images/about-round-icon1.png HTTP/1.1" 200 2020 "https://gltechlimited.com/" "Mozilla/5.0 (X11; Linux x86_64) AppleWebKit/537.36 (KHTML, like Gecko) HeadlessChrome/125.0.6422.60 Safari/537.36"
34.122.147.229 - - [10/May/2025:07:12:46 -0400] "GET /assets/uploads/service-8.png HTTP/1.1" 200 2020 "https://gltechlimited.com/" "Mozilla/5.0 (X11; Linux x86_64) AppleWebKit/537.36 (KHTML, like Gecko) HeadlessChrome/125.0.6422.60 Safari/537.36"
34.122.147.229 - - [10/May/2025:07:12:46 -0400] "GET /assets/uploads/news-15.jpeg HTTP/1.1" 200 129192 "https://gltechlimited.com/" "Mozilla/5.0 (X11; Linux x86_64) AppleWebKit/537.36 (KHTML, like Gecko) HeadlessChrome/125.0.6422.60 Safari/537.36"
34.122.147.229 - - [10/May/2025:07:12:46 -0400] "GET /assets/inc/js/owl.carousel.js HTTP/1.1" 304 0 "https://gltechlimited.com/" "Mozilla/5.0 (X11; Linux x86_64) AppleWebKit/537.36 (KHTML, like Gecko) HeadlessChrome/125.0.6422.60 Safari/537.36"
34.122.147.229 - - [10/May/2025:07:12:46 -0400] "GET /assets/inc/js/jquery-3.6.0.min.js HTTP/1.1" 304 0 "https://gltechlimited.com/" "Mozilla/5.0 (X11; Linux x86_64) AppleWebKit/537.36 (KHTML, like Gecko) HeadlessChrome/125.0.6422.60 Safari/537.36"
34.122.147.229 - - [10/May/2025:07:12:46 -0400] "GET /assets/inc/images/cyber-security-right-img.png HTTP/1.1" 200 320861 "https://gltechlimited.com/" "Mozilla/5.0 (X11; Linux x86_64) AppleWebKit/537.36 (KHTML, like Gecko) HeadlessChrome/125.0.6422.60 Safari/537.36"
34.122.147.229 - - [10/May/2025:07:12:46 -0400] "GET /assets/uploads/testimonial-2.png HTTP/1.1" 200 9251 "https://gltechlimited.com/" "Mozilla/5.0 (X11; Linux x86_64) AppleWebKit/537.36 (KHTML, like Gecko) HeadlessChrome/125.0.6422.60 Safari/537.36"
34.122.147.229 - - [10/May/2025:07:12:46 -0400] "GET /assets/uploads/partner-5.png HTTP/1.1" 200 3592 "https://gltechlimited.com/" "Mozilla/5.0 (X11; Linux x86_64) AppleWebKit/537.36 (KHTML, like Gecko) HeadlessChrome/125.0.6422.60 Safari/537.36"
34.122.147.229 - - [10/May/2025:07:12:46 -0400] "GET /assets/inc/images/cyber-security-left-img.png HTTP/1.1" 200 303088 "https://gltechlimited.com/" "Mozilla/5.0 (X11; Linux x86_64) AppleWebKit/537.36 (KHTML, like Gecko) HeadlessChrome/125.0.6422.60 Safari/537.36"
34.122.147.229 - - [10/May/2025:07:12:46 -0400] "GET /assets/images/about-section2-left-img.png HTTP/1.1" 404 1251 "https://gltechlimited.com/" "Mozilla/5.0 (X11; Linux x86_64) AppleWebKit/537.36 (KHTML, like Gecko) HeadlessChrome/125.0.6422.60 Safari/537.36"
34.122.147.229 - - [10/May/2025:07:12:46 -0400] "GET /assets/uploads/service-5.png HTTP/1.1" 200 1661 "https://gltechlimited.com/" "Mozilla/5.0 (X11; Linux x86_64) AppleWebKit/537.36 (KHTML, like Gecko) HeadlessChrome/125.0.6422.60 Safari/537.36"
34.122.147.229 - - [10/May/2025:07:12:46 -0400] "GET /assets/uploads/news-16.jpg HTTP/1.1" 404 1251 "https://gltechlimited.com/" "Mozilla/5.0 (X11; Linux x86_64) AppleWebKit/537.36 (KHTML, like Gecko) HeadlessChrome/125.0.6422.60 Safari/537.36"
43.152.72.247 - - [10/May/2025:07:16:13 -0400] "GET / HTTP/1.1" 200 9266 "http://www.gltechlimited.com" "Mozilla/5.0 (iPhone; CPU iPhone OS 13_2_3 like Mac OS X) AppleWebKit/605.1.15 (KHTML, like Gecko) Version/13.0.3 Mobile/15E148 Safari/604.1"
34.72.176.129 - - [10/May/2025:07:17:42 -0400] "GET / HTTP/1.1" 200 9266 "-" "Mozilla/5.0 (X11; Linux x86_64) AppleWebKit/537.36 (KHTML, like Gecko) HeadlessChrome/125.0.6422.60 Safari/537.36"
34.72.176.129 - - [10/May/2025:07:17:43 -0400] "GET /assets/uploads/news-16.jpg HTTP/1.1" 404 1251 "https://gltechlimited.com/" "Mozilla/5.0 (X11; Linux x86_64) AppleWebKit/537.36 (KHTML, like Gecko) HeadlessChrome/125.0.6422.60 Safari/537.36"
34.72.176.129 - - [10/May/2025:07:17:43 -0400] "GET /assets/images/about-section2-left-img.png HTTP/1.1" 404 1251 "https://gltechlimited.com/" "Mozilla/5.0 (X11; Linux x86_64) AppleWebKit/537.36 (KHTML, like Gecko) HeadlessChrome/125.0.6422.60 Safari/537.36"
205.169.39.28 - - [10/May/2025:07:17:44 -0400] "GET / HTTP/1.1" 200 9266 "-" "Mozilla/5.0 (Windows NT 10.0; Win64; x64) AppleWebKit/537.36 (KHTML, like Gecko) Chrome/117.0.5938.132 Safari/537.36"
205.169.39.28 - - [10/May/2025:07:17:44 -0400] "GET /assets/images/about-section2-left-img.png HTTP/1.1" 404 1251 "https://gltechlimited.com/" "Mozilla/5.0 (Windows NT 10.0; Win64; x64) AppleWebKit/537.36 (KHTML, like Gecko) Chrome/117.0.5938.132 Safari/537.36"
205.169.39.28 - - [10/May/2025:07:17:44 -0400] "GET /assets/uploads/news-16.jpg HTTP/1.1" 404 1251 "https://gltechlimited.com/" "Mozilla/5.0 (Windows NT 10.0; Win64; x64) AppleWebKit/537.36 (KHTML, like Gecko) Chrome/117.0.5938.132 Safari/537.36"
51.222.253.12 - - [10/May/2025:07:17:59 -0400] "GET /677299596.html HTTP/1.1" 404 1251 "-" "Mozilla/5.0 (compatible; AhrefsBot/7.0; +http://ahrefs.com/robot/)"
51.222.253.18 - - [10/May/2025:07:25:48 -0400] "GET /689881164.html HTTP/1.1" 404 1251 "-" "Mozilla/5.0 (compatible; AhrefsBot/7.0; +http://ahrefs.com/robot/)"
51.222.253.14 - - [10/May/2025:07:32:57 -0400] "GET /691113228.html HTTP/1.1" 404 1251 "-" "Mozilla/5.0 (compatible; AhrefsBot/7.0; +http://ahrefs.com/robot/)"
18.213.70.100 - - [10/May/2025:07:38:28 -0400] "GET /robots.txt HTTP/1.1" 304 0 "-" "Mozilla/5.0 AppleWebKit/537.36 (KHTML, like Gecko; compatible; Amazonbot/0.1; +https://developer.amazon.com/support/amazonbot) Chrome/119.0.6045.214 Safari/537.36"
51.222.253.7 - - [10/May/2025:07:39:17 -0400] "GET /695623596.html HTTP/1.1" 404 1251 "-" "Mozilla/5.0 (compatible; AhrefsBot/7.0; +http://ahrefs.com/robot/)"
51.222.253.2 - - [10/May/2025:07:44:45 -0400] "GET /700538028.html HTTP/1.1" 404 1251 "-" "Mozilla/5.0 (compatible; AhrefsBot/7.0; +http://ahrefs.com/robot/)"
51.222.253.7 - - [10/May/2025:07:51:17 -0400] "GET /741360012.html HTTP/1.1" 404 1251 "-" "Mozilla/5.0 (compatible; AhrefsBot/7.0; +http://ahrefs.com/robot/)"
35.91.171.91 - - [10/May/2025:07:51:32 -0400] "GET / HTTP/1.1" 200 9266 "http://gltechlimited.com" "Mozilla/5.0 (Linux; Android 8.0.0; SM-G965U Build/R16NW) AppleWebKit/537.36 (KHTML, like Gecko) Chrome/63.0.3239.111 Mobile Safari/537.36"
35.91.171.91 - - [10/May/2025:07:51:32 -0400] "GET / HTTP/1.1" 200 9266 "http://gltechlimited.com" "Mozilla/5.0 (Windows NT 10.0; Win64; x64) AppleWebKit/537.36 (KHTML, like Gecko) Chrome/70.0.3538.102 Safari/537.36 Edge/18.19582"
193.203.184.87 - - [10/May/2025:07:52:30 -0400] "GET /.well-known/hostinger-challenge/770ZctRCPD HTTP/1.1" 404 1251 "-" "-"
2a02:4780:11:1508:0:236a:283d:1 - - [10/May/2025:07:52:43 -0400] "POST /wp-cron.php?doing_wp_cron=1746877963.6706790924072265625000 HTTP/1.1" 404 1251 "-" "WordPress/6.7.2; https://gltechlimited.com"
193.29.15.252 - - [10/May/2025:07:54:59 -0400] "GET / HTTP/1.1" 200 9266 "-" "Mozilla/5.0 zgrab/0.x"
51.222.253.19 - - [10/May/2025:07:59:50 -0400] "GET /742435116.html HTTP/1.1" 404 1251 "-" "Mozilla/5.0 (compatible; AhrefsBot/7.0; +http://ahrefs.com/robot/)"
